CRAN Package Check Results for Package Kmisc

Last updated on 2015-05-25 16:47:14.

Flavor Version Tinstall Tcheck Ttotal Status Flags
r-devel-linux-x86_64-debian-clang 0.5.0 14.87 35.93 50.80 OK
r-devel-linux-x86_64-debian-gcc 0.5.0 16.64 35.48 52.12 OK
r-devel-linux-x86_64-fedora-clang 0.5.0 105.36 OK
r-devel-linux-x86_64-fedora-gcc 0.5.0 100.46 OK
r-devel-osx-x86_64-clang 0.5.0 85.05 OK
r-devel-windows-ix86+x86_64 0.5.0 53.00 87.00 140.00 OK
r-patched-linux-x86_64 0.5.0 16.69 35.20 51.89 OK
r-patched-solaris-sparc 0.5.0 563.80 NOTE --no-vignettes
r-patched-solaris-x86 0.5.0 109.80 OK --no-vignettes
r-release-linux-x86_64 0.5.0 16.54 35.28 51.81 OK
r-release-osx-x86_64-mavericks 0.5.0 OK
r-release-osx-x86_64-snowleopard 0.5.0 ERROR
r-release-windows-ix86+x86_64 0.5.0 55.00 81.00 136.00 OK
r-oldrel-windows-ix86+x86_64 0.5.0 50.00 105.00 155.00 OK

Check Details

Version: 0.5.0
Flags: --no-vignettes
Check: package dependencies
Result: NOTE
    Package suggested but not available for checking: ‘microbenchmark’
Flavor: r-patched-solaris-sparc

Version: 0.5.0
Check: package dependencies
Result: ERROR
    Package required but not available: ‘knitr’
    
    Packages suggested but not available for checking:
     ‘ggplot2’ ‘microbenchmark’
    
    VignetteBuilder package required for checking but not installed: ‘knitr’
    
    See section ‘The DESCRIPTION file’ in the ‘Writing R Extensions’
    manual.
Flavor: r-release-osx-x86_64-snowleopard