CRAN Package Check Results for Package Kmisc

Last updated on 2015-01-30 14:48:51.

Flavor Version Tinstall Tcheck Ttotal Status Flags
r-devel-linux-x86_64-debian-clang 0.5.0 14.09 43.53 57.62 OK
r-devel-linux-x86_64-debian-gcc 0.5.0 17.98 44.68 62.66 OK
r-devel-linux-x86_64-fedora-clang 0.5.0 131.93 OK
r-devel-linux-x86_64-fedora-gcc 0.5.0 119.43 OK
r-devel-osx-x86_64-clang 0.5.0 112.76 OK
r-devel-windows-ix86+x86_64 0.5.0 69.00 98.00 167.00 OK
r-patched-linux-x86_64 0.5.0 18.04 51.73 69.76 OK
r-patched-solaris-sparc 0.5.0 646.10 NOTE --no-vignettes
r-patched-solaris-x86 0.5.0 128.60 OK --no-vignettes
r-release-linux-ix86 0.5.0 20.62 65.90 86.52 OK
r-release-linux-x86_64 0.5.0 17.79 51.80 69.59 OK
r-release-osx-x86_64-mavericks 0.5.0 OK
r-release-osx-x86_64-snowleopard 0.5.0 OK
r-release-windows-ix86+x86_64 0.5.0 50.00 116.00 166.00 OK
r-oldrel-windows-ix86+x86_64 0.5.0 55.00 130.00 185.00 OK

Check Details

Version: 0.5.0
Flags: --no-vignettes
Check: package dependencies
Result: NOTE
    Package suggested but not available for checking: ‘microbenchmark’
Flavor: r-patched-solaris-sparc