CRAN Package Check Results for Package Kmisc

Last updated on 2015-04-19 23:49:17.

Flavor Version Tinstall Tcheck Ttotal Status Flags
r-devel-linux-x86_64-debian-clang 0.5.0 15.13 44.46 59.59 OK
r-devel-linux-x86_64-debian-gcc 0.5.0 16.70 44.48 61.18 OK
r-devel-linux-x86_64-fedora-clang 0.5.0 122.51 OK
r-devel-linux-x86_64-fedora-gcc 0.5.0 127.65 OK
r-devel-osx-x86_64-clang 0.5.0 105.11 OK
r-devel-windows-ix86+x86_64 0.5.0 66.00 127.00 193.00 OK
r-patched-linux-x86_64 0.5.0 16.60 43.36 59.95 OK
r-patched-solaris-sparc 0.5.0 454.90 NOTE --no-vignettes
r-patched-solaris-x86 0.5.0 107.30 OK --no-vignettes
r-release-linux-x86_64 0.5.0 18.43 43.90 62.34 OK
r-release-osx-x86_64-mavericks 0.5.0 OK
r-release-osx-x86_64-snowleopard 0.5.0 ERROR
r-release-windows-ix86+x86_64 0.5.0 41.00 91.00 132.00 OK
r-oldrel-windows-ix86+x86_64 0.5.0 44.00 110.00 154.00 OK

Check Details

Version: 0.5.0
Flags: --no-vignettes
Check: package dependencies
Result: NOTE
    Package suggested but not available for checking: ‘microbenchmark’
Flavor: r-patched-solaris-sparc

Version: 0.5.0
Check: package dependencies
Result: ERROR
    Package required but not available: ‘knitr’
    
    Packages suggested but not available for checking:
     ‘ggplot2’ ‘microbenchmark’
    
    VignetteBuilder package required for checking but installed: ‘knitr’
    
    See section ‘The DESCRIPTION file’ in the ‘Writing R Extensions’
    manual.
Flavor: r-release-osx-x86_64-snowleopard