CRAN Package Check Results for Package Kmisc

Last updated on 2014-04-24 23:48:05.

Flavor Version Tinstall Tcheck Ttotal Status Flags
r-devel-linux-x86_64-debian-clang 0.5.0 15.12 51.94 67.06 OK
r-devel-linux-x86_64-debian-gcc 0.5.0 17.34 52.71 70.05 OK
r-devel-linux-x86_64-fedora-clang 0.5.0 132.99 OK
r-devel-linux-x86_64-fedora-gcc 0.5.0 132.41 OK
r-devel-osx-x86_64-clang 0.5.0 113.18 OK
r-devel-osx-x86_64-gcc 0.5.0 ERROR
r-devel-windows-ix86+x86_64 0.5.0 49.00 106.00 155.00 OK
r-patched-linux-x86_64 0.5.0 17.34 53.59 70.93 OK
r-patched-solaris-sparc 0.5.0 560.90 ERROR
r-patched-solaris-x86 0.5.0 130.70 ERROR
r-release-linux-ix86 0.5.0 25.00 95.00 120.00 OK
r-release-linux-x86_64 0.5.0 17.82 52.75 70.57 OK
r-release-osx-x86_64-mavericks 0.5.0 WARN
r-release-osx-x86_64-snowleopard 0.5.0 OK
r-release-windows-ix86+x86_64 0.5.0 51.00 105.00 156.00 OK
r-oldrel-windows-ix86+x86_64 0.5.0 53.00 119.00 172.00 OK

Check Details

Version: 0.5.0
Check: package dependencies
Result: ERROR
    Package required but not available: ‘knitr’
    
    Packages suggested but not available for checking:
     ‘ggplot2’ ‘microbenchmark’
    
    See the information on DESCRIPTION files in the chapter ‘Creating R
    packages’ of the ‘Writing R Extensions’ manual.
Flavor: r-devel-osx-x86_64-gcc

Version: 0.5.0
Check: running R code from vignettes
Result: ERROR
    Errors in running code in vignettes:
    when running code in ‘Kmisc-intro.Rmd’
     ...
    > with(dat, tapply(y, x, mean))
     a b c d e
    0.3927501 0.1372385 0.1822447 0.2424811 0.4268903
    
    > microbenchmark(Kmisc = with(dat, tMean(y, x)), R = with(dat,
    + tapply(y, x, mean)), times = 5)
    
     When sourcing ‘Kmisc-intro.R’:
    Error: Overhead estimation failed. No overhead could be observed or the observed overhead was maximally large.
    Execution halted
Flavor: r-patched-solaris-sparc

Version: 0.5.0
Check: running R code from vignettes
Result: ERROR
    Errors in running code in vignettes:
    when running code in ‘Kmisc-intro.Rmd’
     ...
    
    > lets <- sample(letters, 1e+06, TRUE)
    
    > stopifnot(identical(factor_(lets), factor(lets)))
    
    > microbenchmark(times = 5, factor_(lets), factor(lets))
    
     When sourcing ‘Kmisc-intro.R’:
    Error: Measured negative execution time! Please investigate and/or contact the package author.
    Execution halted
Flavor: r-patched-solaris-x86

Version: 0.5.0
Check: PDF version of manual
Result: WARNING
    LaTeX errors when creating PDF version.
    This typically indicates Rd problems.
    LaTeX errors found:
    ! LaTeX Error: File `upquote.sty' not found.
    
    Type X to quit or <RETURN> to proceed,
    or enter new name. (Default extension: sty)
    
    bd7c80a/Rd2.tex:8: ==> Fatal error occurred, no output PDF file produced!
Flavor: r-release-osx-x86_64-mavericks