CRAN Package Check Results for Package Kmisc

Last updated on 2014-10-31 11:47:25.

Flavor Version Tinstall Tcheck Ttotal Status Flags
r-devel-linux-x86_64-debian-clang 0.5.0 14.90 49.58 64.48 OK
r-devel-linux-x86_64-debian-gcc 0.5.0 17.21 49.69 66.90 OK
r-devel-linux-x86_64-fedora-clang 0.5.0 138.93 OK
r-devel-linux-x86_64-fedora-gcc 0.5.0 128.85 OK
r-devel-osx-x86_64-clang 0.5.0 111.03 OK
r-devel-windows-ix86+x86_64 0.5.0 45.00 103.00 148.00 OK
r-patched-linux-x86_64 0.5.0 17.62 51.73 69.34 OK
r-patched-solaris-sparc 0.5.0 525.00 NOTE --no-vignettes
r-patched-solaris-x86 0.5.0 124.70 OK --no-vignettes
r-release-linux-ix86 0.5.0 21.85 70.63 92.48 OK
r-release-linux-x86_64 0.5.0 18.68 53.04 71.72 OK
r-release-osx-x86_64-mavericks 0.5.0 OK
r-release-osx-x86_64-snowleopard 0.5.0 OK
r-release-windows-ix86+x86_64 0.5.0 50.00 114.00 164.00 OK
r-oldrel-windows-ix86+x86_64 0.5.0 53.00 120.00 173.00 OK

Check Details

Version: 0.5.0
Flags: --no-vignettes
Check: package dependencies
Result: NOTE
    Package suggested but not available for checking: ‘microbenchmark’
Flavor: r-patched-solaris-sparc