CRAN Package Check Results for Package Kmisc

Last updated on 2014-11-28 19:51:20.

Flavor Version Tinstall Tcheck Ttotal Status Flags
r-devel-linux-x86_64-debian-clang 0.5.0 14.54 50.35 64.90 OK
r-devel-linux-x86_64-debian-gcc 0.5.0 16.86 50.29 67.15 OK
r-devel-linux-x86_64-fedora-clang 0.5.0 143.31 OK
r-devel-linux-x86_64-fedora-gcc 0.5.0 130.41 OK
r-devel-osx-x86_64-clang 0.5.0 114.23 OK
r-devel-windows-ix86+x86_64 0.5.0 46.00 104.00 150.00 OK
r-patched-linux-x86_64 0.5.0 17.56 51.61 69.17 OK
r-patched-solaris-sparc 0.5.0 525.00 NOTE --no-vignettes
r-patched-solaris-x86 0.5.0 125.20 OK --no-vignettes
r-release-linux-ix86 0.5.0 20.48 66.70 87.19 OK
r-release-linux-x86_64 0.5.0 17.92 52.01 69.92 OK
r-release-osx-x86_64-mavericks 0.5.0 OK
r-release-osx-x86_64-snowleopard 0.5.0 OK
r-release-windows-ix86+x86_64 0.5.0 56.00 109.00 165.00 OK
r-oldrel-windows-ix86+x86_64 0.5.0 51.00 115.00 166.00 OK

Check Details

Version: 0.5.0
Flags: --no-vignettes
Check: package dependencies
Result: NOTE
    Package suggested but not available for checking: ‘microbenchmark’
Flavor: r-patched-solaris-sparc