CRAN Package Check Results for Package Kmisc

Last updated on 2014-08-29 21:47:41.

Flavor Version Tinstall Tcheck Ttotal Status Flags
r-devel-linux-x86_64-debian-clang 0.5.0 14.38 47.74 62.12 OK
r-devel-linux-x86_64-debian-gcc 0.5.0 17.42 51.14 68.56 OK
r-devel-linux-x86_64-fedora-clang 0.5.0 132.36 OK
r-devel-linux-x86_64-fedora-gcc 0.5.0 127.02 OK
r-devel-osx-x86_64-clang 0.5.0 111.04 OK
r-devel-windows-ix86+x86_64 0.5.0 51.00 114.00 165.00 OK
r-patched-linux-x86_64 0.5.0 17.84 51.90 69.74 OK
r-patched-solaris-sparc 0.5.0 525.00 NOTE --no-vignettes
r-patched-solaris-x86 0.5.0 127.60 NOTE --no-vignettes
r-release-linux-ix86 0.5.0 21.37 68.01 89.38 OK
r-release-linux-x86_64 0.5.0 17.62 51.35 68.96 OK
r-release-osx-x86_64-mavericks 0.5.0 OK
r-release-osx-x86_64-snowleopard 0.5.0 OK
r-release-windows-ix86+x86_64 0.5.0 47.00 117.00 164.00 OK
r-oldrel-windows-ix86+x86_64 0.5.0 49.00 120.00 169.00 OK

Check Details

Version: 0.5.0
Flags: --no-vignettes
Check: package dependencies
Result: NOTE
    Package suggested but not available for checking: ‘microbenchmark’
Flavors: r-patched-solaris-sparc, r-patched-solaris-x86