CRAN Package Check Results for Package Kmisc

Last updated on 2016-06-26 22:47:48.

Flavor Version Tinstall Tcheck Ttotal Status Flags
r-devel-linux-x86_64-debian-gcc 0.5.0 19.85 38.36 58.20 NOTE
r-devel-linux-x86_64-fedora-clang 0.5.0 104.80 NOTE
r-devel-linux-x86_64-fedora-gcc 0.5.0 95.60 NOTE
r-devel-osx-x86_64-clang 0.5.0 80.64 NOTE
r-devel-windows-ix86+x86_64 0.5.0 51.00 84.00 135.00 NOTE
r-patched-linux-x86_64 0.5.0 16.50 37.32 53.82 NOTE
r-patched-solaris-sparc 0.5.0 443.00 NOTE --no-vignettes
r-patched-solaris-x86 0.5.0 93.20 NOTE --no-vignettes
r-release-linux-x86_64 0.5.0 17.43 36.69 54.12 NOTE
r-release-osx-x86_64-mavericks 0.5.0 NOTE
r-release-windows-ix86+x86_64 0.5.0 51.00 87.00 138.00 NOTE
r-oldrel-windows-ix86+x86_64 0.5.0 68.00 117.00 185.00 OK

Check Details

Version: 0.5.0
Check: R code for possible problems
Result: NOTE
    Rcpp_apply_generator: no visible global function definition for
     ‘packageVersion’
    Rcpp_tapply_generator: no visible global function definition for
     ‘packageVersion’
    anat: no visible global function definition for ‘capture.output’
    anatomy: no visible global function definition for ‘capture.output’
    bwplot2: no visible global function definition for ‘capture.output’
    gradient: no visible global function definition for ‘colorRampPalette’
    hImg: no visible global function definition for ‘par’
    hImg: no visible global function definition for ‘dev.off’
    hSvg: no visible global function definition for ‘svg’
    hSvg: no visible global function definition for ‘par’
    hSvg: no visible global function definition for ‘dev.off’
    kAnova: no visible global function definition for ‘anova’
    kCoef: no visible global function definition for ‘coef’
    kSave: no visible global function definition for ‘write.table’
    kmeans_plot: no visible global function definition for ‘kmeans’
    manhattan_plot: no visible global function definition for
     ‘complete.cases’
    par.reset: no visible global function definition for ‘par’
    pp_plot: no visible global function definition for ‘qbeta’
    pp_plot : <anonymous>: no visible global function definition for ‘rgb’
    rcpp_apply_generator: no visible global function definition for
     ‘packageVersion’
    rcpp_tapply_generator: no visible global function definition for
     ‘packageVersion’
    read.cb: no visible global function definition for ‘read.table’
    remove_na: no visible global function definition for ‘complete.cases’
    size: no visible global function definition for ‘object.size’
    write.cb: no visible global function definition for ‘write.table’
    Undefined global functions or variables:
     anova capture.output coef colorRampPalette complete.cases dev.off
     kmeans object.size packageVersion par qbeta read.table rgb svg
     write.table
    Consider adding
     importFrom("grDevices", "colorRampPalette", "dev.off", "rgb", "svg")
     importFrom("graphics", "par")
     importFrom("stats", "anova", "coef", "complete.cases", "kmeans",
     "qbeta")
     importFrom("utils", "capture.output", "object.size", "packageVersion",
     "read.table", "write.table")
    to your NAMESPACE file.
Flavors: r-devel-linux-x86_64-debian-gcc, r-devel-linux-x86_64-fedora-clang, r-devel-linux-x86_64-fedora-gcc, r-devel-osx-x86_64-clang, r-devel-windows-ix86+x86_64, r-patched-linux-x86_64, r-release-linux-x86_64, r-release-osx-x86_64-mavericks, r-release-windows-ix86+x86_64

Version: 0.5.0
Flags: --no-vignettes
Check: package dependencies
Result: NOTE
    Package suggested but not available for checking: ‘microbenchmark’
Flavors: r-patched-solaris-sparc, r-patched-solaris-x86

Version: 0.5.0
Flags: --no-vignettes
Check: installed package size
Result: NOTE
     installed size is 7.0Mb
     sub-directories of 1Mb or more:
     libs 5.1Mb
     resources 1.1Mb
Flavors: r-patched-solaris-sparc, r-patched-solaris-x86

Version: 0.5.0
Flags: --no-vignettes
Check: R code for possible problems
Result: NOTE
    Rcpp_apply_generator: no visible global function definition for
     ‘packageVersion’
    Rcpp_tapply_generator: no visible global function definition for
     ‘packageVersion’
    anat: no visible global function definition for ‘capture.output’
    anatomy: no visible global function definition for ‘capture.output’
    bwplot2: no visible global function definition for ‘capture.output’
    gradient: no visible global function definition for ‘colorRampPalette’
    hImg: no visible global function definition for ‘par’
    hImg: no visible global function definition for ‘dev.off’
    hSvg: no visible global function definition for ‘svg’
    hSvg: no visible global function definition for ‘par’
    hSvg: no visible global function definition for ‘dev.off’
    kAnova: no visible global function definition for ‘anova’
    kCoef: no visible global function definition for ‘coef’
    kSave: no visible global function definition for ‘write.table’
    kmeans_plot: no visible global function definition for ‘kmeans’
    manhattan_plot: no visible global function definition for
     ‘complete.cases’
    par.reset: no visible global function definition for ‘par’
    pp_plot: no visible global function definition for ‘qbeta’
    pp_plot : <anonymous>: no visible global function definition for ‘rgb’
    rcpp_apply_generator: no visible global function definition for
     ‘packageVersion’
    rcpp_tapply_generator: no visible global function definition for
     ‘packageVersion’
    read.cb: no visible global function definition for ‘read.table’
    remove_na: no visible global function definition for ‘complete.cases’
    size: no visible global function definition for ‘object.size’
    write.cb: no visible global function definition for ‘write.table’
    Undefined global functions or variables:
     anova capture.output coef colorRampPalette complete.cases dev.off
     kmeans object.size packageVersion par qbeta read.table rgb svg
     write.table
    Consider adding
     importFrom("grDevices", "colorRampPalette", "dev.off", "rgb", "svg")
     importFrom("graphics", "par")
     importFrom("stats", "anova", "coef", "complete.cases", "kmeans",
     "qbeta")
     importFrom("utils", "capture.output", "object.size", "packageVersion",
     "read.table", "write.table")
    to your NAMESPACE file.
Flavors: r-patched-solaris-sparc, r-patched-solaris-x86