CRAN Package Check Results for Package Kmisc

Last updated on 2014-12-21 21:47:23.

Flavor Version Tinstall Tcheck Ttotal Status Flags
r-devel-linux-x86_64-debian-clang 0.5.0 14.45 50.84 65.28 OK
r-devel-linux-x86_64-debian-gcc 0.5.0 17.80 49.26 67.06 OK
r-devel-linux-x86_64-fedora-clang 0.5.0 140.06 OK
r-devel-linux-x86_64-fedora-gcc 0.5.0 128.75 OK
r-devel-osx-x86_64-clang 0.5.0 113.55 OK
r-devel-windows-ix86+x86_64 0.5.0 47.00 110.00 157.00 OK
r-patched-linux-x86_64 0.5.0 18.36 52.98 71.35 OK
r-patched-solaris-sparc 0.5.0 525.00 NOTE --no-vignettes
r-patched-solaris-x86 0.5.0 125.80 OK --no-vignettes
r-release-linux-ix86 0.5.0 20.78 65.95 86.73 OK
r-release-linux-x86_64 0.5.0 17.93 51.97 69.90 OK
r-release-osx-x86_64-mavericks 0.5.0 OK
r-release-osx-x86_64-snowleopard 0.5.0 OK
r-release-windows-ix86+x86_64 0.5.0 52.00 117.00 169.00 OK
r-oldrel-windows-ix86+x86_64 0.5.0 52.00 127.00 179.00 OK

Check Details

Version: 0.5.0
Flags: --no-vignettes
Check: package dependencies
Result: NOTE
    Package suggested but not available for checking: ‘microbenchmark’
Flavor: r-patched-solaris-sparc