CRAN Package Check Results for Package Kmisc

Last updated on 2015-03-05 16:46:59.

Flavor Version Tinstall Tcheck Ttotal Status Flags
r-devel-linux-x86_64-debian-clang 0.5.0 13.99 43.59 57.58 OK
r-devel-linux-x86_64-debian-gcc 0.5.0 16.28 43.83 60.10 OK
r-devel-linux-x86_64-fedora-clang 0.5.0 123.43 OK
r-devel-linux-x86_64-fedora-gcc 0.5.0 112.07 OK
r-devel-osx-x86_64-clang 0.5.0 101.56 OK
r-devel-windows-ix86+x86_64 0.5.0 51.00 98.00 149.00 OK
r-patched-linux-x86_64 0.5.0 17.64 54.68 72.32 OK
r-patched-solaris-sparc 0.5.0 654.20 NOTE --no-vignettes
r-patched-solaris-x86 0.5.0 126.20 OK --no-vignettes
r-release-linux-ix86 0.5.0 27.17 69.25 96.42 OK
r-release-linux-x86_64 0.5.0 17.95 54.91 72.86 OK
r-release-osx-x86_64-mavericks 0.5.0 OK
r-release-osx-x86_64-snowleopard 0.5.0 OK
r-release-windows-ix86+x86_64 0.5.0 56.00 122.00 178.00 OK
r-oldrel-windows-ix86+x86_64 0.5.0 55.00 124.00 179.00 OK

Check Details

Version: 0.5.0
Flags: --no-vignettes
Check: package dependencies
Result: NOTE
    Package suggested but not available for checking: ‘microbenchmark’
Flavor: r-patched-solaris-sparc