CRAN Package Check Results for Package Kmisc

Last updated on 2014-09-19 06:46:42.

Flavor Version Tinstall Tcheck Ttotal Status Flags
r-devel-linux-x86_64-debian-clang 0.5.0 14.70 48.82 63.52 OK
r-devel-linux-x86_64-debian-gcc 0.5.0 16.85 48.68 65.53 OK
r-devel-linux-x86_64-fedora-clang 0.5.0 136.65 OK
r-devel-linux-x86_64-fedora-gcc 0.5.0 114.75 OK
r-devel-osx-x86_64-clang 0.5.0 112.03 OK
r-devel-windows-ix86+x86_64 0.5.0 50.00 112.00 162.00 OK
r-patched-linux-x86_64 0.5.0 17.69 51.23 68.92 OK
r-patched-solaris-sparc 0.5.0 525.00 NOTE --no-vignettes
r-patched-solaris-x86 0.5.0 124.10 NOTE --no-vignettes
r-release-linux-ix86 0.5.0 21.55 68.24 89.80 OK
r-release-linux-x86_64 0.5.0 17.40 51.50 68.90 OK
r-release-osx-x86_64-mavericks 0.5.0 OK
r-release-osx-x86_64-snowleopard 0.5.0 OK
r-release-windows-ix86+x86_64 0.5.0 53.00 115.00 168.00 OK
r-oldrel-windows-ix86+x86_64 0.5.0 46.00 122.00 168.00 OK

Check Details

Version: 0.5.0
Flags: --no-vignettes
Check: package dependencies
Result: NOTE
    Package suggested but not available for checking: ‘microbenchmark’
Flavors: r-patched-solaris-sparc, r-patched-solaris-x86