CRAN Package Check Results for Package KoNLP

Last updated on 2017-04-29 08:48:55.

Flavor Version Tinstall Tcheck Ttotal Status Flags
r-devel-linux-x86_64-debian-clang 0.80.1 3.76 41.30 45.05 OK
r-devel-linux-x86_64-debian-gcc 0.80.1 3.57 37.58 41.15 OK
r-devel-linux-x86_64-fedora-clang 0.80.1 75.09 NOTE --no-stop-on-test-error
r-devel-linux-x86_64-fedora-gcc 0.80.1 73.23 NOTE --no-stop-on-test-error
r-devel-windows-ix86+x86_64 0.80.1 13.00 100.00 113.00 NOTE
r-patched-linux-x86_64 0.80.1 3.76 37.27 41.03 OK
r-patched-solaris-sparc 0.80.1 469.60 NOTE
r-patched-solaris-x86 0.80.1 96.00 NOTE
r-release-linux-x86_64 0.80.1 3.56 39.02 42.58 OK
r-release-windows-ix86+x86_64 0.80.1 13.00 102.00 115.00 NOTE
r-release-osx-x86_64 0.80.1 NOTE
r-oldrel-windows-ix86+x86_64 0.80.1 14.00 89.00 103.00 NOTE
r-oldrel-osx-x86_64 0.80.1 NOTE

Check Details

Version: 0.80.1
Flags: --no-stop-on-test-error
Check: installed package size
Result: NOTE
     installed size is 6.4Mb
     sub-directories of 1Mb or more:
     java 6.0Mb
Flavors: r-devel-linux-x86_64-fedora-clang, r-devel-linux-x86_64-fedora-gcc

Version: 0.80.1
Check: installed package size
Result: NOTE
     installed size is 6.4Mb
     sub-directories of 1Mb or more:
     java 6.0Mb
Flavors: r-devel-windows-ix86+x86_64, r-patched-solaris-sparc, r-patched-solaris-x86, r-release-windows-ix86+x86_64, r-release-osx-x86_64, r-oldrel-windows-ix86+x86_64, r-oldrel-osx-x86_64