CRAN Package Check Results for Package KoNLP

Last updated on 2018-04-26 10:47:09 CEST.

Flavor Version Tinstall Tcheck Ttotal Status Flags
r-devel-linux-x86_64-debian-clang 0.80.1 5.24 54.17 59.41 OK
r-devel-linux-x86_64-debian-gcc 0.80.1 4.13 47.18 51.31 OK
r-devel-linux-x86_64-fedora-clang 0.80.1 76.06 NOTE
r-devel-linux-x86_64-fedora-gcc 0.80.1 77.64 NOTE
r-devel-windows-ix86+x86_64 0.80.1 12.00 69.00 81.00 NOTE
r-patched-linux-x86_64 0.80.1 3.85 60.38 64.23 NOTE
r-patched-solaris-x86 0.80.1 104.90 NOTE
r-release-linux-x86_64 0.80.1 5.12 59.98 65.10 NOTE
r-release-windows-ix86+x86_64 0.80.1 12.00 69.00 81.00 NOTE
r-release-osx-x86_64 0.80.1 NOTE
r-oldrel-windows-ix86+x86_64 0.80.1 10.00 74.00 84.00 NOTE
r-oldrel-osx-x86_64 0.80.1 NOTE

Check Details

Version: 0.80.1
Check: installed package size
Result: NOTE
     installed size is 6.5Mb
     sub-directories of 1Mb or more:
     java 6.0Mb
Flavors: r-devel-linux-x86_64-fedora-clang, r-devel-linux-x86_64-fedora-gcc, r-devel-windows-ix86+x86_64, r-patched-solaris-x86, r-release-windows-ix86+x86_64, r-release-osx-x86_64, r-oldrel-windows-ix86+x86_64, r-oldrel-osx-x86_64

Version: 0.80.1
Check: DESCRIPTION meta-information
Result: NOTE
    Dependence on R version ‘3.3.1’ not with patchlevel 0
Flavors: r-patched-linux-x86_64, r-release-linux-x86_64