CRAN Package Check Results for Package KoNLP

Last updated on 2015-05-27 19:47:11.

Flavor Version Tinstall Tcheck Ttotal Status Flags
r-devel-linux-x86_64-debian-clang 0.76.9 1.82 21.27 23.09 NOTE
r-devel-linux-x86_64-debian-gcc 0.76.9 1.53 20.36 21.88 NOTE
r-devel-linux-x86_64-fedora-clang 0.76.9 44.61 NOTE
r-devel-linux-x86_64-fedora-gcc 0.76.9 41.87 NOTE
r-devel-osx-x86_64-clang 0.76.9 44.27 NOTE
r-devel-windows-ix86+x86_64 0.76.9 6.00 37.00 43.00 NOTE
r-patched-linux-x86_64 0.76.9 1.49 20.16 21.64 NOTE
r-patched-solaris-sparc 0.76.9 287.50 NOTE
r-patched-solaris-x86 0.76.9 73.90 NOTE
r-release-linux-x86_64 0.76.9 1.62 20.44 22.06 NOTE
r-release-osx-x86_64-mavericks 0.76.9 NOTE
r-release-osx-x86_64-snowleopard 0.76.9 NOTE
r-release-windows-ix86+x86_64 0.76.9 6.00 36.00 42.00 NOTE
r-oldrel-windows-ix86+x86_64 0.76.9 8.00 45.00 53.00 NOTE

Check Details

Version: 0.76.9
Check: dependencies in R code
Result: NOTE
    Package in Depends field not imported from: ‘Sejong’
     These packages need to be imported from (in the NAMESPACE file)
     for when this namespace is loaded but not attached.
    ':::' call which should be '::': ‘rJava:::.jniInitialized’
     See the note in ?`:::` about the use of this operator.
    There are ::: calls to the package's namespace in its code. A package
     almost never needs to use ::: for its own objects:
     ‘.KoNLPEnv’
Flavors: r-devel-linux-x86_64-debian-clang, r-devel-linux-x86_64-debian-gcc, r-devel-linux-x86_64-fedora-clang, r-devel-linux-x86_64-fedora-gcc, r-devel-osx-x86_64-clang, r-devel-windows-ix86+x86_64, r-patched-linux-x86_64, r-patched-solaris-sparc, r-patched-solaris-x86, r-release-linux-x86_64, r-release-osx-x86_64-mavericks, r-release-osx-x86_64-snowleopard, r-release-windows-ix86+x86_64, r-oldrel-windows-ix86+x86_64