CRAN Package Check Results for Package KoNLP

Last updated on 2017-08-20 15:48:45.

Flavor Version Tinstall Tcheck Ttotal Status Flags
r-devel-linux-x86_64-debian-clang 0.80.1 3.52 43.22 46.74 OK
r-devel-linux-x86_64-debian-gcc 0.80.1 3.54 40.18 43.72 OK
r-devel-linux-x86_64-fedora-clang 0.80.1 79.95 NOTE
r-devel-linux-x86_64-fedora-gcc 0.80.1 82.51 NOTE
r-devel-windows-ix86+x86_64 0.80.1 10.00 73.00 83.00 NOTE
r-patched-linux-x86_64 0.80.1 3.57 39.30 42.87 OK
r-patched-solaris-x86 0.80.1 104.80 NOTE
r-release-linux-x86_64 0.80.1 3.48 39.93 43.41 OK
r-release-windows-ix86+x86_64 0.80.1 13.00 73.00 86.00 NOTE
r-release-osx-x86_64 0.80.1 NOTE
r-oldrel-windows-ix86+x86_64 0.80.1 10.00 62.00 72.00 NOTE
r-oldrel-osx-x86_64 0.80.1 NOTE

Check Details

Version: 0.80.1
Check: installed package size
Result: NOTE
     installed size is 6.4Mb
     sub-directories of 1Mb or more:
     java 6.0Mb
Flavors: r-devel-linux-x86_64-fedora-clang, r-devel-linux-x86_64-fedora-gcc, r-devel-windows-ix86+x86_64, r-patched-solaris-x86, r-release-windows-ix86+x86_64, r-release-osx-x86_64, r-oldrel-windows-ix86+x86_64, r-oldrel-osx-x86_64