CRAN Package Check Results for Package KoNLP

Last updated on 2018-06-20 06:46:50 CEST.

Flavor Version Tinstall Tcheck Ttotal Status Flags
r-devel-linux-x86_64-debian-clang 0.80.1 5.96 69.97 75.93 OK
r-devel-linux-x86_64-debian-gcc 0.80.1 4.39 54.37 58.76 OK
r-devel-linux-x86_64-fedora-clang 0.80.1 83.37 NOTE
r-devel-linux-x86_64-fedora-gcc 0.80.1 80.06 OK
r-devel-windows-ix86+x86_64 0.80.1 15.00 101.00 116.00 NOTE
r-patched-linux-x86_64 0.80.1 5.69 61.83 67.52 NOTE
r-patched-solaris-x86 0.80.1 102.90 NOTE
r-release-linux-x86_64 0.80.1 5.22 60.64 65.86 NOTE
r-release-windows-ix86+x86_64 0.80.1 10.00 73.00 83.00 NOTE
r-release-osx-x86_64 0.80.1 NOTE
r-oldrel-windows-ix86+x86_64 0.80.1 14.00 73.00 87.00 NOTE
r-oldrel-osx-x86_64 0.80.1 NOTE

Check Details

Version: 0.80.1
Check: installed package size
Result: NOTE
     installed size is 6.5Mb
     sub-directories of 1Mb or more:
     java 6.0Mb
Flavors: r-devel-linux-x86_64-fedora-clang, r-devel-windows-ix86+x86_64, r-patched-solaris-x86, r-release-windows-ix86+x86_64, r-release-osx-x86_64, r-oldrel-windows-ix86+x86_64, r-oldrel-osx-x86_64

Version: 0.80.1
Check: DESCRIPTION meta-information
Result: NOTE
    Dependence on R version ‘3.3.1’ not with patchlevel 0
Flavors: r-patched-linux-x86_64, r-release-linux-x86_64