CRAN Package Check Results for Package KoNLP

Last updated on 2015-07-04 16:46:28.

Flavor Version Tinstall Tcheck Ttotal Status Flags
r-devel-linux-x86_64-debian-clang 0.76.9 1.84 20.71 22.55 NOTE
r-devel-linux-x86_64-debian-gcc 0.76.9 1.56 19.91 21.48 NOTE
r-devel-linux-x86_64-fedora-clang 0.76.9 43.85 NOTE
r-devel-linux-x86_64-fedora-gcc 0.76.9 40.82 NOTE
r-devel-osx-x86_64-clang 0.76.9 42.43 NOTE
r-devel-windows-ix86+x86_64 0.76.9 8.00 31.00 39.00 NOTE
r-patched-linux-x86_64 0.76.9 1.48 20.48 21.97 NOTE
r-patched-solaris-sparc 0.76.9 287.50 NOTE
r-patched-solaris-x86 0.76.9 72.90 NOTE
r-release-linux-x86_64 0.76.9 1.52 20.31 21.83 NOTE
r-release-osx-x86_64-mavericks 0.76.9 NOTE
r-release-windows-ix86+x86_64 0.76.9 8.00 32.00 40.00 NOTE
r-oldrel-windows-ix86+x86_64 0.76.9 8.00 43.00 51.00 NOTE

Check Details

Version: 0.76.9
Check: dependencies in R code
Result: NOTE
    Package in Depends field not imported from: ‘Sejong’
     These packages need to be imported from (in the NAMESPACE file)
     for when this namespace is loaded but not attached.
    ':::' call which should be '::': ‘rJava:::.jniInitialized’
     See the note in ?`:::` about the use of this operator.
    There are ::: calls to the package's namespace in its code. A package
     almost never needs to use ::: for its own objects:
     ‘.KoNLPEnv’
Flavors: r-devel-linux-x86_64-debian-clang, r-devel-linux-x86_64-debian-gcc, r-devel-linux-x86_64-fedora-clang, r-devel-linux-x86_64-fedora-gcc, r-devel-osx-x86_64-clang, r-devel-windows-ix86+x86_64, r-patched-linux-x86_64, r-patched-solaris-sparc, r-patched-solaris-x86, r-release-linux-x86_64, r-release-osx-x86_64-mavericks, r-release-windows-ix86+x86_64, r-oldrel-windows-ix86+x86_64

Version: 0.76.9
Check: R code for possible problems
Result: NOTE
    .onAttach: no visible global function definition for ‘write.table’
    .onAttach: no visible global function definition for ‘localeToCharset’
    is.utf8: no visible global function definition for ‘localeToCharset’
    mergeUserDic: no visible global function definition for ‘read.table’
    mergeUserDic: no visible global function definition for
     ‘localeToCharset’
    mergeUserDic: no visible global function definition for ‘write.table’
    statDic: no visible global function definition for ‘read.table’
    statDic: no visible global function definition for ‘localeToCharset’
    Undefined global functions or variables:
     localeToCharset read.table write.table
Flavors: r-devel-linux-x86_64-debian-clang, r-devel-linux-x86_64-debian-gcc, r-devel-linux-x86_64-fedora-clang, r-devel-linux-x86_64-fedora-gcc, r-devel-windows-ix86+x86_64