CRAN Package Check Results for Package KoNLP

Last updated on 2015-08-30 21:46:47.

Flavor Version Tinstall Tcheck Ttotal Status Flags
r-devel-linux-x86_64-debian-clang 0.76.9 1.41 20.44 21.85 NOTE
r-devel-linux-x86_64-debian-gcc 0.76.9 1.46 19.19 20.66 NOTE
r-devel-linux-x86_64-fedora-clang 0.76.9 42.12 NOTE
r-devel-linux-x86_64-fedora-gcc 0.76.9 38.23 NOTE
r-devel-osx-x86_64-clang 0.76.9 39.41 NOTE
r-devel-windows-ix86+x86_64 0.76.9 9.00 39.00 48.00 NOTE
r-patched-linux-x86_64 0.76.9 1.51 20.83 22.34 NOTE
r-patched-solaris-sparc 0.76.9 284.80 NOTE
r-patched-solaris-x86 0.76.9 79.50 NOTE
r-release-linux-x86_64 0.76.9 1.61 21.08 22.69 NOTE
r-release-osx-x86_64-mavericks 0.76.9 NOTE
r-release-windows-ix86+x86_64 0.76.9 7.00 40.00 47.00 NOTE
r-oldrel-windows-ix86+x86_64 0.76.9 11.00 53.00 64.00 NOTE

Check Details

Version: 0.76.9
Check: dependencies in R code
Result: NOTE
    Package in Depends field not imported from: ‘Sejong’
     These packages need to be imported from (in the NAMESPACE file)
     for when this namespace is loaded but not attached.
    ':::' call which should be '::': ‘rJava:::.jniInitialized’
     See the note in ?`:::` about the use of this operator.
    There are ::: calls to the package's namespace in its code. A package
     almost never needs to use ::: for its own objects:
     ‘.KoNLPEnv’
Flavors: r-devel-linux-x86_64-debian-clang, r-devel-linux-x86_64-debian-gcc, r-devel-linux-x86_64-fedora-clang, r-devel-linux-x86_64-fedora-gcc, r-devel-osx-x86_64-clang, r-devel-windows-ix86+x86_64, r-patched-linux-x86_64, r-patched-solaris-sparc, r-patched-solaris-x86, r-release-linux-x86_64, r-release-osx-x86_64-mavericks, r-release-windows-ix86+x86_64, r-oldrel-windows-ix86+x86_64

Version: 0.76.9
Check: R code for possible problems
Result: NOTE
    .onAttach: no visible global function definition for ‘write.table’
    .onAttach: no visible global function definition for ‘localeToCharset’
    is.utf8: no visible global function definition for ‘localeToCharset’
    mergeUserDic: no visible global function definition for ‘read.table’
    mergeUserDic: no visible global function definition for
     ‘localeToCharset’
    mergeUserDic: no visible global function definition for ‘write.table’
    statDic: no visible global function definition for ‘read.table’
    statDic: no visible global function definition for ‘localeToCharset’
    Undefined global functions or variables:
     localeToCharset read.table write.table
    Consider adding
     importFrom("utils", "localeToCharset", "read.table", "write.table")
    to your NAMESPACE.
Flavors: r-devel-linux-x86_64-debian-clang, r-devel-linux-x86_64-debian-gcc, r-devel-linux-x86_64-fedora-clang, r-devel-linux-x86_64-fedora-gcc, r-devel-windows-ix86+x86_64