CRAN Package Check Results for Package KoNLP

Last updated on 2016-12-08 22:48:05.

Flavor Version Tinstall Tcheck Ttotal Status Flags
r-devel-linux-x86_64-debian-clang 0.80.0 3.53 36.59 40.12 OK
r-devel-linux-x86_64-debian-gcc 0.80.0 3.67 37.13 40.79 OK
r-devel-linux-x86_64-fedora-clang 0.80.0 76.86 NOTE --no-stop-on-test-error
r-devel-linux-x86_64-fedora-gcc 0.80.0 76.01 NOTE --no-stop-on-test-error
r-devel-macos-x86_64-clang 0.80.0 61.37 NOTE
r-devel-windows-ix86+x86_64 0.80.0 10.00 103.00 113.00 NOTE
r-patched-linux-x86_64 0.80.0 3.51 32.10 35.61 OK
r-patched-solaris-sparc 0.80.0 392.20 NOTE
r-patched-solaris-x86 0.80.0 82.30 NOTE
r-release-linux-x86_64 0.80.0 3.46 31.44 34.90 OK
r-release-osx-x86_64-mavericks 0.80.0 NOTE
r-release-windows-ix86+x86_64 0.80.0 11.00 65.00 76.00 NOTE
r-oldrel-windows-ix86+x86_64 0.76.9 10.00 44.00 54.00 NOTE

Check Details

Version: 0.80.0
Flags: --no-stop-on-test-error
Check: installed package size
Result: NOTE
     installed size is 6.4Mb
     sub-directories of 1Mb or more:
     java 5.9Mb
Flavors: r-devel-linux-x86_64-fedora-clang, r-devel-linux-x86_64-fedora-gcc

Version: 0.80.0
Check: installed package size
Result: NOTE
     installed size is 6.3Mb
     sub-directories of 1Mb or more:
     java 5.9Mb
Flavors: r-devel-macos-x86_64-clang, r-devel-windows-ix86+x86_64, r-patched-solaris-sparc, r-patched-solaris-x86, r-release-osx-x86_64-mavericks, r-release-windows-ix86+x86_64

Version: 0.76.9
Check: dependencies in R code
Result: NOTE
    Package in Depends field not imported from: 'Sejong'
     These packages need to be imported from (in the NAMESPACE file)
     for when this namespace is loaded but not attached.
    ':::' call which should be '::': 'rJava:::.jniInitialized'
     See the note in ?`:::` about the use of this operator.
    There are ::: calls to the package's namespace in its code. A package
     almost never needs to use ::: for its own objects:
     '.KoNLPEnv'
Flavor: r-oldrel-windows-ix86+x86_64