CRAN Package Check Results for Package KoNLP

Last updated on 2015-03-01 16:46:58.

Flavor Version Tinstall Tcheck Ttotal Status Flags
r-devel-linux-x86_64-debian-clang 0.76.9 1.52 20.71 22.23 NOTE
r-devel-linux-x86_64-debian-gcc 0.76.9 1.46 20.37 21.82 NOTE
r-devel-linux-x86_64-fedora-clang 0.76.9 44.79 NOTE
r-devel-linux-x86_64-fedora-gcc 0.76.9 38.87 NOTE
r-devel-osx-x86_64-clang 0.76.9 46.45 NOTE
r-devel-windows-ix86+x86_64 0.76.9 7.00 33.00 40.00 NOTE
r-patched-linux-x86_64 0.76.9 2.22 27.04 29.25 NOTE
r-patched-solaris-sparc 0.76.9 353.60 NOTE
r-patched-solaris-x86 0.76.9 82.20 NOTE
r-release-linux-ix86 0.76.9 2.42 33.79 36.21 NOTE
r-release-linux-x86_64 0.76.9 2.14 26.99 29.14 NOTE
r-release-osx-x86_64-mavericks 0.76.9 NOTE
r-release-osx-x86_64-snowleopard 0.76.9 WARN
r-release-windows-ix86+x86_64 0.76.9 8.00 44.00 52.00 NOTE
r-oldrel-windows-ix86+x86_64 0.76.9 8.00 71.00 79.00 NOTE

Check Details

Version: 0.76.9
Check: dependencies in R code
Result: NOTE
    Package in Depends field not imported from: ‘Sejong’
     These packages need to be imported from (in the NAMESPACE file)
     for when this namespace is loaded but not attached.
    ':::' call which should be '::': ‘rJava:::.jniInitialized’
     See the note in ?`:::` about the use of this operator.
    There are ::: calls to the package's namespace in its code. A package
     almost never needs to use ::: for its own objects:
     ‘.KoNLPEnv’
Flavors: r-devel-linux-x86_64-debian-clang, r-devel-linux-x86_64-debian-gcc, r-devel-linux-x86_64-fedora-clang, r-devel-linux-x86_64-fedora-gcc, r-devel-osx-x86_64-clang, r-devel-windows-ix86+x86_64, r-patched-linux-x86_64, r-patched-solaris-x86

Version: 0.76.9
Check: dependencies in R code
Result: NOTE
    Package in Depends field not imported from: ‘Sejong’
     These packages need to be imported from (in the NAMESPACE file)
     for when this namespace is loaded but not attached.
    ':::' call which should be '::': ‘rJava:::.jniInitialized’
     See the note in ?`:::` about the use of this operator.
    There are ::: calls to the package's namespace in its code. A package
     almost never needs to use ::: for its own objects:
     ‘.KoNLPEnv’
    See the information on DESCRIPTION files in the chapter ‘Creating R
    packages’ of the ‘Writing R Extensions’ manual.
Flavors: r-patched-solaris-sparc, r-release-linux-ix86, r-release-linux-x86_64, r-release-osx-x86_64-mavericks, r-release-windows-ix86+x86_64, r-oldrel-windows-ix86+x86_64

Version: 0.76.9
Check: dependencies in R code
Result: NOTE
    Package in Depends field not imported from: 'Sejong'
     These packages need to be imported from for the case when
     this namespace is loaded but not attached.
    ':::' call which should be '::': 'rJava:::.jniInitialized'
     See the note in ?`:::` about the use of this operator.
    There are ::: calls to the package's namespace in its code. A package
     almost never needs to use ::: for its own objects:
     '.KoNLPEnv'
    See the information on DESCRIPTION files in the chapter 'Creating R
    packages' of the 'Writing R Extensions' manual.
Flavor: r-release-osx-x86_64-snowleopard

Version: 0.76.9
Check: examples
Result: WARN
    checking a package with encoding 'UTF-8' in an ASCII locale
    
     OK
Flavor: r-release-osx-x86_64-snowleopard