CRAN Package Check Results for Package KoNLP

Last updated on 2017-02-21 20:49:11.

Flavor Version Tinstall Tcheck Ttotal Status Flags
r-devel-linux-x86_64-debian-clang 0.80.1 3.26 38.32 41.59 OK
r-devel-linux-x86_64-debian-gcc 0.80.1 3.46 36.80 40.26 OK
r-devel-linux-x86_64-fedora-clang 0.80.1 73.24 NOTE --no-stop-on-test-error
r-devel-linux-x86_64-fedora-gcc 0.80.1 74.96 NOTE --no-stop-on-test-error
r-devel-macos-x86_64-clang 0.80.1 60.16 NOTE --no-stop-on-test-error
r-devel-windows-ix86+x86_64 0.80.1 13.00 93.00 106.00 NOTE
r-patched-linux-x86_64 0.80.1 3.25 34.07 37.32 OK
r-patched-solaris-sparc 0.80.1 431.00 NOTE
r-patched-solaris-x86 0.80.1 85.00 NOTE
r-release-linux-x86_64 0.80.1 3.04 32.58 35.61 OK
r-release-osx-x86_64-mavericks 0.80.1 NOTE
r-release-windows-ix86+x86_64 0.80.1 12.00 81.00 93.00 NOTE
r-oldrel-windows-ix86+x86_64 0.76.9 10.00 44.00 54.00 NOTE

Check Details

Version: 0.80.1
Flags: --no-stop-on-test-error
Check: installed package size
Result: NOTE
     installed size is 6.4Mb
     sub-directories of 1Mb or more:
     java 6.0Mb
Flavors: r-devel-linux-x86_64-fedora-clang, r-devel-linux-x86_64-fedora-gcc, r-devel-macos-x86_64-clang

Version: 0.80.1
Check: installed package size
Result: NOTE
     installed size is 6.4Mb
     sub-directories of 1Mb or more:
     java 6.0Mb
Flavors: r-devel-windows-ix86+x86_64, r-patched-solaris-sparc, r-patched-solaris-x86, r-release-osx-x86_64-mavericks, r-release-windows-ix86+x86_64

Version: 0.76.9
Check: dependencies in R code
Result: NOTE
    Package in Depends field not imported from: 'Sejong'
     These packages need to be imported from (in the NAMESPACE file)
     for when this namespace is loaded but not attached.
    ':::' call which should be '::': 'rJava:::.jniInitialized'
     See the note in ?`:::` about the use of this operator.
    There are ::: calls to the package's namespace in its code. A package
     almost never needs to use ::: for its own objects:
     '.KoNLPEnv'
Flavor: r-oldrel-windows-ix86+x86_64