CRAN Package Check Results for Package KoNLP

Last updated on 2017-03-27 06:48:16.

Flavor Version Tinstall Tcheck Ttotal Status Flags
r-devel-linux-x86_64-debian-clang 0.80.1 3.38 39.57 42.95 OK
r-devel-linux-x86_64-debian-gcc 0.80.1 3.17 37.24 40.41 OK
r-devel-linux-x86_64-fedora-clang 0.80.1 73.71 NOTE --no-stop-on-test-error
r-devel-linux-x86_64-fedora-gcc 0.80.1 71.30 NOTE --no-stop-on-test-error
r-devel-macos-x86_64-clang 0.80.1 59.58 NOTE --no-stop-on-test-error
r-patched-linux-x86_64 0.80.1 3.54 38.52 42.06 OK
r-patched-solaris-sparc 0.80.1 469.60 NOTE
r-patched-solaris-x86 0.80.1 109.10 NOTE
r-release-linux-x86_64 0.80.1 3.20 34.68 37.89 OK
r-release-osx-x86_64-mavericks 0.80.1 NOTE
r-release-windows-ix86+x86_64 0.80.1 13.00 83.00 96.00 NOTE
r-oldrel-windows-ix86+x86_64 0.76.9 10.00 44.00 54.00 NOTE

Check Details

Version: 0.80.1
Flags: --no-stop-on-test-error
Check: installed package size
Result: NOTE
     installed size is 6.4Mb
     sub-directories of 1Mb or more:
     java 6.0Mb
Flavors: r-devel-linux-x86_64-fedora-clang, r-devel-linux-x86_64-fedora-gcc, r-devel-macos-x86_64-clang

Version: 0.80.1
Check: installed package size
Result: NOTE
     installed size is 6.6Mb
     sub-directories of 1Mb or more:
     java 6.2Mb
Flavors: r-patched-solaris-sparc, r-patched-solaris-x86, r-release-osx-x86_64-mavericks, r-release-windows-ix86+x86_64

Version: 0.76.9
Check: dependencies in R code
Result: NOTE
    Package in Depends field not imported from: 'Sejong'
     These packages need to be imported from (in the NAMESPACE file)
     for when this namespace is loaded but not attached.
    ':::' call which should be '::': 'rJava:::.jniInitialized'
     See the note in ?`:::` about the use of this operator.
    There are ::: calls to the package's namespace in its code. A package
     almost never needs to use ::: for its own objects:
     '.KoNLPEnv'
Flavor: r-oldrel-windows-ix86+x86_64