CRAN Package Check Results for Package KoNLP

Last updated on 2015-04-19 19:51:51.

Flavor Version Tinstall Tcheck Ttotal Status Flags
r-devel-linux-x86_64-debian-clang 0.76.9 1.56 21.09 22.64 NOTE
r-devel-linux-x86_64-debian-gcc 0.76.9 1.47 20.15 21.62 NOTE
r-devel-linux-x86_64-fedora-clang 0.76.9 44.57 NOTE
r-devel-linux-x86_64-fedora-gcc 0.76.9 45.26 NOTE
r-devel-osx-x86_64-clang 0.76.9 46.47 NOTE
r-devel-windows-ix86+x86_64 0.76.9 7.00 43.00 50.00 NOTE
r-patched-linux-x86_64 0.76.9 1.48 19.90 21.38 NOTE
r-patched-solaris-sparc 0.76.9 257.10 NOTE
r-patched-solaris-x86 0.76.9 65.60 NOTE
r-release-linux-x86_64 0.76.9 1.58 20.03 21.61 NOTE
r-release-osx-x86_64-mavericks 0.76.9 NOTE
r-release-osx-x86_64-snowleopard 0.76.9 NOTE
r-release-windows-ix86+x86_64 0.76.9 3.00 32.00 35.00 NOTE
r-oldrel-windows-ix86+x86_64 0.76.9 8.00 41.00 49.00 NOTE

Check Details

Version: 0.76.9
Check: dependencies in R code
Result: NOTE
    Package in Depends field not imported from: ‘Sejong’
     These packages need to be imported from (in the NAMESPACE file)
     for when this namespace is loaded but not attached.
    ':::' call which should be '::': ‘rJava:::.jniInitialized’
     See the note in ?`:::` about the use of this operator.
    There are ::: calls to the package's namespace in its code. A package
     almost never needs to use ::: for its own objects:
     ‘.KoNLPEnv’
Flavors: r-devel-linux-x86_64-debian-clang, r-devel-linux-x86_64-debian-gcc, r-devel-linux-x86_64-fedora-clang, r-devel-linux-x86_64-fedora-gcc, r-devel-osx-x86_64-clang, r-devel-windows-ix86+x86_64, r-patched-linux-x86_64, r-patched-solaris-sparc, r-patched-solaris-x86, r-release-linux-x86_64, r-release-osx-x86_64-mavericks, r-release-osx-x86_64-snowleopard, r-release-windows-ix86+x86_64, r-oldrel-windows-ix86+x86_64