CRAN Package Check Results for Package Kpart

Last updated on 2014-07-25 17:48:02.

Flavor Version Tinstall Tcheck Ttotal Status Flags
r-devel-linux-x86_64-debian-clang 1.1 0.52 10.33 10.85 NOTE
r-devel-linux-x86_64-debian-gcc 1.1 0.50 10.30 10.80 NOTE
r-devel-linux-x86_64-fedora-clang 1.1 21.71 NOTE
r-devel-linux-x86_64-fedora-gcc 1.1 20.06 NOTE
r-devel-osx-x86_64-clang 1.1 25.17 NOTE
r-devel-windows-ix86+x86_64 1.1 2.00 18.00 20.00 NOTE
r-patched-linux-x86_64 1.1 0.52 10.08 10.60 NOTE
r-patched-solaris-sparc 1.1 123.90 NOTE
r-patched-solaris-x86 1.1 32.80 NOTE
r-release-linux-ix86 1.1 0.82 16.01 16.83 NOTE
r-release-linux-x86_64 1.1 0.53 10.34 10.86 NOTE
r-release-osx-x86_64-mavericks 1.1 NOTE
r-release-osx-x86_64-snowleopard 1.1 OK
r-release-windows-ix86+x86_64 1.1 3.00 19.00 22.00 NOTE
r-oldrel-windows-ix86+x86_64 1.1 2.00 20.00 22.00 NOTE

Check Details

Version: 1.1
Check: dependencies in R code
Result: NOTE
    Package in Depends field not imported from: ‘leaps’
     These packages need to be imported from (in the NAMESPACE file)
     for when this namespace is loaded but not attached.
    See the information on DESCRIPTION files in the chapter ‘Creating R
    packages’ of the ‘Writing R Extensions’ manual.
Flavors: r-devel-linux-x86_64-debian-clang, r-devel-linux-x86_64-debian-gcc, r-devel-linux-x86_64-fedora-clang, r-devel-linux-x86_64-fedora-gcc, r-devel-osx-x86_64-clang, r-devel-windows-ix86+x86_64, r-patched-linux-x86_64, r-patched-solaris-sparc, r-patched-solaris-x86, r-release-linux-ix86, r-release-linux-x86_64, r-release-osx-x86_64-mavericks, r-release-windows-ix86+x86_64, r-oldrel-windows-ix86+x86_64