CRAN Package Check Results for Package Kpart

Last updated on 2014-10-31 17:49:14.

Flavor Version Tinstall Tcheck Ttotal Status Flags
r-devel-linux-x86_64-debian-clang 1.1 0.57 10.32 10.89 NOTE
r-devel-linux-x86_64-debian-gcc 1.1 0.57 10.35 10.92 NOTE
r-devel-linux-x86_64-fedora-clang 1.1 22.03 NOTE
r-devel-linux-x86_64-fedora-gcc 1.1 20.11 NOTE
r-devel-osx-x86_64-clang 1.1 24.20 NOTE
r-devel-windows-ix86+x86_64 1.1 2.00 16.00 18.00 NOTE
r-patched-linux-x86_64 1.1 0.64 10.33 10.97 NOTE
r-patched-solaris-sparc 1.1 120.10 NOTE
r-patched-solaris-x86 1.1 32.30 NOTE
r-release-linux-ix86 1.1 0.88 16.46 17.34 NOTE
r-release-linux-x86_64 1.1 0.80 10.90 11.70 NOTE
r-release-osx-x86_64-mavericks 1.1 NOTE
r-release-osx-x86_64-snowleopard 1.1 OK
r-release-windows-ix86+x86_64 1.1 2.00 19.00 21.00 NOTE
r-oldrel-windows-ix86+x86_64 1.1 2.00 19.00 21.00 NOTE

Check Details

Version: 1.1
Check: dependencies in R code
Result: NOTE
    Package in Depends field not imported from: ‘leaps’
     These packages need to be imported from (in the NAMESPACE file)
     for when this namespace is loaded but not attached.
    See the information on DESCRIPTION files in the chapter ‘Creating R
    packages’ of the ‘Writing R Extensions’ manual.
Flavors: r-devel-linux-x86_64-debian-clang, r-devel-linux-x86_64-debian-gcc, r-devel-linux-x86_64-fedora-clang, r-devel-linux-x86_64-fedora-gcc, r-devel-osx-x86_64-clang, r-devel-windows-ix86+x86_64, r-patched-linux-x86_64, r-patched-solaris-sparc, r-patched-solaris-x86, r-release-linux-ix86, r-release-linux-x86_64, r-release-osx-x86_64-mavericks, r-release-windows-ix86+x86_64, r-oldrel-windows-ix86+x86_64

Version: 1.1
Check: R code for possible problems
Result: NOTE
    Kpart.example: no visible global function definition for ‘regsubsets’
    Kpart.knots: no visible global function definition for ‘regsubsets’
    Kpart.plot: no visible global function definition for ‘regsubsets’
    lm.Kpart: no visible global function definition for ‘regsubsets’
Flavors: r-devel-linux-x86_64-debian-clang, r-devel-linux-x86_64-debian-gcc, r-devel-linux-x86_64-fedora-clang, r-devel-linux-x86_64-fedora-gcc, r-devel-osx-x86_64-clang, r-devel-windows-ix86+x86_64, r-patched-linux-x86_64, r-patched-solaris-sparc, r-patched-solaris-x86