CRAN Package Check Results for Package Kpart

Last updated on 2015-08-01 11:49:01.

Flavor Version Tinstall Tcheck Ttotal Status Flags
r-devel-linux-x86_64-debian-clang 1.1 0.51 9.36 9.87 NOTE
r-devel-linux-x86_64-debian-gcc 1.1 0.48 9.08 9.55 NOTE
r-devel-linux-x86_64-fedora-clang 1.1 17.99 NOTE
r-devel-linux-x86_64-fedora-gcc 1.1 17.14 NOTE
r-devel-osx-x86_64-clang 1.1 19.47 NOTE
r-devel-windows-ix86+x86_64 1.1 4.00 25.00 29.00 NOTE
r-patched-linux-x86_64 1.1 0.68 9.92 10.60 NOTE
r-patched-solaris-sparc 1.1 120.60 NOTE
r-patched-solaris-x86 1.1 28.50 NOTE
r-release-linux-x86_64 1.1 0.59 9.49 10.08 NOTE
r-release-osx-x86_64-mavericks 1.1 NOTE
r-release-windows-ix86+x86_64 1.1 3.00 30.00 33.00 NOTE
r-oldrel-windows-ix86+x86_64 1.1 4.00 21.00 25.00 NOTE

Check Details

Version: 1.1
Check: DESCRIPTION meta-information
Result: NOTE
    Malformed Description field: should contain one or more complete sentences.
Flavors: r-devel-linux-x86_64-debian-clang, r-devel-linux-x86_64-debian-gcc, r-devel-linux-x86_64-fedora-clang, r-devel-linux-x86_64-fedora-gcc, r-devel-osx-x86_64-clang, r-devel-windows-ix86+x86_64, r-patched-linux-x86_64, r-patched-solaris-sparc, r-patched-solaris-x86, r-release-linux-x86_64, r-release-osx-x86_64-mavericks, r-release-windows-ix86+x86_64

Version: 1.1
Check: dependencies in R code
Result: NOTE
    Package in Depends field not imported from: ‘leaps’
     These packages need to be imported from (in the NAMESPACE file)
     for when this namespace is loaded but not attached.
Flavors: r-devel-linux-x86_64-debian-clang, r-devel-linux-x86_64-debian-gcc, r-devel-linux-x86_64-fedora-clang, r-devel-linux-x86_64-fedora-gcc, r-devel-osx-x86_64-clang, r-devel-windows-ix86+x86_64, r-patched-linux-x86_64, r-patched-solaris-sparc, r-patched-solaris-x86, r-release-linux-x86_64, r-release-osx-x86_64-mavericks, r-release-windows-ix86+x86_64, r-oldrel-windows-ix86+x86_64

Version: 1.1
Check: R code for possible problems
Result: NOTE
    Kpart.example: no visible global function definition for ‘read.table’
    Kpart.example: no visible global function definition for ‘regsubsets’
    Kpart.example: no visible global function definition for ‘coef’
    Kpart.example: no visible global function definition for ‘na.omit’
    Kpart.example: no visible global function definition for ‘as.formula’
    Kpart.example: no visible global function definition for ‘lm’
    Kpart.example: no visible global function definition for ‘plot’
    Kpart.example: no visible global function definition for ‘lines’
    Kpart.example: no visible global function definition for ‘par’
    Kpart.example: no visible global function definition for ‘abline’
    Kpart.knots: no visible global function definition for ‘regsubsets’
    Kpart.knots: no visible global function definition for ‘coef’
    Kpart.knots: no visible global function definition for ‘na.omit’
    Kpart.knots: no visible global function definition for ‘as.formula’
    Kpart.knots: no visible global function definition for ‘lm’
    Kpart.plot: no visible global function definition for ‘regsubsets’
    Kpart.plot: no visible global function definition for ‘coef’
    Kpart.plot: no visible global function definition for ‘na.omit’
    Kpart.plot: no visible global function definition for ‘as.formula’
    Kpart.plot: no visible global function definition for ‘lm’
    Kpart.plot: no visible global function definition for ‘plot’
    Kpart.plot: no visible global function definition for ‘lines’
    Kpart.plot: no visible global function definition for ‘par’
    Kpart.plot: no visible global function definition for ‘abline’
    lm.Kpart: no visible global function definition for ‘regsubsets’
    lm.Kpart: no visible global function definition for ‘coef’
    lm.Kpart: no visible global function definition for ‘na.omit’
    lm.Kpart: no visible global function definition for ‘as.formula’
    lm.Kpart: no visible global function definition for ‘lm’
    Undefined global functions or variables:
     abline as.formula coef lines lm na.omit par plot read.table
     regsubsets
    Consider adding
     importFrom("graphics", "abline", "lines", "par", "plot")
     importFrom("stats", "as.formula", "coef", "lm", "na.omit")
     importFrom("utils", "read.table")
    to your NAMESPACE.
Flavors: r-devel-linux-x86_64-debian-clang, r-devel-linux-x86_64-debian-gcc, r-devel-linux-x86_64-fedora-clang, r-devel-linux-x86_64-fedora-gcc, r-devel-windows-ix86+x86_64

Version: 1.1
Check: R code for possible problems
Result: NOTE
    Kpart.example: no visible global function definition for ‘regsubsets’
    Kpart.knots: no visible global function definition for ‘regsubsets’
    Kpart.plot: no visible global function definition for ‘regsubsets’
    lm.Kpart: no visible global function definition for ‘regsubsets’
    Undefined global functions or variables:
     regsubsets
Flavor: r-devel-osx-x86_64-clang

Version: 1.1
Check: R code for possible problems
Result: NOTE
    Kpart.example: no visible global function definition for ‘regsubsets’
    Kpart.knots: no visible global function definition for ‘regsubsets’
    Kpart.plot: no visible global function definition for ‘regsubsets’
    lm.Kpart: no visible global function definition for ‘regsubsets’
Flavors: r-patched-linux-x86_64, r-patched-solaris-sparc, r-patched-solaris-x86, r-release-linux-x86_64, r-release-osx-x86_64-mavericks, r-release-windows-ix86+x86_64, r-oldrel-windows-ix86+x86_64