CRAN Package Check Results for Package Kpart

Last updated on 2015-04-26 12:46:32.

Flavor Version Tinstall Tcheck Ttotal Status Flags
r-devel-linux-x86_64-debian-clang 1.1 0.59 9.72 10.31 NOTE
r-devel-linux-x86_64-debian-gcc 1.1 0.58 9.51 10.09 NOTE
r-devel-linux-x86_64-fedora-clang 1.1 19.18 NOTE
r-devel-linux-x86_64-fedora-gcc 1.1 18.76 NOTE
r-devel-osx-x86_64-clang 1.1 23.29 NOTE
r-devel-windows-ix86+x86_64 1.1 3.00 18.00 21.00 NOTE
r-patched-linux-x86_64 1.1 0.53 9.46 10.00 NOTE
r-patched-solaris-sparc 1.1 114.60 NOTE
r-patched-solaris-x86 1.1 29.10 NOTE
r-release-linux-x86_64 1.1 0.53 9.30 9.82 NOTE
r-release-osx-x86_64-mavericks 1.1 NOTE
r-release-osx-x86_64-snowleopard 1.1 NOTE
r-release-windows-ix86+x86_64 1.1 2.00 18.00 20.00 NOTE
r-oldrel-windows-ix86+x86_64 1.1 2.00 18.00 20.00 NOTE

Check Details

Version: 1.1
Check: DESCRIPTION meta-information
Result: NOTE
    Malformed Description field: should contain one or more complete sentences.
Flavors: r-devel-linux-x86_64-fedora-clang, r-devel-linux-x86_64-fedora-gcc, r-devel-osx-x86_64-clang, r-devel-windows-ix86+x86_64, r-patched-solaris-sparc, r-patched-solaris-x86, r-release-osx-x86_64-mavericks, r-release-windows-ix86+x86_64

Version: 1.1
Check: dependencies in R code
Result: NOTE
    Package in Depends field not imported from: ‘leaps’
     These packages need to be imported from (in the NAMESPACE file)
     for when this namespace is loaded but not attached.
Flavors: r-devel-linux-x86_64-fedora-clang, r-devel-linux-x86_64-fedora-gcc, r-devel-osx-x86_64-clang, r-devel-windows-ix86+x86_64, r-patched-solaris-sparc, r-patched-solaris-x86, r-release-osx-x86_64-mavericks, r-release-windows-ix86+x86_64, r-oldrel-windows-ix86+x86_64

Version: 1.1
Check: R code for possible problems
Result: NOTE
    Kpart.example: no visible global function definition for ‘regsubsets’
    Kpart.knots: no visible global function definition for ‘regsubsets’
    Kpart.plot: no visible global function definition for ‘regsubsets’
    lm.Kpart: no visible global function definition for ‘regsubsets’
Flavors: r-devel-linux-x86_64-fedora-clang, r-devel-linux-x86_64-fedora-gcc, r-devel-osx-x86_64-clang, r-devel-windows-ix86+x86_64, r-patched-solaris-sparc, r-patched-solaris-x86, r-release-osx-x86_64-mavericks, r-release-windows-ix86+x86_64, r-oldrel-windows-ix86+x86_64