CRAN Package Check Results for Package KrigInv

Last updated on 2014-04-17 05:47:11.

Flavor Version Tinstall Tcheck Ttotal Status Flags
r-devel-linux-x86_64-debian-clang 1.3 1.85 44.93 46.78 NOTE
r-devel-linux-x86_64-debian-gcc 1.3 2.00 44.91 46.92 NOTE
r-devel-linux-x86_64-fedora-clang 1.3 92.98 NOTE
r-devel-linux-x86_64-fedora-gcc 1.3 88.64 NOTE
r-devel-macosx-x86_64-clang 1.3 80.91 NOTE
r-devel-macosx-x86_64-gcc 1.3 NOTE
r-devel-windows-ix86+x86_64 1.3 7.00 65.00 72.00 NOTE
r-patched-linux-x86_64 1.3 2.05 44.94 47.00 NOTE
r-patched-solaris-sparc 1.3 491.70 NOTE
r-patched-solaris-x86 1.3 108.90 NOTE
r-release-linux-ix86 1.3 4.00 75.00 79.00 NOTE
r-release-linux-x86_64 1.3 1.95 44.57 46.52 NOTE
r-release-macosx-x86_64 1.3 ERROR
r-release-windows-ix86+x86_64 1.3 7.00 72.00 79.00 NOTE
r-oldrel-windows-ix86+x86_64 1.3 6.00 70.00 76.00 NOTE

Check Details

Version: 1.3
Check: package dependencies
Result: NOTE
    Depends: includes the non-default packages:
     ‘DiceKriging’ ‘rgenoud’ ‘MASS’ ‘lhs’ ‘pbivnorm’ ‘randtoolbox’
     ‘DiceView’
    Adding so many packages to the search path is excessive and importing
    selectively is preferable.
Flavors: r-devel-linux-x86_64-debian-clang, r-devel-linux-x86_64-debian-gcc, r-devel-linux-x86_64-fedora-clang, r-devel-linux-x86_64-fedora-gcc, r-devel-macosx-x86_64-clang, r-devel-macosx-x86_64-gcc, r-devel-windows-ix86+x86_64, r-patched-linux-x86_64, r-patched-solaris-sparc, r-patched-solaris-x86, r-release-linux-ix86, r-release-linux-x86_64, r-release-macosx-x86_64, r-release-windows-ix86+x86_64

Version: 1.3
Check: dependencies in R code
Result: NOTE
    Package in Depends field not imported from: ‘pbivnorm’
     These packages need to be imported from (in the NAMESPACE file)
     for when this namespace is loaded but not attached.
    See the information on DESCRIPTION files in the chapter ‘Creating R
    packages’ of the ‘Writing R Extensions’ manual.
Flavors: r-devel-linux-x86_64-debian-clang, r-devel-linux-x86_64-debian-gcc, r-devel-linux-x86_64-fedora-clang, r-devel-linux-x86_64-fedora-gcc, r-devel-macosx-x86_64-clang, r-devel-macosx-x86_64-gcc, r-devel-windows-ix86+x86_64, r-patched-linux-x86_64, r-patched-solaris-sparc, r-patched-solaris-x86, r-release-linux-ix86, r-release-linux-x86_64, r-release-windows-ix86+x86_64, r-oldrel-windows-ix86+x86_64

Version: 1.3
Check: whether package can be installed
Result: ERROR
    Installation failed.
    See ‘/Volumes/XT3/Builds/R-dev-web/QA/Simon/packages/snowleopard-x86_64/results/3.1/KrigInv.Rcheck/00install.out’ for details.
Flavor: r-release-macosx-x86_64