CRAN Package Check Results for Package KrigInv

Last updated on 2015-08-30 12:47:16.

Flavor Version Tinstall Tcheck Ttotal Status Flags
r-devel-linux-x86_64-debian-clang 1.3.1 1.16 28.50 29.67 NOTE
r-devel-linux-x86_64-debian-gcc 1.3.1 1.14 28.16 29.30 NOTE
r-devel-linux-x86_64-fedora-clang 1.3.1 57.63 NOTE
r-devel-linux-x86_64-fedora-gcc 1.3.1 54.53 NOTE
r-devel-osx-x86_64-clang 1.3.1 52.83 OK
r-devel-windows-ix86+x86_64 1.3.1 9.00 52.00 61.00 NOTE
r-patched-linux-x86_64 1.3.1 1.25 29.60 30.85 OK
r-patched-solaris-sparc 1.3.1 383.10 OK
r-patched-solaris-x86 1.3.1 82.80 OK
r-release-linux-x86_64 1.3.1 1.25 29.96 31.21 OK
r-release-osx-x86_64-mavericks 1.3.1 OK
r-release-windows-ix86+x86_64 1.3.1 7.00 82.00 89.00 OK
r-oldrel-windows-ix86+x86_64 1.3.1 10.00 65.00 75.00 OK

Check Details

Version: 1.3.1
Check: R code for possible problems
Result: NOTE
    bichon_optim: no visible global function definition for ‘pnorm’
    bichon_optim: no visible global function definition for ‘dnorm’
    computeRealVolumeConstant: no visible global function definition for
     ‘pnorm’
    integration_design: no visible global function definition for ‘runif’
    integration_design: no visible global function definition for ‘pnorm’
    max_infill_criterion: no visible global function definition for ‘runif’
    max_sur: no visible global function definition for ‘pnorm’
    max_sur: no visible global function definition for ‘runif’
    max_sur_parallel: no visible global function definition for ‘pnorm’
    max_sur_parallel: no visible global function definition for ‘runif’
    max_timse: no visible global function definition for ‘runif’
    max_timse_parallel: no visible global function definition for ‘runif’
    max_vorob_parallel: no visible global function definition for ‘pnorm’
    max_vorob_parallel: no visible global function definition for ‘runif’
    precomputeUpdateData: no visible global function definition for
     ‘model.matrix’
    predict_nobias_km: no visible global function definition for
     ‘model.matrix’
    predict_nobias_km: no visible global function definition for ‘qnorm’
    print_uncertainty_1d: no visible global function definition for ‘pnorm’
    print_uncertainty_1d: no visible global function definition for ‘par’
    print_uncertainty_1d: no visible global function definition for ‘mtext’
    print_uncertainty_1d: no visible global function definition for ‘axis’
    print_uncertainty_1d: no visible global function definition for
     ‘points’
    print_uncertainty_1d: no visible global function definition for ‘lines’
    print_uncertainty_2d: no visible global function definition for ‘pnorm’
    print_uncertainty_2d: no visible global function definition for ‘image’
    print_uncertainty_2d: no visible global function definition for
     ‘grey.colors’
    print_uncertainty_2d: no visible global function definition for ‘mtext’
    print_uncertainty_2d: no visible global function definition for ‘axis’
    print_uncertainty_2d: no visible global function definition for
     ‘contour’
    print_uncertainty_2d: no visible global function definition for
     ‘points’
    print_uncertainty_nd: no visible global function definition for ‘par’
    print_uncertainty_nd: no visible global function definition for
     ‘plot.new’
    print_uncertainty_nd: no visible global function definition for ‘pnorm’
    print_uncertainty_nd: no visible global function definition for ‘image’
    print_uncertainty_nd: no visible global function definition for
     ‘grey.colors’
    print_uncertainty_nd: no visible global function definition for ‘mtext’
    print_uncertainty_nd: no visible global function definition for
     ‘contour’
    ranjan_optim: no visible global function definition for ‘pnorm’
    ranjan_optim: no visible global function definition for ‘dnorm’
    tsee_optim: no visible global function definition for ‘dnorm’
    tsee_optim: no visible global function definition for ‘pnorm’
    vorob_optim_parallel: no visible global function definition for ‘qnorm’
    vorob_optim_parallel: no visible global function definition for ‘pnorm’
    Undefined global functions or variables:
     axis contour dnorm grey.colors image lines model.matrix mtext par
     plot.new pnorm points qnorm runif
    Consider adding
     importFrom("grDevices", "grey.colors")
     importFrom("graphics", "axis", "contour", "image", "lines", "mtext",
     "par", "plot.new", "points")
     importFrom("stats", "dnorm", "model.matrix", "pnorm", "qnorm", "runif")
    to your NAMESPACE.
Flavors: r-devel-linux-x86_64-debian-clang, r-devel-linux-x86_64-debian-gcc, r-devel-linux-x86_64-fedora-clang, r-devel-linux-x86_64-fedora-gcc, r-devel-windows-ix86+x86_64