CRAN Package Check Results for Package KrigInv

Last updated on 2014-08-22 07:50:33.

Flavor Version Tinstall Tcheck Ttotal Status Flags
r-devel-linux-x86_64-debian-clang 1.3 1.74 42.74 44.48 NOTE
r-devel-linux-x86_64-debian-gcc 1.3 1.72 39.84 41.57 NOTE
r-devel-linux-x86_64-fedora-clang 1.3 86.79 NOTE
r-devel-linux-x86_64-fedora-gcc 1.3 84.45 NOTE
r-devel-osx-x86_64-clang 1.3 74.36 NOTE
r-devel-windows-ix86+x86_64 1.3 8.00 63.00 71.00 NOTE
r-patched-linux-x86_64 1.3 1.81 41.65 43.46 NOTE
r-patched-solaris-sparc 1.3 513.60 NOTE
r-patched-solaris-x86 1.3 111.30 NOTE
r-release-linux-ix86 1.3 2.54 55.16 57.70 NOTE
r-release-linux-x86_64 1.3 1.84 43.62 45.47 NOTE
r-release-osx-x86_64-mavericks 1.3 NOTE
r-release-osx-x86_64-snowleopard 1.3 ERROR
r-release-windows-ix86+x86_64 1.3 6.00 70.00 76.00 NOTE
r-oldrel-windows-ix86+x86_64 1.3 7.00 78.00 85.00 NOTE

Check Details

Version: 1.3
Check: package dependencies
Result: NOTE
    Depends: includes the non-default packages:
     ‘DiceKriging’ ‘rgenoud’ ‘MASS’ ‘lhs’ ‘pbivnorm’ ‘randtoolbox’
     ‘DiceView’
    Adding so many packages to the search path is excessive and importing
    selectively is preferable.
Flavors: r-devel-linux-x86_64-debian-clang, r-devel-linux-x86_64-debian-gcc, r-devel-linux-x86_64-fedora-clang, r-devel-linux-x86_64-fedora-gcc, r-devel-osx-x86_64-clang, r-devel-windows-ix86+x86_64, r-patched-linux-x86_64, r-patched-solaris-sparc, r-patched-solaris-x86, r-release-linux-ix86, r-release-linux-x86_64, r-release-osx-x86_64-mavericks, r-release-osx-x86_64-snowleopard, r-release-windows-ix86+x86_64

Version: 1.3
Check: dependencies in R code
Result: NOTE
    Package in Depends field not imported from: ‘pbivnorm’
     These packages need to be imported from (in the NAMESPACE file)
     for when this namespace is loaded but not attached.
    See the information on DESCRIPTION files in the chapter ‘Creating R
    packages’ of the ‘Writing R Extensions’ manual.
Flavors: r-devel-linux-x86_64-debian-clang, r-devel-linux-x86_64-debian-gcc, r-devel-linux-x86_64-fedora-clang, r-devel-linux-x86_64-fedora-gcc, r-devel-osx-x86_64-clang, r-devel-windows-ix86+x86_64, r-patched-linux-x86_64, r-patched-solaris-sparc, r-patched-solaris-x86, r-release-linux-ix86, r-release-linux-x86_64, r-release-osx-x86_64-mavericks, r-release-windows-ix86+x86_64, r-oldrel-windows-ix86+x86_64

Version: 1.3
Check: R code for possible problems
Result: NOTE
    computeRealVolumeConstant: no visible global function definition for
     ‘pbivnorm’
    jn_optim: no visible global function definition for ‘pbivnorm’
    sur_optim: no visible global function definition for ‘pbivnorm’
    sur_optim_parallel: no visible global function definition for
     ‘pbivnorm’
    vorob_optim_parallel: no visible global function definition for
     ‘pbivnorm’
Flavors: r-devel-linux-x86_64-fedora-clang, r-devel-linux-x86_64-fedora-gcc, r-devel-osx-x86_64-clang

Version: 1.3
Check: whether package can be installed
Result: ERROR
    Installation failed.
Flavor: r-release-osx-x86_64-snowleopard