CRAN Package Check Results for Package KrigInv

Last updated on 2014-12-22 17:51:26.

Flavor Version Tinstall Tcheck Ttotal Status Flags
r-devel-linux-x86_64-debian-clang 1.3 1.86 41.76 43.62 NOTE
r-devel-linux-x86_64-debian-gcc 1.3 1.68 41.46 43.14 NOTE
r-devel-linux-x86_64-fedora-clang 1.3 89.29 NOTE
r-devel-linux-x86_64-fedora-gcc 1.3 84.50 NOTE
r-devel-osx-x86_64-clang 1.3 79.40 NOTE
r-devel-windows-ix86+x86_64 1.3 10.00 66.00 76.00 NOTE
r-patched-linux-x86_64 1.3 2.02 45.82 47.85 NOTE
r-patched-solaris-sparc 1.3 510.90 NOTE
r-patched-solaris-x86 1.3 111.40 NOTE
r-release-linux-ix86 1.3 2.32 52.90 55.23 NOTE
r-release-linux-x86_64 1.3 1.74 44.03 45.77 NOTE
r-release-osx-x86_64-mavericks 1.3 NOTE
r-release-osx-x86_64-snowleopard 1.3 ERROR
r-release-windows-ix86+x86_64 1.3 8.00 78.00 86.00 NOTE
r-oldrel-windows-ix86+x86_64 1.3 9.00 74.00 83.00 NOTE

Check Details

Version: 1.3
Check: package dependencies
Result: NOTE
    Depends: includes the non-default packages:
     ‘DiceKriging’ ‘rgenoud’ ‘MASS’ ‘lhs’ ‘pbivnorm’ ‘randtoolbox’
     ‘DiceView’
    Adding so many packages to the search path is excessive and importing
    selectively is preferable.
Flavors: r-devel-linux-x86_64-debian-clang, r-devel-linux-x86_64-debian-gcc, r-devel-linux-x86_64-fedora-clang, r-devel-linux-x86_64-fedora-gcc, r-devel-osx-x86_64-clang, r-devel-windows-ix86+x86_64, r-patched-linux-x86_64, r-patched-solaris-sparc, r-patched-solaris-x86, r-release-linux-ix86, r-release-linux-x86_64, r-release-osx-x86_64-mavericks, r-release-osx-x86_64-snowleopard, r-release-windows-ix86+x86_64

Version: 1.3
Check: dependencies in R code
Result: NOTE
    Package in Depends field not imported from: ‘pbivnorm’
     These packages need to be imported from (in the NAMESPACE file)
     for when this namespace is loaded but not attached.
    See the information on DESCRIPTION files in the chapter ‘Creating R
    packages’ of the ‘Writing R Extensions’ manual.
Flavors: r-devel-linux-x86_64-debian-clang, r-devel-linux-x86_64-debian-gcc, r-devel-linux-x86_64-fedora-clang, r-devel-linux-x86_64-fedora-gcc, r-devel-osx-x86_64-clang, r-devel-windows-ix86+x86_64, r-patched-linux-x86_64, r-patched-solaris-sparc, r-patched-solaris-x86, r-release-linux-ix86, r-release-linux-x86_64, r-release-osx-x86_64-mavericks, r-release-windows-ix86+x86_64, r-oldrel-windows-ix86+x86_64

Version: 1.3
Check: R code for possible problems
Result: NOTE
    computeRealVolumeConstant: no visible global function definition for
     ‘pbivnorm’
    jn_optim: no visible global function definition for ‘pbivnorm’
    sur_optim: no visible global function definition for ‘pbivnorm’
    sur_optim_parallel: no visible global function definition for
     ‘pbivnorm’
    vorob_optim_parallel: no visible global function definition for
     ‘pbivnorm’
Flavors: r-devel-linux-x86_64-debian-clang, r-devel-linux-x86_64-debian-gcc, r-devel-linux-x86_64-fedora-clang, r-devel-linux-x86_64-fedora-gcc, r-devel-osx-x86_64-clang, r-devel-windows-ix86+x86_64, r-patched-linux-x86_64, r-patched-solaris-sparc, r-patched-solaris-x86, r-release-linux-ix86, r-release-linux-x86_64, r-release-windows-ix86+x86_64

Version: 1.3
Check: whether package can be installed
Result: ERROR
    Installation failed.
Flavor: r-release-osx-x86_64-snowleopard