CRAN Package Check Results for Package KrigInv

Last updated on 2015-07-01 16:47:26.

Flavor Version Tinstall Tcheck Ttotal Status Flags
r-devel-linux-x86_64-debian-clang 1.3.1 1.32 29.52 30.84 NOTE
r-devel-linux-x86_64-debian-gcc 1.3.1 1.26 29.58 30.83 NOTE
r-devel-linux-x86_64-fedora-clang 1.3.1 60.45 NOTE
r-devel-linux-x86_64-fedora-gcc 1.3.1 56.35 NOTE
r-devel-osx-x86_64-clang 1.3.1 58.16 OK
r-devel-windows-ix86+x86_64 1.3.1 8.00 48.00 56.00 NOTE
r-patched-linux-x86_64 1.3.1 1.28 30.11 31.39 OK
r-patched-solaris-sparc 1.3.1 385.30 OK
r-patched-solaris-x86 1.3.1 82.10 OK
r-release-linux-x86_64 1.3.1 1.43 29.72 31.15 OK
r-release-osx-x86_64-mavericks 1.3.1 OK
r-release-windows-ix86+x86_64 1.3.1 6.00 52.00 58.00 OK
r-oldrel-windows-ix86+x86_64 1.3.1 11.00 59.00 70.00 OK

Check Details

Version: 1.3.1
Check: R code for possible problems
Result: NOTE
    bichon_optim: no visible global function definition for ‘pnorm’
    bichon_optim: no visible global function definition for ‘dnorm’
    computeRealVolumeConstant: no visible global function definition for
     ‘pnorm’
    integration_design: no visible global function definition for ‘runif’
    integration_design: no visible global function definition for ‘pnorm’
    max_infill_criterion: no visible global function definition for ‘runif’
    max_sur: no visible global function definition for ‘pnorm’
    max_sur: no visible global function definition for ‘runif’
    max_sur_parallel: no visible global function definition for ‘pnorm’
    max_sur_parallel: no visible global function definition for ‘runif’
    max_timse: no visible global function definition for ‘runif’
    max_timse_parallel: no visible global function definition for ‘runif’
    max_vorob_parallel: no visible global function definition for ‘pnorm’
    max_vorob_parallel: no visible global function definition for ‘runif’
    precomputeUpdateData: no visible global function definition for
     ‘model.matrix’
    predict_nobias_km: no visible global function definition for
     ‘model.matrix’
    predict_nobias_km: no visible global function definition for ‘qnorm’
    print_uncertainty_1d: no visible global function definition for ‘pnorm’
    print_uncertainty_1d: no visible global function definition for ‘par’
    print_uncertainty_1d: no visible global function definition for ‘mtext’
    print_uncertainty_1d: no visible global function definition for ‘axis’
    print_uncertainty_1d: no visible global function definition for
     ‘points’
    print_uncertainty_1d: no visible global function definition for ‘lines’
    print_uncertainty_2d: no visible global function definition for ‘pnorm’
    print_uncertainty_2d: no visible global function definition for ‘image’
    print_uncertainty_2d: no visible global function definition for
     ‘grey.colors’
    print_uncertainty_2d: no visible global function definition for ‘mtext’
    print_uncertainty_2d: no visible global function definition for ‘axis’
    print_uncertainty_2d: no visible global function definition for
     ‘contour’
    print_uncertainty_2d: no visible global function definition for
     ‘points’
    print_uncertainty_nd: no visible global function definition for ‘par’
    print_uncertainty_nd: no visible global function definition for
     ‘plot.new’
    print_uncertainty_nd: no visible global function definition for ‘pnorm’
    print_uncertainty_nd: no visible global function definition for ‘image’
    print_uncertainty_nd: no visible global function definition for
     ‘grey.colors’
    print_uncertainty_nd: no visible global function definition for ‘mtext’
    print_uncertainty_nd: no visible global function definition for
     ‘contour’
    ranjan_optim: no visible global function definition for ‘pnorm’
    ranjan_optim: no visible global function definition for ‘dnorm’
    tsee_optim: no visible global function definition for ‘dnorm’
    tsee_optim: no visible global function definition for ‘pnorm’
    vorob_optim_parallel: no visible global function definition for ‘qnorm’
    vorob_optim_parallel: no visible global function definition for ‘pnorm’
Flavors: r-devel-linux-x86_64-debian-clang, r-devel-linux-x86_64-debian-gcc, r-devel-linux-x86_64-fedora-clang, r-devel-linux-x86_64-fedora-gcc, r-devel-windows-ix86+x86_64