CRAN Package Check Results for Package KrigInv

Last updated on 2014-07-24 01:47:56.

Flavor Version Tinstall Tcheck Ttotal Status Flags
r-devel-linux-x86_64-debian-clang 1.3 1.98 41.47 43.45 NOTE
r-devel-linux-x86_64-debian-gcc 1.3 1.74 41.69 43.43 NOTE
r-devel-linux-x86_64-fedora-clang 1.3 92.72 NOTE
r-devel-linux-x86_64-fedora-gcc 1.3 88.17 NOTE
r-devel-osx-x86_64-clang 1.3 74.97 NOTE
r-devel-windows-ix86+x86_64 1.3 7.00 62.00 69.00 NOTE
r-patched-linux-x86_64 1.3 1.78 41.36 43.14 NOTE
r-patched-solaris-sparc 1.3 491.70 NOTE
r-patched-solaris-x86 1.3 110.70 NOTE
r-release-linux-ix86 1.3 2.65 55.05 57.70 NOTE
r-release-linux-x86_64 1.3 1.83 43.57 45.40 NOTE
r-release-osx-x86_64-mavericks 1.3 NOTE
r-release-osx-x86_64-snowleopard 1.3 ERROR
r-release-windows-ix86+x86_64 1.3 8.00 68.00 76.00 NOTE
r-oldrel-windows-ix86+x86_64 1.3 9.00 69.00 78.00 NOTE

Check Details

Version: 1.3
Check: package dependencies
Result: NOTE
    Depends: includes the non-default packages:
     ‘DiceKriging’ ‘rgenoud’ ‘MASS’ ‘lhs’ ‘pbivnorm’ ‘randtoolbox’
     ‘DiceView’
    Adding so many packages to the search path is excessive and importing
    selectively is preferable.
Flavors: r-devel-linux-x86_64-debian-clang, r-devel-linux-x86_64-debian-gcc, r-devel-linux-x86_64-fedora-clang, r-devel-linux-x86_64-fedora-gcc, r-devel-osx-x86_64-clang, r-devel-windows-ix86+x86_64, r-patched-linux-x86_64, r-patched-solaris-sparc, r-patched-solaris-x86, r-release-linux-ix86, r-release-linux-x86_64, r-release-osx-x86_64-mavericks, r-release-osx-x86_64-snowleopard, r-release-windows-ix86+x86_64

Version: 1.3
Check: dependencies in R code
Result: NOTE
    Package in Depends field not imported from: ‘pbivnorm’
     These packages need to be imported from (in the NAMESPACE file)
     for when this namespace is loaded but not attached.
    See the information on DESCRIPTION files in the chapter ‘Creating R
    packages’ of the ‘Writing R Extensions’ manual.
Flavors: r-devel-linux-x86_64-debian-clang, r-devel-linux-x86_64-debian-gcc, r-devel-linux-x86_64-fedora-clang, r-devel-linux-x86_64-fedora-gcc, r-devel-osx-x86_64-clang, r-devel-windows-ix86+x86_64, r-patched-linux-x86_64, r-patched-solaris-sparc, r-patched-solaris-x86, r-release-linux-ix86, r-release-linux-x86_64, r-release-osx-x86_64-mavericks, r-release-windows-ix86+x86_64, r-oldrel-windows-ix86+x86_64

Version: 1.3
Check: whether package can be installed
Result: ERROR
    Installation failed.
    See ‘/Volumes/XT3/Builds/R-dev-web/QA/Simon/packages/snowleopard-x86_64/results/3.1/KrigInv.Rcheck/00install.out’ for details.
Flavor: r-release-osx-x86_64-snowleopard