CRAN Package Check Results for Package KsPlot

Last updated on 2014-11-24 03:49:08.

Flavor Version Tinstall Tcheck Ttotal Status Flags
r-devel-linux-x86_64-debian-clang 1.3 5.40 95.61 101.02 NOTE
r-devel-linux-x86_64-debian-gcc 1.3 5.30 91.83 97.13 NOTE
r-devel-linux-x86_64-fedora-clang 1.3 228.79 NOTE
r-devel-linux-x86_64-fedora-gcc 1.3 217.11 NOTE
r-devel-osx-x86_64-clang 1.3 192.13 NOTE
r-devel-windows-ix86+x86_64 1.3 20.00 143.00 163.00 NOTE
r-patched-linux-x86_64 1.3 5.66 96.02 101.68 NOTE
r-patched-solaris-sparc 1.3 1259.00 NOTE
r-patched-solaris-x86 1.3 292.30 NOTE
r-release-linux-ix86 1.3 6.76 116.64 123.40 NOTE
r-release-linux-x86_64 1.3 5.67 96.02 101.70 NOTE
r-release-osx-x86_64-mavericks 1.3 NOTE
r-release-osx-x86_64-snowleopard 1.3 NOTE
r-release-windows-ix86+x86_64 1.3 23.00 161.00 184.00 NOTE
r-oldrel-windows-ix86+x86_64 1.3 24.00 150.00 174.00 NOTE

Check Details

Version: 1.3
Check: package dependencies
Result: NOTE
    Depends: includes the non-default packages:
     ‘e1071’ ‘caret’ ‘nnet’ ‘MASS’ ‘caTools’ ‘mda’ ‘glmnet’ ‘randomForest’
     ‘mvpart’
    Adding so many packages to the search path is excessive and importing
    selectively is preferable.
Flavors: r-devel-linux-x86_64-debian-clang, r-devel-linux-x86_64-debian-gcc, r-devel-linux-x86_64-fedora-clang, r-devel-linux-x86_64-fedora-gcc, r-devel-osx-x86_64-clang, r-devel-windows-ix86+x86_64, r-patched-linux-x86_64, r-patched-solaris-sparc, r-patched-solaris-x86, r-release-linux-ix86, r-release-linux-x86_64, r-release-osx-x86_64-mavericks, r-release-osx-x86_64-snowleopard, r-release-windows-ix86+x86_64

Version: 1.3
Check: dependencies in R code
Result: NOTE
    'library' or 'require' call to ‘caTools’ which was already attached by Depends.
     Please remove these calls from your code.
    See the information on DESCRIPTION files in the chapter ‘Creating R
    packages’ of the ‘Writing R Extensions’ manual.
Flavors: r-devel-linux-x86_64-debian-clang, r-devel-linux-x86_64-debian-gcc, r-devel-linux-x86_64-fedora-clang, r-devel-linux-x86_64-fedora-gcc, r-devel-osx-x86_64-clang, r-devel-windows-ix86+x86_64, r-patched-linux-x86_64, r-patched-solaris-sparc, r-patched-solaris-x86, r-release-linux-ix86, r-release-linux-x86_64, r-release-osx-x86_64-mavericks, r-release-osx-x86_64-snowleopard, r-release-windows-ix86+x86_64, r-oldrel-windows-ix86+x86_64