CRAN Package Check Results for Package KsPlot

Last updated on 2014-07-30 01:47:50.

Flavor Version Tinstall Tcheck Ttotal Status Flags
r-devel-linux-x86_64-debian-clang 1.3 6.09 97.04 103.13 NOTE
r-devel-linux-x86_64-debian-gcc 1.3 5.66 95.08 100.74 NOTE
r-devel-linux-x86_64-fedora-clang 1.3 242.31 NOTE
r-devel-linux-x86_64-fedora-gcc 1.3 229.78 NOTE
r-devel-osx-x86_64-clang 1.3 185.44 NOTE
r-devel-windows-ix86+x86_64 1.3 20.00 142.00 162.00 NOTE
r-patched-linux-x86_64 1.3 5.63 95.70 101.33 NOTE
r-patched-solaris-sparc 1.3 1076.90 NOTE
r-patched-solaris-x86 1.3 290.60 NOTE
r-release-linux-ix86 1.3 6.65 124.47 131.12 NOTE
r-release-linux-x86_64 1.3 5.74 102.04 107.77 NOTE
r-release-osx-x86_64-mavericks 1.3 NOTE
r-release-osx-x86_64-snowleopard 1.3 NOTE
r-release-windows-ix86+x86_64 1.3 18.00 150.00 168.00 NOTE
r-oldrel-windows-ix86+x86_64 1.3 22.00 148.00 170.00 NOTE

Check Details

Version: 1.3
Check: package dependencies
Result: NOTE
    Depends: includes the non-default packages:
     e1071 caret nnet MASS caTools mda glmnet randomForest
     mvpart
    Adding so many packages to the search path is excessive and importing
    selectively is preferable.
Flavors: r-devel-linux-x86_64-debian-clang, r-devel-linux-x86_64-debian-gcc, r-devel-linux-x86_64-fedora-clang, r-devel-linux-x86_64-fedora-gcc, r-devel-osx-x86_64-clang, r-devel-windows-ix86+x86_64, r-patched-linux-x86_64, r-patched-solaris-sparc, r-patched-solaris-x86, r-release-linux-ix86, r-release-linux-x86_64, r-release-osx-x86_64-mavericks, r-release-osx-x86_64-snowleopard, r-release-windows-ix86+x86_64

Version: 1.3
Check: dependencies in R code
Result: NOTE
    'library' or 'require' call to caTools which was already attached by Depends.
     Please remove these calls from your code.
    See the information on DESCRIPTION files in the chapter Creating R
    packages of the Writing R Extensions manual.
Flavors: r-devel-linux-x86_64-debian-clang, r-devel-linux-x86_64-debian-gcc, r-devel-linux-x86_64-fedora-clang, r-devel-linux-x86_64-fedora-gcc, r-devel-osx-x86_64-clang, r-devel-windows-ix86+x86_64, r-patched-linux-x86_64, r-patched-solaris-sparc, r-patched-solaris-x86, r-release-linux-ix86, r-release-linux-x86_64, r-release-osx-x86_64-mavericks, r-release-osx-x86_64-snowleopard, r-release-windows-ix86+x86_64, r-oldrel-windows-ix86+x86_64