CRAN Package Check Results for Package KsPlot

Last updated on 2014-08-20 23:46:40.

Flavor Version Tinstall Tcheck Ttotal Status Flags
r-devel-linux-x86_64-debian-clang 1.3 5.58 94.60 100.18 NOTE
r-devel-linux-x86_64-debian-gcc 1.3 5.58 92.02 97.61 NOTE
r-devel-linux-x86_64-fedora-clang 1.3 249.68 NOTE
r-devel-linux-x86_64-fedora-gcc 1.3 223.87 NOTE
r-devel-osx-x86_64-clang 1.3 183.00 NOTE
r-devel-windows-ix86+x86_64 1.3 19.00 144.00 163.00 NOTE
r-patched-linux-x86_64 1.3 5.66 97.86 103.52 NOTE
r-patched-solaris-sparc 1.3 1259.00 NOTE
r-patched-solaris-x86 1.3 291.60 NOTE
r-release-linux-ix86 1.3 6.80 123.44 130.24 NOTE
r-release-linux-x86_64 1.3 5.94 97.28 103.22 NOTE
r-release-osx-x86_64-mavericks 1.3 NOTE
r-release-osx-x86_64-snowleopard 1.3 NOTE
r-release-windows-ix86+x86_64 1.3 18.00 154.00 172.00 NOTE
r-oldrel-windows-ix86+x86_64 1.3 21.00 151.00 172.00 NOTE

Check Details

Version: 1.3
Check: package dependencies
Result: NOTE
    Depends: includes the non-default packages:
     ‘e1071’ ‘caret’ ‘nnet’ ‘MASS’ ‘caTools’ ‘mda’ ‘glmnet’ ‘randomForest’
     ‘mvpart’
    Adding so many packages to the search path is excessive and importing
    selectively is preferable.
Flavors: r-devel-linux-x86_64-debian-clang, r-devel-linux-x86_64-debian-gcc, r-devel-linux-x86_64-fedora-clang, r-devel-linux-x86_64-fedora-gcc, r-devel-osx-x86_64-clang, r-devel-windows-ix86+x86_64, r-patched-linux-x86_64, r-patched-solaris-sparc, r-patched-solaris-x86, r-release-linux-ix86, r-release-linux-x86_64, r-release-osx-x86_64-mavericks, r-release-osx-x86_64-snowleopard, r-release-windows-ix86+x86_64

Version: 1.3
Check: dependencies in R code
Result: NOTE
    'library' or 'require' call to ‘caTools’ which was already attached by Depends.
     Please remove these calls from your code.
    See the information on DESCRIPTION files in the chapter ‘Creating R
    packages’ of the ‘Writing R Extensions’ manual.
Flavors: r-devel-linux-x86_64-debian-clang, r-devel-linux-x86_64-debian-gcc, r-devel-linux-x86_64-fedora-clang, r-devel-linux-x86_64-fedora-gcc, r-devel-osx-x86_64-clang, r-devel-windows-ix86+x86_64, r-patched-linux-x86_64, r-patched-solaris-sparc, r-patched-solaris-x86, r-release-linux-ix86, r-release-linux-x86_64, r-release-osx-x86_64-mavericks, r-release-osx-x86_64-snowleopard, r-release-windows-ix86+x86_64, r-oldrel-windows-ix86+x86_64