CRAN Package Check Results for Package KsPlot

Last updated on 2014-04-18 03:47:18.

Flavor Version Tinstall Tcheck Ttotal Status Flags
r-devel-linux-x86_64-debian-clang 1.3 5.35 89.90 95.25 NOTE
r-devel-linux-x86_64-debian-gcc NOTE
r-devel-linux-x86_64-fedora-clang 1.3 214.26 NOTE
r-devel-linux-x86_64-fedora-gcc 1.3 205.42 NOTE
r-devel-macosx-x86_64-clang 1.3 181.13 NOTE
r-devel-macosx-x86_64-gcc 1.3 ERROR
r-devel-windows-ix86+x86_64 1.3 14.00 129.00 143.00 NOTE
r-patched-linux-x86_64 1.3 5.09 91.25 96.34 NOTE
r-patched-solaris-sparc 1.3 1076.90 NOTE
r-patched-solaris-x86 1.3 253.80 NOTE
r-release-linux-ix86 1.3 11.00 159.00 170.00 NOTE
r-release-linux-x86_64 1.3 5.00 91.03 96.04 NOTE
r-release-macosx-x86_64 1.3 NOTE
r-release-windows-ix86+x86_64 1.3 14.00 132.00 146.00 NOTE
r-oldrel-windows-ix86+x86_64 1.3 17.00 127.00 144.00 NOTE

Check Details

Version: 1.3
Check: package dependencies
Result: NOTE
    Depends: includes the non-default packages:
     ‘e1071’ ‘caret’ ‘nnet’ ‘MASS’ ‘caTools’ ‘mda’ ‘glmnet’ ‘randomForest’
     ‘mvpart’
    Adding so many packages to the search path is excessive and importing
    selectively is preferable.
Flavors: r-devel-linux-x86_64-debian-clang, r-devel-linux-x86_64-debian-gcc, r-devel-linux-x86_64-fedora-clang, r-devel-linux-x86_64-fedora-gcc, r-devel-macosx-x86_64-clang, r-devel-windows-ix86+x86_64, r-patched-linux-x86_64, r-patched-solaris-sparc, r-patched-solaris-x86, r-release-linux-ix86, r-release-linux-x86_64, r-release-macosx-x86_64, r-release-windows-ix86+x86_64

Version: 1.3
Check: dependencies in R code
Result: NOTE
    'library' or 'require' call to ‘caTools’ which was already attached by Depends.
     Please remove these calls from your code.
    See the information on DESCRIPTION files in the chapter ‘Creating R
    packages’ of the ‘Writing R Extensions’ manual.
Flavors: r-devel-linux-x86_64-debian-clang, r-devel-linux-x86_64-debian-gcc, r-devel-linux-x86_64-fedora-clang, r-devel-linux-x86_64-fedora-gcc, r-devel-macosx-x86_64-clang, r-devel-windows-ix86+x86_64, r-patched-linux-x86_64, r-patched-solaris-sparc, r-patched-solaris-x86, r-release-linux-ix86, r-release-linux-x86_64, r-release-macosx-x86_64, r-release-windows-ix86+x86_64, r-oldrel-windows-ix86+x86_64

Version: 1.3
Check: package dependencies
Result: ERROR
    Package required but not available: ‘caret’
    
    Depends: includes the non-default packages:
     ‘e1071’ ‘caret’ ‘nnet’ ‘MASS’ ‘caTools’ ‘mda’ ‘glmnet’ ‘randomForest’
     ‘mvpart’
    Adding so many packages to the search path is excessive and importing
    selectively is preferable.
    
    See the information on DESCRIPTION files in the chapter ‘Creating R
    packages’ of the ‘Writing R Extensions’ manual.
Flavor: r-devel-macosx-x86_64-gcc