CRAN Package Check Results for Package KsPlot

Last updated on 2014-10-22 05:47:21.

Flavor Version Tinstall Tcheck Ttotal Status Flags
r-devel-linux-x86_64-debian-clang 1.3 5.60 94.70 100.29 NOTE
r-devel-linux-x86_64-debian-gcc 1.3 5.40 93.22 98.61 NOTE
r-devel-linux-x86_64-fedora-clang 1.3 232.20 NOTE
r-devel-linux-x86_64-fedora-gcc 1.3 217.90 NOTE
r-devel-osx-x86_64-clang 1.3 188.76 NOTE
r-devel-windows-ix86+x86_64 1.3 20.00 136.00 156.00 NOTE
r-patched-linux-x86_64 1.3 5.69 97.50 103.19 NOTE
r-patched-solaris-sparc 1.3 1259.00 NOTE
r-patched-solaris-x86 1.3 295.00 NOTE
r-release-linux-ix86 1.3 7.16 126.24 133.40 NOTE
r-release-linux-x86_64 1.3 5.83 100.05 105.88 NOTE
r-release-osx-x86_64-mavericks 1.3 NOTE
r-release-osx-x86_64-snowleopard 1.3 NOTE
r-release-windows-ix86+x86_64 1.3 22.00 155.00 177.00 NOTE
r-oldrel-windows-ix86+x86_64 1.3 19.00 152.00 171.00 NOTE

Check Details

Version: 1.3
Check: package dependencies
Result: NOTE
    Depends: includes the non-default packages:
     ‘e1071’ ‘caret’ ‘nnet’ ‘MASS’ ‘caTools’ ‘mda’ ‘glmnet’ ‘randomForest’
     ‘mvpart’
    Adding so many packages to the search path is excessive and importing
    selectively is preferable.
Flavors: r-devel-linux-x86_64-debian-clang, r-devel-linux-x86_64-debian-gcc, r-devel-linux-x86_64-fedora-clang, r-devel-linux-x86_64-fedora-gcc, r-devel-osx-x86_64-clang, r-devel-windows-ix86+x86_64, r-patched-linux-x86_64, r-patched-solaris-sparc, r-patched-solaris-x86, r-release-linux-ix86, r-release-linux-x86_64, r-release-osx-x86_64-mavericks, r-release-osx-x86_64-snowleopard, r-release-windows-ix86+x86_64

Version: 1.3
Check: dependencies in R code
Result: NOTE
    'library' or 'require' call to ‘caTools’ which was already attached by Depends.
     Please remove these calls from your code.
    See the information on DESCRIPTION files in the chapter ‘Creating R
    packages’ of the ‘Writing R Extensions’ manual.
Flavors: r-devel-linux-x86_64-debian-clang, r-devel-linux-x86_64-debian-gcc, r-devel-linux-x86_64-fedora-clang, r-devel-linux-x86_64-fedora-gcc, r-devel-osx-x86_64-clang, r-devel-windows-ix86+x86_64, r-patched-linux-x86_64, r-patched-solaris-sparc, r-patched-solaris-x86, r-release-linux-ix86, r-release-linux-x86_64, r-release-osx-x86_64-mavericks, r-release-osx-x86_64-snowleopard, r-release-windows-ix86+x86_64, r-oldrel-windows-ix86+x86_64