CRAN Package Check Results for Package L1pack

Last updated on 2019-06-25 20:47:01 CEST.

Flavor Version Tinstall Tcheck Ttotal Status Flags
r-devel-linux-x86_64-debian-clang 0.38.19 4.24 20.08 24.32 OK
r-devel-linux-x86_64-debian-gcc 0.38.19 3.07 16.43 19.50 OK
r-devel-linux-x86_64-fedora-clang 0.38.19 29.21 OK
r-devel-linux-x86_64-fedora-gcc 0.38.19 28.23 OK
r-devel-windows-ix86+x86_64 0.38.19 23.00 56.00 79.00 OK
r-patched-linux-x86_64 0.38.19 3.80 20.11 23.91 OK
r-patched-solaris-x86 0.38.19 46.60 OK
r-release-linux-x86_64 0.38.19 3.96 20.16 24.12 ERROR
r-release-windows-ix86+x86_64 0.38.19 13.00 69.00 82.00 OK
r-release-osx-x86_64 0.38.19 OK
r-oldrel-windows-ix86+x86_64 0.38.19 11.00 38.00 49.00 OK
r-oldrel-osx-x86_64 0.38.19 OK

Check Details

Version: 0.38.19
Check: examples
Result: ERROR
    Running examples in ‘L1pack-Ex.R’ failed
    The error most likely occurred in:
    
    > base::assign(".ptime", proc.time(), pos = "CheckExEnv")
    > ### Name: lad
    > ### Title: Least absolute deviations regression
    > ### Aliases: lad
    > ### Keywords: regression
    >
    > ### ** Examples
    >
    > fm <- lad(stack.loss ~ ., data = stackloss, method = "BR")
    > summary(fm)
    Error in summary.lad(fm) :
     BLAS/LAPACK routine 'DTRTI2' gave error code -5
    Calls: summary -> summary.lad
    Execution halted
Flavor: r-release-linux-x86_64