CRAN Package Check Results for Package LAGOSNE

Last updated on 2023-05-30 00:59:48 CEST.

Flavor Version Tinstall Tcheck Ttotal Status Flags
r-devel-linux-x86_64-debian-clang 2.0.2 8.82 83.54 92.36 NOTE
r-devel-linux-x86_64-debian-gcc 2.0.2 6.79 61.38 68.17 NOTE
r-devel-linux-x86_64-fedora-clang 2.0.2 111.61 NOTE
r-devel-linux-x86_64-fedora-gcc 2.0.2 128.62 NOTE
r-devel-windows-x86_64 2.0.2 10.00 85.00 95.00 NOTE
r-patched-linux-x86_64 2.0.2 6.07 77.11 83.18 NOTE
r-release-linux-x86_64 2.0.2 7.61 76.06 83.67 NOTE
r-release-macos-arm64 2.0.2 37.00 NOTE
r-release-macos-x86_64 2.0.2 67.00 NOTE
r-release-windows-x86_64 2.0.2 13.00 98.00 111.00 NOTE
r-oldrel-macos-arm64 2.0.2 35.00 NOTE
r-oldrel-macos-x86_64 2.0.2 64.00 NOTE
r-oldrel-windows-x86_64 2.0.2 12.00 96.00 108.00 NOTE

Check Details

Version: 2.0.2
Check: LazyData
Result: NOTE
     'LazyData' is specified without a 'data' directory
Flavors: r-devel-linux-x86_64-debian-clang, r-devel-linux-x86_64-debian-gcc, r-devel-linux-x86_64-fedora-clang, r-devel-linux-x86_64-fedora-gcc, r-devel-windows-x86_64, r-patched-linux-x86_64, r-release-linux-x86_64, r-release-macos-arm64, r-release-macos-x86_64, r-release-windows-x86_64, r-oldrel-macos-arm64, r-oldrel-macos-x86_64, r-oldrel-windows-x86_64