CRAN Package Check Results for Package LARF

Last updated on 2015-01-29 03:48:35.

Flavor Version Tinstall Tcheck Ttotal Status Flags
r-devel-linux-x86_64-debian-clang 1.2 0.57 11.26 11.83 NOTE
r-devel-linux-x86_64-debian-gcc 1.2 0.56 11.00 11.56 NOTE
r-devel-linux-x86_64-fedora-clang 1.2 24.79 NOTE
r-devel-linux-x86_64-fedora-gcc 1.2 23.41 NOTE
r-devel-osx-x86_64-clang 1.2 28.62 NOTE
r-devel-windows-ix86+x86_64 1.2 2.00 19.00 21.00 OK
r-patched-linux-x86_64 1.2 0.60 12.05 12.64 OK
r-patched-solaris-sparc 1.2 149.00 OK
r-patched-solaris-x86 1.2 35.60 OK
r-release-linux-ix86 1.2 0.88 17.39 18.27 OK
r-release-linux-x86_64 1.2 0.60 11.49 12.09 OK
r-release-osx-x86_64-mavericks 1.2 OK
r-release-osx-x86_64-snowleopard 1.2 OK
r-release-windows-ix86+x86_64 1.2 2.00 19.00 21.00 OK
r-oldrel-windows-ix86+x86_64 1.2 2.00 20.00 22.00 OK

Check Details

Version: 1.2
Check: S3 generic/method consistency
Result: NOTE
    Found the following apparent S3 methods exported but not registered:
     print.larf print.summary.larf summary.larf predict.larf vcov.larf
    See section ‘Registering S3 methods’ in the ‘Writing R Extensions’
    manual.
Flavors: r-devel-linux-x86_64-debian-clang, r-devel-linux-x86_64-debian-gcc, r-devel-linux-x86_64-fedora-clang, r-devel-linux-x86_64-fedora-gcc, r-devel-osx-x86_64-clang