CRAN Package Check Results for Package LARF

Last updated on 2015-08-03 03:47:45.

Flavor Version Tinstall Tcheck Ttotal Status Flags
r-devel-linux-x86_64-debian-clang 1.3 0.57 11.48 12.05 NOTE
r-devel-linux-x86_64-debian-gcc 1.3 0.56 11.10 11.66 NOTE
r-devel-linux-x86_64-fedora-clang 1.3 22.39 NOTE
r-devel-linux-x86_64-fedora-gcc 1.3 20.28 NOTE
r-devel-osx-x86_64-clang 1.3 23.14 OK
r-devel-windows-ix86+x86_64 1.3 2.00 20.00 22.00 NOTE
r-patched-linux-x86_64 1.3 0.59 11.66 12.24 OK
r-patched-solaris-sparc 1.3 150.90 OK
r-patched-solaris-x86 1.3 33.80 OK
r-release-linux-x86_64 1.3 0.56 11.65 12.22 OK
r-release-osx-x86_64-mavericks 1.3 OK
r-release-windows-ix86+x86_64 1.3 3.00 21.00 24.00 OK
r-oldrel-windows-ix86+x86_64 1.3 4.00 25.00 29.00 OK

Check Details

Version: 1.3
Check: R code for possible problems
Result: NOTE
    Generate.Powers: no visible binding for global variable ‘polym’
    Generate.Powers: no visible global function definition for ‘cor’
    cvlm: no visible global function definition for ‘formula’
    cvlm: no visible global function definition for ‘model.frame’
    cvlm: no visible global function definition for ‘lm’
    cvlm: no visible global function definition for ‘terms’
    cvlm: no visible global function definition for ‘model.response’
    cvlm: no visible global function definition for ‘predict’
    larf: no visible global function definition for ‘model.frame’
    larf: no visible global function definition for ‘model.response’
    larf: no visible global function definition for ‘model.matrix’
    larf.fit: no visible global function definition for ‘glm’
    larf.fit: no visible global function definition for ‘binomial’
    larf.fit: no visible binding for global variable ‘probit’
    larf.fit: no visible global function definition for ‘pnorm’
    larf.fit: no visible global function definition for ‘dnorm’
    larf.fit : target: no visible global function definition for ‘pnorm’
    larf.fit: no visible global function definition for ‘optim’
    larf.fit: no visible global function definition for ‘pt’
    larf.fit : targetB: no visible global function definition for ‘dnorm’
    npse: no visible global function definition for ‘model.frame’
    npse: no visible global function definition for ‘model.response’
    npse: no visible global function definition for ‘model.matrix’
    npse: no visible global function definition for ‘lm’
    predict.larf: no visible global function definition for ‘pnorm’
    predict.larf: no visible global function definition for ‘coef’
    summary.larf: no visible global function definition for ‘coef’
    Undefined global functions or variables:
     binomial coef cor dnorm formula glm lm model.frame model.matrix
     model.response optim pnorm polym predict probit pt terms
    Consider adding
     importFrom("stats", "binomial", "coef", "cor", "dnorm", "formula",
     "glm", "lm", "model.frame", "model.matrix",
     "model.response", "optim", "pnorm", "polym", "predict",
     "pt", "terms")
    to your NAMESPACE.
Flavors: r-devel-linux-x86_64-debian-clang, r-devel-linux-x86_64-debian-gcc, r-devel-linux-x86_64-fedora-clang, r-devel-linux-x86_64-fedora-gcc, r-devel-windows-ix86+x86_64