CRAN Package Check Results for Package LARF

Last updated on 2015-07-06 11:48:09.

Flavor Version Tinstall Tcheck Ttotal Status Flags
r-devel-linux-x86_64-debian-clang 1.3 0.58 10.20 10.78 NOTE
r-devel-linux-x86_64-debian-gcc 1.3 0.60 10.07 10.66 NOTE
r-devel-linux-x86_64-fedora-clang 1.3 19.94 NOTE
r-devel-linux-x86_64-fedora-gcc 1.3 18.74 NOTE
r-devel-osx-x86_64-clang 1.3 23.38 OK
r-devel-windows-ix86+x86_64 1.3 2.00 20.00 22.00 NOTE
r-patched-linux-x86_64 1.3 0.56 11.47 12.03 OK
r-patched-solaris-sparc 1.3 154.70 OK
r-patched-solaris-x86 1.3 34.40 OK
r-release-linux-x86_64 1.3 0.56 11.52 12.08 OK
r-release-osx-x86_64-mavericks 1.3 OK
r-release-windows-ix86+x86_64 1.3 3.00 21.00 24.00 OK
r-oldrel-windows-ix86+x86_64 1.3 4.00 25.00 29.00 OK

Check Details

Version: 1.3
Check: R code for possible problems
Result: NOTE
    Generate.Powers: no visible binding for global variable ‘polym’
    Generate.Powers: no visible global function definition for ‘cor’
    cvlm: no visible global function definition for ‘formula’
    cvlm: no visible global function definition for ‘model.frame’
    cvlm: no visible global function definition for ‘lm’
    cvlm: no visible global function definition for ‘terms’
    cvlm: no visible global function definition for ‘model.response’
    cvlm: no visible global function definition for ‘predict’
    larf: no visible global function definition for ‘model.frame’
    larf: no visible global function definition for ‘model.response’
    larf: no visible global function definition for ‘model.matrix’
    larf.fit: no visible global function definition for ‘glm’
    larf.fit: Error while checking: invalid ‘envir’ argument
    npse: no visible global function definition for ‘model.frame’
    npse: no visible global function definition for ‘model.response’
    npse: no visible global function definition for ‘model.matrix’
    npse: no visible global function definition for ‘lm’
    predict.larf: no visible global function definition for ‘pnorm’
    predict.larf: no visible global function definition for ‘coef’
    summary.larf: no visible global function definition for ‘coef’
    Undefined global functions or variables:
     coef cor formula glm lm model.frame model.matrix model.response pnorm
     polym predict terms
Flavors: r-devel-linux-x86_64-debian-clang, r-devel-linux-x86_64-debian-gcc, r-devel-linux-x86_64-fedora-clang, r-devel-linux-x86_64-fedora-gcc

Version: 1.3
Check: R code for possible problems
Result: NOTE
    Generate.Powers: no visible binding for global variable 'polym'
    Generate.Powers: no visible global function definition for 'cor'
    cvlm: no visible global function definition for 'formula'
    cvlm: no visible global function definition for 'model.frame'
    cvlm: no visible global function definition for 'lm'
    cvlm: no visible global function definition for 'terms'
    cvlm: no visible global function definition for 'model.response'
    cvlm: no visible global function definition for 'predict'
    larf: no visible global function definition for 'model.frame'
    larf: no visible global function definition for 'model.response'
    larf: no visible global function definition for 'model.matrix'
    larf.fit: no visible global function definition for 'glm'
    larf.fit: no visible global function definition for 'binomial'
    larf.fit: no visible binding for global variable 'probit'
    larf.fit: no visible global function definition for 'pnorm'
    larf.fit: no visible global function definition for 'dnorm'
    larf.fit : target: no visible global function definition for 'pnorm'
    larf.fit: no visible global function definition for 'optim'
    larf.fit: no visible global function definition for 'pt'
    larf.fit : targetB: no visible global function definition for 'dnorm'
    npse: no visible global function definition for 'model.frame'
    npse: no visible global function definition for 'model.response'
    npse: no visible global function definition for 'model.matrix'
    npse: no visible global function definition for 'lm'
    predict.larf: no visible global function definition for 'pnorm'
    predict.larf: no visible global function definition for 'coef'
    summary.larf: no visible global function definition for 'coef'
    Undefined global functions or variables:
     binomial coef cor dnorm formula glm lm model.frame model.matrix
     model.response optim pnorm polym predict probit pt terms
Flavor: r-devel-windows-ix86+x86_64