CRAN Package Check Results for Package LCAextend

Last updated on 2016-05-05 11:48:09.

Flavor Version Tinstall Tcheck Ttotal Status Flags
r-devel-linux-x86_64-debian-gcc 1.2 4.22 80.95 85.17 NOTE
r-devel-linux-x86_64-fedora-clang 1.2 169.78 NOTE
r-devel-linux-x86_64-fedora-gcc 1.2 154.95 NOTE
r-devel-osx-x86_64-clang 1.2 180.83 NOTE
r-devel-windows-ix86+x86_64 1.2 11.00 130.00 141.00 NOTE
r-patched-linux-x86_64 1.2 4.50 76.76 81.26 NOTE
r-patched-solaris-sparc 1.2 1042.00 NOTE
r-patched-solaris-x86 1.2 197.60 NOTE
r-release-linux-x86_64 1.2 4.05 78.05 82.10 NOTE
r-release-osx-x86_64-mavericks 1.2 NOTE
r-release-windows-ix86+x86_64 1.2 11.00 130.00 141.00 NOTE
r-oldrel-windows-ix86+x86_64 1.2 21.00 192.00 213.00 NOTE

Check Details

Version: 1.2
Check: R code for possible problems
Result: NOTE
    dens.norm: no visible global function definition for ‘dnorm’
    init.norm: no visible global function definition for ‘var’
    init.norm: no visible global function definition for ‘cutree’
    init.norm: no visible global function definition for ‘hclust’
    init.norm: no visible global function definition for ‘dist’
    optim.const.ordi: no visible binding for global variable ‘k’
    optim.const.ordi: no visible global function definition for ‘coef’
    Undefined global functions or variables:
     coef cutree dist dnorm hclust k var
    Consider adding
     importFrom("stats", "coef", "cutree", "dist", "dnorm", "hclust", "var")
    to your NAMESPACE file.
Flavors: r-devel-linux-x86_64-debian-gcc, r-devel-linux-x86_64-fedora-clang, r-devel-linux-x86_64-fedora-gcc, r-devel-osx-x86_64-clang, r-devel-windows-ix86+x86_64, r-patched-linux-x86_64, r-patched-solaris-sparc, r-patched-solaris-x86, r-release-linux-x86_64, r-release-windows-ix86+x86_64

Version: 1.2
Check: R code for possible problems
Result: NOTE
    optim.const.ordi: no visible binding for global variable ‘k’
Flavors: r-release-osx-x86_64-mavericks, r-oldrel-windows-ix86+x86_64