CRAN Package Check Results for Package LCAextend

Last updated on 2014-10-25 11:48:39.

Flavor Version Tinstall Tcheck Ttotal Status Flags
r-devel-linux-x86_64-debian-clang 1.2 4.62 90.50 95.12 NOTE
r-devel-linux-x86_64-debian-gcc 1.2 4.50 89.02 93.52 NOTE
r-devel-linux-x86_64-fedora-clang 1.2 218.15 NOTE
r-devel-linux-x86_64-fedora-gcc 1.2 204.02 NOTE
r-devel-osx-x86_64-clang 1.2 173.16 NOTE
r-devel-windows-ix86+x86_64 1.2 15.00 134.00 149.00 NOTE
r-patched-linux-x86_64 1.2 5.04 91.46 96.50 NOTE
r-patched-solaris-sparc 1.2 1218.80 NOTE
r-patched-solaris-x86 1.2 259.00 NOTE
r-release-linux-ix86 1.2 5.96 112.96 118.92 NOTE
r-release-linux-x86_64 1.2 4.97 92.13 97.10 NOTE
r-release-osx-x86_64-mavericks 1.2 NOTE
r-release-osx-x86_64-snowleopard 1.2 NOTE
r-release-windows-ix86+x86_64 1.2 20.00 146.00 166.00 NOTE
r-oldrel-windows-ix86+x86_64 1.2 17.00 152.00 169.00 NOTE

Check Details

Version: 1.2
Check: R code for possible problems
Result: NOTE
    optim.const.ordi: no visible binding for global variable ‘k’
Flavors: r-devel-linux-x86_64-debian-clang, r-devel-linux-x86_64-debian-gcc, r-devel-linux-x86_64-fedora-clang, r-devel-linux-x86_64-fedora-gcc, r-devel-osx-x86_64-clang, r-devel-windows-ix86+x86_64, r-patched-linux-x86_64, r-patched-solaris-sparc, r-patched-solaris-x86, r-release-linux-ix86, r-release-linux-x86_64, r-release-osx-x86_64-mavericks, r-release-osx-x86_64-snowleopard, r-release-windows-ix86+x86_64, r-oldrel-windows-ix86+x86_64