CRAN Package Check Results for Package LCAextend

Last updated on 2015-05-27 17:47:17.

Flavor Version Tinstall Tcheck Ttotal Status Flags
r-devel-linux-x86_64-debian-clang 1.2 4.30 81.08 85.38 NOTE
r-devel-linux-x86_64-debian-gcc 1.2 4.04 79.83 83.87 NOTE
r-devel-linux-x86_64-fedora-clang 1.2 178.00 NOTE
r-devel-linux-x86_64-fedora-gcc 1.2 165.03 NOTE
r-devel-osx-x86_64-clang 1.2 145.33 NOTE
r-devel-windows-ix86+x86_64 1.2 16.00 120.00 136.00 NOTE
r-patched-linux-x86_64 1.2 4.07 78.20 82.27 NOTE
r-patched-solaris-sparc 1.2 1088.20 NOTE
r-patched-solaris-x86 1.2 218.30 NOTE
r-release-linux-x86_64 1.2 4.92 78.34 83.26 NOTE
r-release-osx-x86_64-mavericks 1.2 NOTE
r-release-osx-x86_64-snowleopard 1.2 ERROR
r-release-windows-ix86+x86_64 1.2 15.00 131.00 146.00 NOTE
r-oldrel-windows-ix86+x86_64 1.2 26.00 167.00 193.00 NOTE

Check Details

Version: 1.2
Check: R code for possible problems
Result: NOTE
    optim.const.ordi: no visible binding for global variable ‘k’
Flavors: r-devel-linux-x86_64-debian-clang, r-devel-linux-x86_64-debian-gcc, r-devel-linux-x86_64-fedora-clang, r-devel-linux-x86_64-fedora-gcc, r-devel-osx-x86_64-clang, r-devel-windows-ix86+x86_64, r-patched-linux-x86_64, r-patched-solaris-sparc, r-patched-solaris-x86, r-release-linux-x86_64, r-release-osx-x86_64-mavericks, r-release-windows-ix86+x86_64, r-oldrel-windows-ix86+x86_64

Version: 1.2
Check: package dependencies
Result: ERROR
    Package required but not available: ‘rms’
    
    See section ‘The DESCRIPTION file’ in the ‘Writing R Extensions’
    manual.
Flavor: r-release-osx-x86_64-snowleopard