CRAN Package Check Results for Package LCAextend

Last updated on 2015-04-01 08:50:07.

Flavor Version Tinstall Tcheck Ttotal Status Flags
r-devel-linux-x86_64-debian-clang 1.2 4.22 97.32 101.55 NOTE
r-devel-linux-x86_64-debian-gcc 1.2 4.00 75.24 79.25 NOTE
r-devel-linux-x86_64-fedora-clang 1.2 173.90 NOTE
r-devel-linux-x86_64-fedora-gcc 1.2 162.91 NOTE
r-devel-osx-x86_64-clang 1.2 155.76 NOTE
r-prerel-windows-ix86+x86_64 1.2 15.00 130.00 145.00 NOTE
r-prerel-linux-x86_64 1.2 4.05 76.66 80.70 NOTE
r-prerel-solaris-sparc 1.2 1071.10 NOTE
r-prerel-solaris-x86 1.2 209.90 NOTE
r-release-linux-x86_64 1.2 8.26 105.18 113.44 NOTE
r-release-osx-x86_64-mavericks 1.2 NOTE
r-release-osx-x86_64-snowleopard 1.2 NOTE
r-release-windows-ix86+x86_64 1.2 23.00 167.00 190.00 NOTE
r-oldrel-windows-ix86+x86_64 1.2 24.00 181.00 205.00 NOTE

Check Details

Version: 1.2
Check: R code for possible problems
Result: NOTE
    optim.const.ordi: no visible binding for global variable ‘k’
Flavors: r-devel-linux-x86_64-debian-clang, r-devel-linux-x86_64-debian-gcc, r-devel-linux-x86_64-fedora-clang, r-devel-linux-x86_64-fedora-gcc, r-devel-osx-x86_64-clang, r-prerel-windows-ix86+x86_64, r-prerel-linux-x86_64, r-prerel-solaris-sparc, r-prerel-solaris-x86, r-release-linux-x86_64, r-release-osx-x86_64-mavericks, r-release-osx-x86_64-snowleopard, r-release-windows-ix86+x86_64, r-oldrel-windows-ix86+x86_64