CRAN Package Check Results for Package LCAextend

Last updated on 2014-09-16 08:49:47.

Flavor Version Tinstall Tcheck Ttotal Status Flags
r-devel-linux-x86_64-debian-clang 1.2 4.35 87.84 92.19 NOTE
r-devel-linux-x86_64-debian-gcc 1.2 4.47 81.43 85.90 NOTE
r-devel-linux-x86_64-fedora-clang 1.2 199.04 NOTE
r-devel-linux-x86_64-fedora-gcc 1.2 254.61 NOTE
r-devel-osx-x86_64-clang 1.2 148.86 NOTE
r-devel-windows-ix86+x86_64 1.2 13.00 121.00 134.00 NOTE
r-patched-linux-x86_64 1.2 4.49 84.74 89.23 NOTE
r-patched-solaris-sparc 1.2 1202.40 NOTE
r-patched-solaris-x86 1.2 241.00 NOTE
r-release-linux-ix86 1.2 5.53 104.23 109.76 NOTE
r-release-linux-x86_64 1.2 4.76 87.04 91.81 NOTE
r-release-osx-x86_64-mavericks 1.2 NOTE
r-release-osx-x86_64-snowleopard 1.2 NOTE
r-release-windows-ix86+x86_64 1.2 13.00 136.00 149.00 NOTE
r-oldrel-windows-ix86+x86_64 1.2 15.00 128.00 143.00 NOTE

Check Details

Version: 1.2
Check: R code for possible problems
Result: NOTE
    optim.const.ordi: no visible binding for global variable ‘k’
Flavors: r-devel-linux-x86_64-debian-clang, r-devel-linux-x86_64-debian-gcc, r-devel-linux-x86_64-fedora-clang, r-devel-linux-x86_64-fedora-gcc, r-devel-osx-x86_64-clang, r-devel-windows-ix86+x86_64, r-patched-linux-x86_64, r-patched-solaris-sparc, r-patched-solaris-x86, r-release-linux-ix86, r-release-linux-x86_64, r-release-osx-x86_64-mavericks, r-release-osx-x86_64-snowleopard, r-release-windows-ix86+x86_64, r-oldrel-windows-ix86+x86_64