CRAN Package Check Results for Package LCAextend

Last updated on 2016-12-09 17:54:04.

Flavor Version Tinstall Tcheck Ttotal Status Flags
r-devel-linux-x86_64-debian-clang 1.2 4.36 77.26 81.62 NOTE
r-devel-linux-x86_64-debian-gcc 1.2 0.38 1.70 2.08 ERROR
r-devel-linux-x86_64-fedora-clang 1.2 176.15 NOTE --no-stop-on-test-error
r-devel-linux-x86_64-fedora-gcc 1.2 173.84 NOTE --no-stop-on-test-error
r-devel-macos-x86_64-clang 1.2 133.39 NOTE --no-stop-on-test-error
r-devel-windows-ix86+x86_64 1.2 14.00 128.00 142.00 NOTE
r-patched-linux-x86_64 1.2 3.93 77.60 81.53 NOTE
r-patched-solaris-sparc 1.2 1136.10 NOTE
r-patched-solaris-x86 1.2 205.60 NOTE
r-release-linux-x86_64 1.2 3.94 77.43 81.37 NOTE
r-release-osx-x86_64-mavericks 1.2 NOTE
r-release-windows-ix86+x86_64 1.2 15.00 135.00 150.00 NOTE
r-oldrel-windows-ix86+x86_64 1.2 21.00 206.00 227.00 NOTE

Check Details

Version: 1.2
Check: R code for possible problems
Result: NOTE
    dens.norm: no visible global function definition for ‘dnorm’
    init.norm: no visible global function definition for ‘var’
    init.norm: no visible global function definition for ‘cutree’
    init.norm: no visible global function definition for ‘hclust’
    init.norm: no visible global function definition for ‘dist’
    optim.const.ordi: no visible binding for global variable ‘k’
    optim.const.ordi: no visible global function definition for ‘coef’
    Undefined global functions or variables:
     coef cutree dist dnorm hclust k var
    Consider adding
     importFrom("stats", "coef", "cutree", "dist", "dnorm", "hclust", "var")
    to your NAMESPACE file.
Flavors: r-devel-linux-x86_64-debian-clang, r-devel-windows-ix86+x86_64, r-patched-linux-x86_64, r-patched-solaris-sparc, r-patched-solaris-x86, r-release-linux-x86_64, r-release-osx-x86_64-mavericks, r-release-windows-ix86+x86_64

Version: 1.2
Check: package dependencies
Result: ERROR
    Package required but not available: ‘rms’
    
    See section ‘The DESCRIPTION file’ in the ‘Writing R Extensions’
    manual.
Flavor: r-devel-linux-x86_64-debian-gcc

Version: 1.2
Flags: --no-stop-on-test-error
Check: R code for possible problems
Result: NOTE
    dens.norm: no visible global function definition for ‘dnorm’
    init.norm: no visible global function definition for ‘var’
    init.norm: no visible global function definition for ‘cutree’
    init.norm: no visible global function definition for ‘hclust’
    init.norm: no visible global function definition for ‘dist’
    optim.const.ordi: no visible binding for global variable ‘k’
    optim.const.ordi: no visible global function definition for ‘coef’
    Undefined global functions or variables:
     coef cutree dist dnorm hclust k var
    Consider adding
     importFrom("stats", "coef", "cutree", "dist", "dnorm", "hclust", "var")
    to your NAMESPACE file.
Flavors: r-devel-linux-x86_64-fedora-clang, r-devel-linux-x86_64-fedora-gcc, r-devel-macos-x86_64-clang

Version: 1.2
Check: R code for possible problems
Result: NOTE
    optim.const.ordi: no visible binding for global variable 'k'
Flavor: r-oldrel-windows-ix86+x86_64