CRAN Package Check Results for Package LCAextend

Last updated on 2015-08-01 14:50:58.

Flavor Version Tinstall Tcheck Ttotal Status Flags
r-devel-linux-x86_64-debian-clang 1.2 4.21 78.07 82.28 NOTE
r-devel-linux-x86_64-debian-gcc 1.2 4.04 75.30 79.34 NOTE
r-devel-linux-x86_64-fedora-clang 1.2 172.70 NOTE
r-devel-linux-x86_64-fedora-gcc 1.2 162.94 NOTE
r-devel-osx-x86_64-clang 1.2 146.40 NOTE
r-devel-windows-ix86+x86_64 1.2 24.00 139.00 163.00 NOTE
r-patched-linux-x86_64 1.2 4.11 76.60 80.70 NOTE
r-patched-solaris-sparc 1.2 1120.30 NOTE
r-patched-solaris-x86 1.2 216.80 NOTE
r-release-linux-x86_64 1.2 4.03 88.42 92.46 NOTE
r-release-osx-x86_64-mavericks 1.2 NOTE
r-release-windows-ix86+x86_64 1.2 20.00 135.00 155.00 NOTE
r-oldrel-windows-ix86+x86_64 1.2 38.00 203.00 241.00 NOTE

Check Details

Version: 1.2
Check: R code for possible problems
Result: NOTE
    dens.norm: no visible global function definition for ‘dnorm’
    init.norm: no visible global function definition for ‘var’
    init.norm: no visible global function definition for ‘cutree’
    init.norm: no visible global function definition for ‘hclust’
    init.norm: no visible global function definition for ‘dist’
    optim.const.ordi: no visible binding for global variable ‘k’
    optim.const.ordi: no visible global function definition for ‘coef’
    Undefined global functions or variables:
     coef cutree dist dnorm hclust k var
    Consider adding
     importFrom("stats", "coef", "cutree", "dist", "dnorm", "hclust", "var")
    to your NAMESPACE.
Flavors: r-devel-linux-x86_64-debian-clang, r-devel-linux-x86_64-debian-gcc, r-devel-linux-x86_64-fedora-clang, r-devel-linux-x86_64-fedora-gcc, r-devel-windows-ix86+x86_64

Version: 1.2
Check: R code for possible problems
Result: NOTE
    optim.const.ordi: no visible binding for global variable ‘k’
    Undefined global functions or variables:
     k
Flavor: r-devel-osx-x86_64-clang

Version: 1.2
Check: R code for possible problems
Result: NOTE
    optim.const.ordi: no visible binding for global variable ‘k’
Flavors: r-patched-linux-x86_64, r-patched-solaris-sparc, r-patched-solaris-x86, r-release-linux-x86_64, r-release-osx-x86_64-mavericks, r-release-windows-ix86+x86_64, r-oldrel-windows-ix86+x86_64