CRAN Package Check Results for Package LCAextend

Last updated on 2017-12-16 05:47:55 CET.

Flavor Version Tinstall Tcheck Ttotal Status Flags
r-devel-linux-x86_64-debian-clang 1.2 4.97 129.51 134.48 NOTE
r-devel-linux-x86_64-debian-gcc 1.2 5.16 97.05 102.21 NOTE
r-devel-linux-x86_64-fedora-clang 1.2 161.52 NOTE
r-devel-linux-x86_64-fedora-gcc 1.2 161.82 NOTE
r-devel-windows-ix86+x86_64 1.2 17.00 146.00 163.00 NOTE
r-patched-linux-x86_64 1.2 6.95 138.33 145.28 NOTE
r-patched-solaris-x86 1.2 221.80 NOTE
r-release-linux-x86_64 1.2 5.60 135.88 141.48 NOTE
r-release-windows-ix86+x86_64 1.2 15.00 138.00 153.00 NOTE
r-release-osx-x86_64 1.2 NOTE
r-oldrel-windows-ix86+x86_64 1.2 15.00 193.00 208.00 NOTE
r-oldrel-osx-x86_64 1.2 NOTE

Check Details

Version: 1.2
Check: R code for possible problems
Result: NOTE
    dens.norm: no visible global function definition for ‘dnorm’
    init.norm: no visible global function definition for ‘var’
    init.norm: no visible global function definition for ‘cutree’
    init.norm: no visible global function definition for ‘hclust’
    init.norm: no visible global function definition for ‘dist’
    optim.const.ordi: no visible binding for global variable ‘k’
    optim.const.ordi: no visible global function definition for ‘coef’
    Undefined global functions or variables:
     coef cutree dist dnorm hclust k var
    Consider adding
     importFrom("stats", "coef", "cutree", "dist", "dnorm", "hclust", "var")
    to your NAMESPACE file.
Flavors: r-devel-linux-x86_64-debian-clang, r-devel-linux-x86_64-debian-gcc, r-devel-linux-x86_64-fedora-clang, r-devel-linux-x86_64-fedora-gcc, r-devel-windows-ix86+x86_64, r-patched-linux-x86_64, r-patched-solaris-x86, r-release-linux-x86_64, r-release-windows-ix86+x86_64, r-release-osx-x86_64, r-oldrel-windows-ix86+x86_64, r-oldrel-osx-x86_64