CRAN Package Check Results for Package LCAextend

Last updated on 2017-03-25 17:49:35.

Flavor Version Tinstall Tcheck Ttotal Status Flags
r-devel-linux-x86_64-debian-clang 1.2 4.44 81.39 85.82 NOTE
r-devel-linux-x86_64-debian-gcc 1.2 4.46 77.21 81.66 NOTE
r-devel-linux-x86_64-fedora-clang 1.2 172.56 NOTE --no-stop-on-test-error
r-devel-linux-x86_64-fedora-gcc 1.2 171.18 NOTE --no-stop-on-test-error
r-devel-macos-x86_64-clang 1.2 132.48 NOTE --no-stop-on-test-error
r-devel-windows-ix86+x86_64 1.2 16.00 132.00 148.00 NOTE
r-patched-linux-x86_64 1.2 4.36 76.99 81.36 NOTE
r-patched-solaris-sparc 1.2 1081.20 NOTE
r-patched-solaris-x86 1.2 222.60 NOTE
r-release-linux-x86_64 1.2 4.12 87.54 91.65 NOTE
r-release-osx-x86_64-mavericks 1.2 NOTE
r-release-windows-ix86+x86_64 1.2 22.00 137.00 159.00 NOTE
r-oldrel-windows-ix86+x86_64 1.2 16.00 237.00 253.00 NOTE

Check Details

Version: 1.2
Check: R code for possible problems
Result: NOTE
    dens.norm: no visible global function definition for ‘dnorm’
    init.norm: no visible global function definition for ‘var’
    init.norm: no visible global function definition for ‘cutree’
    init.norm: no visible global function definition for ‘hclust’
    init.norm: no visible global function definition for ‘dist’
    optim.const.ordi: no visible binding for global variable ‘k’
    optim.const.ordi: no visible global function definition for ‘coef’
    Undefined global functions or variables:
     coef cutree dist dnorm hclust k var
    Consider adding
     importFrom("stats", "coef", "cutree", "dist", "dnorm", "hclust", "var")
    to your NAMESPACE file.
Flavors: r-devel-linux-x86_64-debian-clang, r-devel-linux-x86_64-debian-gcc, r-devel-windows-ix86+x86_64, r-patched-linux-x86_64, r-patched-solaris-sparc, r-patched-solaris-x86, r-release-linux-x86_64, r-release-osx-x86_64-mavericks, r-release-windows-ix86+x86_64

Version: 1.2
Flags: --no-stop-on-test-error
Check: R code for possible problems
Result: NOTE
    dens.norm: no visible global function definition for ‘dnorm’
    init.norm: no visible global function definition for ‘var’
    init.norm: no visible global function definition for ‘cutree’
    init.norm: no visible global function definition for ‘hclust’
    init.norm: no visible global function definition for ‘dist’
    optim.const.ordi: no visible binding for global variable ‘k’
    optim.const.ordi: no visible global function definition for ‘coef’
    Undefined global functions or variables:
     coef cutree dist dnorm hclust k var
    Consider adding
     importFrom("stats", "coef", "cutree", "dist", "dnorm", "hclust", "var")
    to your NAMESPACE file.
Flavors: r-devel-linux-x86_64-fedora-clang, r-devel-linux-x86_64-fedora-gcc, r-devel-macos-x86_64-clang

Version: 1.2
Check: R code for possible problems
Result: NOTE
    optim.const.ordi: no visible binding for global variable 'k'
Flavor: r-oldrel-windows-ix86+x86_64