CRAN Package Check Results for Package LCAextend

Last updated on 2016-02-10 11:55:18.

Flavor Version Tinstall Tcheck Ttotal Status Flags
r-devel-linux-x86_64-debian-gcc 1.2 3.88 75.09 78.97 NOTE
r-devel-linux-x86_64-fedora-clang 1.2 164.04 NOTE
r-devel-linux-x86_64-fedora-gcc 1.2 156.22 NOTE
r-devel-osx-x86_64-clang 1.2 176.39 NOTE
r-devel-windows-ix86+x86_64 1.2 18.00 135.00 153.00 NOTE
r-patched-linux-x86_64 1.2 4.76 80.77 85.52 NOTE
r-patched-solaris-sparc 1.2 1082.40 NOTE
r-patched-solaris-x86 1.2 203.60 NOTE
r-release-linux-x86_64 1.2 4.44 79.79 84.23 NOTE
r-release-osx-x86_64-mavericks 1.2 NOTE
r-release-windows-ix86+x86_64 1.2 18.00 150.00 168.00 NOTE
r-oldrel-windows-ix86+x86_64 1.2 38.00 207.00 245.00 NOTE

Check Details

Version: 1.2
Check: R code for possible problems
Result: NOTE
    dens.norm: no visible global function definition for ‘dnorm’
    init.norm: no visible global function definition for ‘var’
    init.norm: no visible global function definition for ‘cutree’
    init.norm: no visible global function definition for ‘hclust’
    init.norm: no visible global function definition for ‘dist’
    optim.const.ordi: no visible binding for global variable ‘k’
    optim.const.ordi: no visible global function definition for ‘coef’
    Undefined global functions or variables:
     coef cutree dist dnorm hclust k var
    Consider adding
     importFrom("stats", "coef", "cutree", "dist", "dnorm", "hclust", "var")
    to your NAMESPACE file.
Flavors: r-devel-linux-x86_64-debian-gcc, r-devel-linux-x86_64-fedora-clang, r-devel-linux-x86_64-fedora-gcc, r-devel-osx-x86_64-clang, r-devel-windows-ix86+x86_64

Version: 1.2
Check: R code for possible problems
Result: NOTE
    optim.const.ordi: no visible binding for global variable ‘k’
Flavors: r-patched-linux-x86_64, r-patched-solaris-sparc, r-patched-solaris-x86, r-release-linux-x86_64, r-release-osx-x86_64-mavericks, r-release-windows-ix86+x86_64, r-oldrel-windows-ix86+x86_64