CRAN Package Check Results for Package LCAextend

Last updated on 2017-08-18 00:50:02.

Flavor Version Tinstall Tcheck Ttotal Status Flags
r-devel-linux-x86_64-debian-clang 1.2 4.26 80.88 85.14 NOTE
r-devel-linux-x86_64-debian-gcc 1.2 4.19 76.87 81.06 NOTE
r-devel-linux-x86_64-fedora-clang 1.2 175.26 NOTE
r-devel-linux-x86_64-fedora-gcc 1.2 184.91 NOTE
r-devel-windows-ix86+x86_64 1.2 16.00 123.00 139.00 NOTE
r-patched-linux-x86_64 1.2 4.42 79.01 83.42 NOTE
r-patched-solaris-x86 1.2 217.40 NOTE
r-release-linux-x86_64 1.2 4.75 77.39 82.14 NOTE
r-release-windows-ix86+x86_64 1.2 14.00 140.00 154.00 NOTE
r-release-osx-x86_64 1.2 NOTE
r-oldrel-windows-ix86+x86_64 1.2 15.00 125.00 140.00 NOTE
r-oldrel-osx-x86_64 1.2 NOTE

Check Details

Version: 1.2
Check: R code for possible problems
Result: NOTE
    dens.norm: no visible global function definition for ‘dnorm’
    init.norm: no visible global function definition for ‘var’
    init.norm: no visible global function definition for ‘cutree’
    init.norm: no visible global function definition for ‘hclust’
    init.norm: no visible global function definition for ‘dist’
    optim.const.ordi: no visible binding for global variable ‘k’
    optim.const.ordi: no visible global function definition for ‘coef’
    Undefined global functions or variables:
     coef cutree dist dnorm hclust k var
    Consider adding
     importFrom("stats", "coef", "cutree", "dist", "dnorm", "hclust", "var")
    to your NAMESPACE file.
Flavors: r-devel-linux-x86_64-debian-clang, r-devel-linux-x86_64-debian-gcc, r-devel-linux-x86_64-fedora-clang, r-devel-linux-x86_64-fedora-gcc, r-devel-windows-ix86+x86_64, r-patched-linux-x86_64, r-patched-solaris-x86, r-release-linux-x86_64, r-release-windows-ix86+x86_64, r-release-osx-x86_64, r-oldrel-windows-ix86+x86_64, r-oldrel-osx-x86_64