CRAN Package Check Results for Package LCAextend

Last updated on 2016-06-01 00:47:23.

Flavor Version Tinstall Tcheck Ttotal Status Flags
r-devel-linux-x86_64-debian-gcc 1.2 4.20 83.59 87.80 NOTE
r-devel-linux-x86_64-fedora-clang 1.2 169.44 NOTE
r-devel-linux-x86_64-fedora-gcc 1.2 161.46 NOTE
r-devel-osx-x86_64-clang 1.2 182.64 NOTE
r-devel-windows-ix86+x86_64 1.2 19.00 192.00 211.00 NOTE
r-patched-linux-x86_64 1.2 4.16 79.04 83.20 NOTE
r-patched-solaris-sparc 1.2 1071.70 NOTE
r-patched-solaris-x86 1.2 200.20 NOTE
r-release-linux-x86_64 1.2 3.98 79.21 83.19 NOTE
r-release-osx-x86_64-mavericks 1.2 NOTE
r-release-windows-ix86+x86_64 1.2 18.00 138.00 156.00 NOTE
r-oldrel-windows-ix86+x86_64 1.2 13.00 142.00 155.00 NOTE

Check Details

Version: 1.2
Check: R code for possible problems
Result: NOTE
    dens.norm: no visible global function definition for ‘dnorm’
    init.norm: no visible global function definition for ‘var’
    init.norm: no visible global function definition for ‘cutree’
    init.norm: no visible global function definition for ‘hclust’
    init.norm: no visible global function definition for ‘dist’
    optim.const.ordi: no visible binding for global variable ‘k’
    optim.const.ordi: no visible global function definition for ‘coef’
    Undefined global functions or variables:
     coef cutree dist dnorm hclust k var
    Consider adding
     importFrom("stats", "coef", "cutree", "dist", "dnorm", "hclust", "var")
    to your NAMESPACE file.
Flavors: r-devel-linux-x86_64-debian-gcc, r-devel-linux-x86_64-fedora-clang, r-devel-linux-x86_64-fedora-gcc, r-devel-osx-x86_64-clang, r-devel-windows-ix86+x86_64, r-patched-linux-x86_64, r-patched-solaris-sparc, r-patched-solaris-x86, r-release-linux-x86_64, r-release-osx-x86_64-mavericks, r-release-windows-ix86+x86_64

Version: 1.2
Check: R code for possible problems
Result: NOTE
    optim.const.ordi: no visible binding for global variable 'k'
Flavor: r-oldrel-windows-ix86+x86_64