CRAN Package Check Results for Package LCAextend

Last updated on 2014-04-20 03:47:30.

Flavor Version Tinstall Tcheck Ttotal Status Flags
r-devel-linux-x86_64-debian-clang 1.2 5.03 91.79 96.82 NOTE
r-devel-linux-x86_64-debian-gcc 1.2 4.79 93.58 98.38 NOTE
r-devel-linux-x86_64-fedora-clang 1.2 207.02 NOTE
r-devel-linux-x86_64-fedora-gcc 1.2 199.87 NOTE
r-devel-macosx-x86_64-clang 1.2 163.95 NOTE
r-devel-macosx-x86_64-gcc 1.2 ERROR
r-devel-windows-ix86+x86_64 1.2 12.00 129.00 141.00 NOTE
r-patched-linux-x86_64 1.2 4.75 88.47 93.22 NOTE
r-patched-solaris-sparc 1.2 1175.50 NOTE
r-patched-solaris-x86 1.2 241.30 NOTE
r-release-linux-ix86 NOTE
r-release-linux-x86_64 1.2 4.92 88.38 93.30 NOTE
r-release-macosx-x86_64 1.2 NOTE
r-release-windows-ix86+x86_64 1.2 18.00 144.00 162.00 NOTE
r-oldrel-windows-ix86+x86_64 1.2 15.00 123.00 138.00 NOTE

Check Details

Version: 1.2
Check: R code for possible problems
Result: NOTE
    optim.const.ordi: no visible binding for global variable ‘k’
Flavors: r-devel-linux-x86_64-debian-clang, r-devel-linux-x86_64-debian-gcc, r-devel-linux-x86_64-fedora-clang, r-devel-linux-x86_64-fedora-gcc, r-devel-macosx-x86_64-clang, r-devel-windows-ix86+x86_64, r-patched-linux-x86_64, r-patched-solaris-sparc, r-patched-solaris-x86, r-release-linux-ix86, r-release-linux-x86_64, r-release-macosx-x86_64, r-release-windows-ix86+x86_64, r-oldrel-windows-ix86+x86_64

Version: 1.2
Check: package dependencies
Result: ERROR
    Package required but not available: ‘rms’
    
    See the information on DESCRIPTION files in the chapter ‘Creating R
    packages’ of the ‘Writing R Extensions’ manual.
Flavor: r-devel-macosx-x86_64-gcc