CRAN Package Check Results for Package LCAextend

Last updated on 2015-07-06 11:48:09.

Flavor Version Tinstall Tcheck Ttotal Status Flags
r-devel-linux-x86_64-debian-clang 1.2 4.30 76.98 81.28 NOTE
r-devel-linux-x86_64-debian-gcc 1.2 4.08 75.74 79.82 NOTE
r-devel-linux-x86_64-fedora-clang 1.2 172.75 NOTE
r-devel-linux-x86_64-fedora-gcc 1.2 160.23 NOTE
r-devel-osx-x86_64-clang 1.2 147.23 NOTE
r-devel-windows-ix86+x86_64 1.2 16.00 124.00 140.00 NOTE
r-patched-linux-x86_64 1.2 4.18 77.02 81.20 NOTE
r-patched-solaris-sparc 1.2 1088.20 NOTE
r-patched-solaris-x86 1.2 222.80 NOTE
r-release-linux-x86_64 1.2 3.90 78.56 82.46 NOTE
r-release-osx-x86_64-mavericks 1.2 NOTE
r-release-windows-ix86+x86_64 1.2 24.00 117.00 141.00 NOTE
r-oldrel-windows-ix86+x86_64 1.2 27.00 180.00 207.00 NOTE

Check Details

Version: 1.2
Check: R code for possible problems
Result: NOTE
    dens.norm: no visible global function definition for ‘dnorm’
    init.norm: no visible global function definition for ‘var’
    init.norm: no visible global function definition for ‘cutree’
    init.norm: no visible global function definition for ‘hclust’
    init.norm: no visible global function definition for ‘dist’
    optim.const.ordi: no visible binding for global variable ‘k’
    optim.const.ordi: no visible global function definition for ‘coef’
    Undefined global functions or variables:
     coef cutree dist dnorm hclust k var
Flavors: r-devel-linux-x86_64-debian-clang, r-devel-linux-x86_64-debian-gcc, r-devel-linux-x86_64-fedora-clang, r-devel-linux-x86_64-fedora-gcc, r-devel-windows-ix86+x86_64

Version: 1.2
Check: R code for possible problems
Result: NOTE
    optim.const.ordi: no visible binding for global variable ‘k’
    Undefined global functions or variables:
     k
Flavor: r-devel-osx-x86_64-clang

Version: 1.2
Check: R code for possible problems
Result: NOTE
    optim.const.ordi: no visible binding for global variable ‘k’
Flavors: r-patched-linux-x86_64, r-patched-solaris-sparc, r-patched-solaris-x86, r-release-linux-x86_64, r-release-osx-x86_64-mavericks, r-release-windows-ix86+x86_64, r-oldrel-windows-ix86+x86_64