CRAN Package Check Results for Package LCAextend

Last updated on 2014-11-22 20:46:56.

Flavor Version Tinstall Tcheck Ttotal Status Flags
r-devel-linux-x86_64-debian-clang 1.2 4.63 89.30 93.93 NOTE
r-devel-linux-x86_64-debian-gcc 1.2 4.46 86.96 91.42 NOTE
r-devel-linux-x86_64-fedora-clang 1.2 216.83 NOTE
r-devel-linux-x86_64-fedora-gcc 1.2 202.55 NOTE
r-devel-osx-x86_64-clang 1.2 178.57 NOTE
r-devel-windows-ix86+x86_64 1.2 15.00 135.00 150.00 NOTE
r-patched-linux-x86_64 1.2 4.83 90.76 95.58 NOTE
r-patched-solaris-sparc 1.2 1218.80 NOTE
r-patched-solaris-x86 1.2 253.50 NOTE
r-release-linux-ix86 1.2 5.74 106.63 112.37 NOTE
r-release-linux-x86_64 1.2 5.08 93.48 98.57 NOTE
r-release-osx-x86_64-mavericks 1.2 NOTE
r-release-osx-x86_64-snowleopard 1.2 NOTE
r-release-windows-ix86+x86_64 1.2 22.00 141.00 163.00 NOTE
r-oldrel-windows-ix86+x86_64 1.2 18.00 142.00 160.00 NOTE

Check Details

Version: 1.2
Check: R code for possible problems
Result: NOTE
    optim.const.ordi: no visible binding for global variable ‘k’
Flavors: r-devel-linux-x86_64-debian-clang, r-devel-linux-x86_64-debian-gcc, r-devel-linux-x86_64-fedora-clang, r-devel-linux-x86_64-fedora-gcc, r-devel-osx-x86_64-clang, r-devel-windows-ix86+x86_64, r-patched-linux-x86_64, r-patched-solaris-sparc, r-patched-solaris-x86, r-release-linux-ix86, r-release-linux-x86_64, r-release-osx-x86_64-mavericks, r-release-osx-x86_64-snowleopard, r-release-windows-ix86+x86_64, r-oldrel-windows-ix86+x86_64