CRAN Package Check Results for Package LCAextend

Last updated on 2015-09-05 17:48:02.

Flavor Version Tinstall Tcheck Ttotal Status Flags
r-devel-linux-x86_64-debian-clang 1.2 4.16 79.00 83.16 NOTE
r-devel-linux-x86_64-debian-gcc 1.2 4.10 80.08 84.18 NOTE
r-devel-linux-x86_64-fedora-clang 1.2 159.46 NOTE
r-devel-linux-x86_64-fedora-gcc 1.2 160.40 NOTE
r-devel-osx-x86_64-clang 1.2 143.09 NOTE
r-devel-windows-ix86+x86_64 1.2 21.00 139.00 160.00 NOTE
r-patched-linux-x86_64 1.2 4.44 80.23 84.67 NOTE
r-patched-solaris-sparc 1.2 1120.30 NOTE
r-patched-solaris-x86 1.2 222.80 NOTE
r-release-linux-x86_64 1.2 4.44 79.28 83.72 NOTE
r-release-osx-x86_64-mavericks 1.2 NOTE
r-release-windows-ix86+x86_64 1.2 21.00 145.00 166.00 NOTE
r-oldrel-windows-ix86+x86_64 1.2 25.00 205.00 230.00 NOTE

Check Details

Version: 1.2
Check: R code for possible problems
Result: NOTE
    dens.norm: no visible global function definition for ‘dnorm’
    init.norm: no visible global function definition for ‘var’
    init.norm: no visible global function definition for ‘cutree’
    init.norm: no visible global function definition for ‘hclust’
    init.norm: no visible global function definition for ‘dist’
    optim.const.ordi: no visible binding for global variable ‘k’
    optim.const.ordi: no visible global function definition for ‘coef’
    Undefined global functions or variables:
     coef cutree dist dnorm hclust k var
    Consider adding
     importFrom("stats", "coef", "cutree", "dist", "dnorm", "hclust", "var")
    to your NAMESPACE.
Flavors: r-devel-linux-x86_64-debian-clang, r-devel-linux-x86_64-debian-gcc, r-devel-linux-x86_64-fedora-clang, r-devel-linux-x86_64-fedora-gcc, r-devel-windows-ix86+x86_64

Version: 1.2
Check: R code for possible problems
Result: NOTE
    optim.const.ordi: no visible binding for global variable ‘k’
    Undefined global functions or variables:
     k
Flavor: r-devel-osx-x86_64-clang

Version: 1.2
Check: R code for possible problems
Result: NOTE
    optim.const.ordi: no visible binding for global variable ‘k’
Flavors: r-patched-linux-x86_64, r-patched-solaris-sparc, r-patched-solaris-x86, r-release-linux-x86_64, r-release-osx-x86_64-mavericks, r-release-windows-ix86+x86_64, r-oldrel-windows-ix86+x86_64