CRAN Package Check Results for Package LCAextend

Last updated on 2016-08-24 20:54:24.

Flavor Version Tinstall Tcheck Ttotal Status Flags
r-devel-linux-x86_64-debian-clang 1.2 4.19 82.69 86.88 NOTE
r-devel-linux-x86_64-debian-gcc 1.2 4.65 80.30 84.95 NOTE
r-devel-linux-x86_64-fedora-clang 1.2 171.10 NOTE
r-devel-linux-x86_64-fedora-gcc 1.2 164.15 NOTE
r-devel-osx-x86_64-clang 1.2 134.11 NOTE
r-devel-windows-ix86+x86_64 1.2 21.00 122.00 143.00 NOTE
r-patched-linux-x86_64 1.2 4.02 76.33 80.35 NOTE
r-patched-solaris-sparc 1.2 1075.60 NOTE
r-patched-solaris-x86 1.2 197.40 NOTE
r-release-linux-x86_64 1.2 4.07 77.04 81.11 NOTE
r-release-osx-x86_64-mavericks 1.2 NOTE
r-release-windows-ix86+x86_64 1.2 16.00 132.00 148.00 NOTE
r-oldrel-windows-ix86+x86_64 1.2 13.00 129.00 142.00 NOTE

Check Details

Version: 1.2
Check: R code for possible problems
Result: NOTE
    dens.norm: no visible global function definition for ‘dnorm’
    init.norm: no visible global function definition for ‘var’
    init.norm: no visible global function definition for ‘cutree’
    init.norm: no visible global function definition for ‘hclust’
    init.norm: no visible global function definition for ‘dist’
    optim.const.ordi: no visible binding for global variable ‘k’
    optim.const.ordi: no visible global function definition for ‘coef’
    Undefined global functions or variables:
     coef cutree dist dnorm hclust k var
    Consider adding
     importFrom("stats", "coef", "cutree", "dist", "dnorm", "hclust", "var")
    to your NAMESPACE file.
Flavors: r-devel-linux-x86_64-debian-clang, r-devel-linux-x86_64-debian-gcc, r-devel-linux-x86_64-fedora-clang, r-devel-linux-x86_64-fedora-gcc, r-devel-osx-x86_64-clang, r-devel-windows-ix86+x86_64, r-patched-linux-x86_64, r-patched-solaris-sparc, r-patched-solaris-x86, r-release-linux-x86_64, r-release-osx-x86_64-mavericks, r-release-windows-ix86+x86_64

Version: 1.2
Check: R code for possible problems
Result: NOTE
    optim.const.ordi: no visible binding for global variable 'k'
Flavor: r-oldrel-windows-ix86+x86_64