CRAN Package Check Results for Package LCAextend

Last updated on 2014-12-21 09:51:29.

Flavor Version Tinstall Tcheck Ttotal Status Flags
r-devel-linux-x86_64-debian-clang 1.2 4.62 88.94 93.56 NOTE
r-devel-linux-x86_64-debian-gcc 1.2 4.44 85.24 89.68 NOTE
r-devel-linux-x86_64-fedora-clang 1.2 213.88 NOTE
r-devel-linux-x86_64-fedora-gcc 1.2 184.68 NOTE
r-devel-osx-x86_64-clang 1.2 177.87 NOTE
r-devel-windows-ix86+x86_64 1.2 18.00 135.00 153.00 NOTE
r-patched-linux-x86_64 1.2 5.56 92.78 98.34 NOTE
r-patched-solaris-sparc 1.2 1218.80 NOTE
r-patched-solaris-x86 1.2 254.40 NOTE
r-release-linux-ix86 1.2 5.55 106.90 112.45 NOTE
r-release-linux-x86_64 1.2 4.81 90.81 95.62 NOTE
r-release-osx-x86_64-mavericks 1.2 NOTE
r-release-osx-x86_64-snowleopard 1.2 NOTE
r-release-windows-ix86+x86_64 1.2 17.00 149.00 166.00 NOTE
r-oldrel-windows-ix86+x86_64 1.2 19.00 143.00 162.00 NOTE

Check Details

Version: 1.2
Check: R code for possible problems
Result: NOTE
    optim.const.ordi: no visible binding for global variable ‘k’
Flavors: r-devel-linux-x86_64-debian-clang, r-devel-linux-x86_64-debian-gcc, r-devel-linux-x86_64-fedora-clang, r-devel-linux-x86_64-fedora-gcc, r-devel-osx-x86_64-clang, r-devel-windows-ix86+x86_64, r-patched-linux-x86_64, r-patched-solaris-sparc, r-patched-solaris-x86, r-release-linux-ix86, r-release-linux-x86_64, r-release-osx-x86_64-mavericks, r-release-osx-x86_64-snowleopard, r-release-windows-ix86+x86_64, r-oldrel-windows-ix86+x86_64