CRAN Package Check Results for Package LCAextend

Last updated on 2014-07-25 14:47:38.

Flavor Version Tinstall Tcheck Ttotal Status Flags
r-devel-linux-x86_64-debian-clang 1.2 4.51 84.60 89.10 NOTE
r-devel-linux-x86_64-debian-gcc 1.2 4.39 83.21 87.60 NOTE
r-devel-linux-x86_64-fedora-clang 1.2 205.13 NOTE
r-devel-linux-x86_64-fedora-gcc 1.2 197.21 NOTE
r-devel-osx-x86_64-clang 1.2 156.08 NOTE
r-devel-windows-ix86+x86_64 1.2 15.00 138.00 153.00 NOTE
r-patched-linux-x86_64 1.2 4.40 91.95 96.35 NOTE
r-patched-solaris-sparc 1.2 1175.50 NOTE
r-patched-solaris-x86 1.2 239.50 NOTE
r-release-linux-ix86 1.2 5.45 103.78 109.23 NOTE
r-release-linux-x86_64 1.2 4.59 85.52 90.11 NOTE
r-release-osx-x86_64-mavericks 1.2 NOTE
r-release-osx-x86_64-snowleopard 1.2 NOTE
r-release-windows-ix86+x86_64 1.2 15.00 130.00 145.00 NOTE
r-oldrel-windows-ix86+x86_64 1.2 12.00 136.00 148.00 NOTE

Check Details

Version: 1.2
Check: R code for possible problems
Result: NOTE
    optim.const.ordi: no visible binding for global variable ‘k’
Flavors: r-devel-linux-x86_64-debian-clang, r-devel-linux-x86_64-debian-gcc, r-devel-linux-x86_64-fedora-clang, r-devel-linux-x86_64-fedora-gcc, r-devel-osx-x86_64-clang, r-devel-windows-ix86+x86_64, r-patched-linux-x86_64, r-patched-solaris-sparc, r-patched-solaris-x86, r-release-linux-ix86, r-release-linux-x86_64, r-release-osx-x86_64-mavericks, r-release-osx-x86_64-snowleopard, r-release-windows-ix86+x86_64, r-oldrel-windows-ix86+x86_64