Last updated on 2023-03-23 10:54:34 CET.
Flavor | Version | Tinstall | Tcheck | Ttotal | Status | Flags |
---|---|---|---|---|---|---|
r-devel-linux-x86_64-debian-clang | 0.3.2 | 2.57 | 27.78 | 30.35 | OK | |
r-devel-linux-x86_64-debian-gcc | 0.3.2 | 2.08 | 21.92 | 24.00 | OK | |
r-devel-linux-x86_64-fedora-clang | 0.3.2 | 40.93 | OK | |||
r-devel-linux-x86_64-fedora-gcc | 0.3.2 | 48.68 | OK | |||
r-devel-windows-x86_64 | 0.3.2 | 14.00 | 66.00 | 80.00 | OK | |
r-patched-linux-x86_64 | 0.3.2 | 2.53 | 28.28 | 30.81 | OK | |
r-release-linux-x86_64 | 0.3.2 | 2.92 | 28.74 | 31.66 | OK | |
r-release-macos-arm64 | 0.3.2 | 18.00 | OK | |||
r-release-macos-x86_64 | 0.3.2 | 27.00 | OK | |||
r-release-windows-x86_64 | 0.3.2 | 21.00 | 64.00 | 85.00 | OK | |
r-oldrel-macos-arm64 | 0.3.2 | 22.00 | OK | |||
r-oldrel-macos-x86_64 | 0.3.2 | 35.00 | OK | |||
r-oldrel-windows-ix86+x86_64 | 0.3.2 | 6.00 | 53.00 | 59.00 | NOTE |
Version: 0.3.2
Check: dependencies in R code
Result: NOTE
Initiating curl with CURL_SSL_BACKEND: openssl
Flavor: r-oldrel-windows-ix86+x86_64