CRAN Package Check Results for Package LDExplorer

Last updated on 2014-11-28 03:47:37.

Flavor Version Tinstall Tcheck Ttotal Status Flags
r-devel-linux-x86_64-debian-clang 1.0.3 9.79 9.89 19.68 NOTE
r-devel-linux-x86_64-debian-gcc 1.0.3 11.26 9.31 20.57 NOTE
r-devel-linux-x86_64-fedora-clang 1.0.3 54.20 NOTE
r-devel-linux-x86_64-fedora-gcc 1.0.3 38.56 NOTE
r-devel-osx-x86_64-clang 1.0.3 42.67 NOTE
r-devel-windows-ix86+x86_64 1.0.3 54.00 29.00 83.00 NOTE
r-patched-linux-x86_64 1.0.3 11.16 9.31 20.48 NOTE
r-patched-solaris-sparc 1.0.3 236.80 NOTE
r-patched-solaris-x86 1.0.3 54.70 NOTE
r-release-linux-ix86 1.0.3 14.60 14.89 29.49 NOTE
r-release-linux-x86_64 1.0.3 11.14 9.86 20.99 NOTE
r-release-osx-x86_64-mavericks 1.0.3 OK
r-release-osx-x86_64-snowleopard 1.0.3 OK
r-release-windows-ix86+x86_64 1.0.3 50.00 28.00 78.00 NOTE
r-oldrel-windows-ix86+x86_64 1.0.3 49.00 28.00 77.00 OK

Check Details

Version: 1.0.3
Check: R code for possible problems
Result: NOTE
    mig_multi_chr: no visible global function definition for ‘makeCluster’
    mig_multi_chr: no visible global function definition for
     ‘clusterExport’
    mig_multi_chr: no visible global function definition for ‘clusterEvalQ’
    mig_multi_chr: no visible global function definition for ‘clusterApply’
    mig_multi_chr: no visible global function definition for ‘stopCluster’
Flavors: r-devel-linux-x86_64-debian-clang, r-devel-linux-x86_64-debian-gcc, r-devel-linux-x86_64-fedora-clang, r-devel-linux-x86_64-fedora-gcc, r-devel-osx-x86_64-clang, r-devel-windows-ix86+x86_64, r-patched-linux-x86_64, r-patched-solaris-sparc, r-patched-solaris-x86, r-release-linux-ix86, r-release-linux-x86_64, r-release-windows-ix86+x86_64