CRAN Package Check Results for Package LDExplorer

Last updated on 2014-10-23 21:46:39.

Flavor Version Tinstall Tcheck Ttotal Status Flags
r-devel-linux-x86_64-debian-clang 1.0.3 10.02 9.87 19.88 NOTE
r-devel-linux-x86_64-debian-gcc 1.0.3 11.34 9.45 20.79 NOTE
r-devel-linux-x86_64-fedora-clang 1.0.3 50.97 NOTE
r-devel-linux-x86_64-fedora-gcc 1.0.3 36.91 NOTE
r-devel-osx-x86_64-clang 1.0.3 42.74 NOTE
r-devel-windows-ix86+x86_64 1.0.3 49.00 29.00 78.00 NOTE
r-patched-linux-x86_64 1.0.3 11.82 9.50 21.32 NOTE
r-patched-solaris-sparc 1.0.3 236.80 NOTE
r-patched-solaris-x86 1.0.3 55.20 NOTE
r-release-linux-ix86 1.0.3 15.23 15.12 30.34 OK
r-release-linux-x86_64 1.0.3 11.13 9.20 20.33 OK
r-release-osx-x86_64-mavericks 1.0.3 OK
r-release-osx-x86_64-snowleopard 1.0.3 OK
r-release-windows-ix86+x86_64 1.0.3 72.00 28.00 100.00 OK
r-oldrel-windows-ix86+x86_64 1.0.3 49.00 28.00 77.00 OK

Check Details

Version: 1.0.3
Check: R code for possible problems
Result: NOTE
    mig_multi_chr: no visible global function definition for ‘makeCluster’
    mig_multi_chr: no visible global function definition for
     ‘clusterExport’
    mig_multi_chr: no visible global function definition for ‘clusterEvalQ’
    mig_multi_chr: no visible global function definition for ‘clusterApply’
    mig_multi_chr: no visible global function definition for ‘stopCluster’
Flavors: r-devel-linux-x86_64-debian-clang, r-devel-linux-x86_64-debian-gcc, r-devel-linux-x86_64-fedora-clang, r-devel-linux-x86_64-fedora-gcc, r-devel-osx-x86_64-clang, r-devel-windows-ix86+x86_64, r-patched-linux-x86_64, r-patched-solaris-sparc, r-patched-solaris-x86