CRAN Package Check Results for Package LDExplorer

Last updated on 2014-09-01 11:48:57.

Flavor Version Tinstall Tcheck Ttotal Status Flags
r-devel-linux-x86_64-debian-clang 1.0.3 8.96 8.79 17.74 NOTE
r-devel-linux-x86_64-debian-gcc 1.0.3 11.10 8.82 19.92 NOTE
r-devel-linux-x86_64-fedora-clang 1.0.3 46.63 NOTE
r-devel-linux-x86_64-fedora-gcc 1.0.3 35.91 NOTE
r-devel-osx-x86_64-clang 1.0.3 42.90 NOTE
r-devel-windows-ix86+x86_64 1.0.3 48.00 26.00 74.00 NOTE
r-patched-linux-x86_64 1.0.3 11.20 8.90 20.10 OK
r-patched-solaris-sparc 1.0.3 243.10 OK
r-patched-solaris-x86 1.0.3 52.10 OK
r-release-linux-ix86 1.0.3 15.36 14.93 30.29 OK
r-release-linux-x86_64 1.0.3 11.34 9.04 20.37 OK
r-release-osx-x86_64-mavericks 1.0.3 OK
r-release-osx-x86_64-snowleopard 1.0.3 OK
r-release-windows-ix86+x86_64 1.0.3 72.00 28.00 100.00 OK
r-oldrel-windows-ix86+x86_64 1.0.3 49.00 28.00 77.00 OK

Check Details

Version: 1.0.3
Check: R code for possible problems
Result: NOTE
    mig_multi_chr: no visible global function definition for ‘makeCluster’
    mig_multi_chr: no visible global function definition for
     ‘clusterExport’
    mig_multi_chr: no visible global function definition for ‘clusterEvalQ’
    mig_multi_chr: no visible global function definition for ‘clusterApply’
    mig_multi_chr: no visible global function definition for ‘stopCluster’
Flavors: r-devel-linux-x86_64-debian-clang, r-devel-linux-x86_64-debian-gcc, r-devel-linux-x86_64-fedora-clang, r-devel-linux-x86_64-fedora-gcc, r-devel-osx-x86_64-clang, r-devel-windows-ix86+x86_64