CRAN Package Check Results for Package LDOD

Last updated on 2015-04-18 21:49:07.

Flavor Version Tinstall Tcheck Ttotal Status Flags
r-devel-linux-x86_64-debian-clang 1.0 1.58 32.09 33.67 NOTE
r-devel-linux-x86_64-debian-gcc 1.0 1.54 31.92 33.45 NOTE
r-devel-linux-x86_64-fedora-clang 1.0 68.34 NOTE
r-devel-linux-x86_64-fedora-gcc 1.0 69.01 NOTE
r-devel-osx-x86_64-clang 1.0 63.34 NOTE
r-patched-linux-x86_64 1.0 1.53 30.97 32.50 NOTE
r-patched-solaris-sparc 1.0 431.70 NOTE
r-patched-solaris-x86 1.0 83.40 NOTE
r-release-linux-x86_64 1.0 1.54 31.28 32.82 NOTE
r-release-osx-x86_64-mavericks 1.0 NOTE
r-release-osx-x86_64-snowleopard 1.0 NOTE
r-release-windows-ix86+x86_64 1.0 5.00 63.00 68.00 NOTE
r-oldrel-windows-ix86+x86_64 1.0 8.00 80.00 88.00 OK

Check Details

Version: 1.0
Check: DESCRIPTION meta-information
Result: NOTE
    Malformed Title field: should not end in a period.
Flavors: r-devel-linux-x86_64-debian-clang, r-devel-linux-x86_64-debian-gcc, r-devel-linux-x86_64-fedora-clang, r-devel-linux-x86_64-fedora-gcc, r-devel-osx-x86_64-clang, r-patched-linux-x86_64, r-patched-solaris-sparc, r-patched-solaris-x86, r-release-linux-x86_64, r-release-osx-x86_64-mavericks, r-release-osx-x86_64-snowleopard, r-release-windows-ix86+x86_64

Version: 1.0
Check: top-level files
Result: NOTE
    Non-standard file/directory found at top level:
     ‘LDOD.Rproj’
Flavors: r-devel-linux-x86_64-debian-clang, r-devel-linux-x86_64-debian-gcc, r-devel-linux-x86_64-fedora-clang, r-devel-linux-x86_64-fedora-gcc, r-patched-linux-x86_64, r-release-linux-x86_64