CRAN Package Check Results for Package LDOD

Last updated on 2014-08-29 03:47:11.

Flavor Version Tinstall Tcheck Ttotal Status Flags
r-devel-linux-x86_64-debian-clang 1.0 2.19 38.98 41.17 NOTE
r-devel-linux-x86_64-debian-gcc 1.0 2.11 37.77 39.88 NOTE
r-devel-linux-x86_64-fedora-clang 1.0 89.64 NOTE
r-devel-linux-x86_64-fedora-gcc 1.0 84.23 NOTE
r-devel-osx-x86_64-clang 1.0 73.08 NOTE
r-devel-windows-ix86+x86_64 1.0 7.00 58.00 65.00 NOTE
r-patched-linux-x86_64 1.0 2.22 39.73 41.95 OK
r-patched-solaris-sparc 1.0 539.00 OK
r-patched-solaris-x86 1.0 105.30 OK
r-release-linux-ix86 1.0 2.70 49.63 52.33 OK
r-release-linux-x86_64 1.0 2.28 40.10 42.38 OK
r-release-osx-x86_64-mavericks 1.0 OK
r-release-osx-x86_64-snowleopard 1.0 OK
r-release-windows-ix86+x86_64 1.0 7.00 62.00 69.00 OK
r-oldrel-windows-ix86+x86_64 1.0 8.00 62.00 70.00 OK

Check Details

Version: 1.0
Check: R code for possible problems
Result: NOTE
    Loading C code of R package 'Rmpfr': GMP using 64 bits per limb
Flavors: r-devel-linux-x86_64-debian-clang, r-devel-linux-x86_64-debian-gcc, r-devel-linux-x86_64-fedora-clang, r-devel-linux-x86_64-fedora-gcc, r-devel-osx-x86_64-clang, r-devel-windows-ix86+x86_64

Version: 1.0
Check: top-level files
Result: NOTE
    Non-standard file/directory found at top level:
     ‘LDOD.Rproj’
Flavors: r-devel-linux-x86_64-fedora-clang, r-devel-linux-x86_64-fedora-gcc