CRAN Package Check Results for Package LDOD

Last updated on 2014-12-21 03:48:18.

Flavor Version Tinstall Tcheck Ttotal Status Flags
r-devel-linux-x86_64-debian-clang 1.0 2.19 39.02 41.21 NOTE
r-devel-linux-x86_64-debian-gcc 1.0 2.00 36.92 38.92 NOTE
r-devel-linux-x86_64-fedora-clang 1.0 90.16 NOTE
r-devel-linux-x86_64-fedora-gcc 1.0 82.72 NOTE
r-devel-osx-x86_64-clang 1.0 78.47 OK
r-devel-windows-ix86+x86_64 1.0 7.00 59.00 66.00 OK
r-patched-linux-x86_64 1.0 2.19 40.67 42.86 NOTE
r-patched-solaris-sparc 1.0 486.10 OK
r-patched-solaris-x86 1.0 105.60 OK
r-release-linux-ix86 1.0 2.58 48.36 50.94 OK
r-release-linux-x86_64 1.0 2.22 40.20 42.42 NOTE
r-release-osx-x86_64-mavericks 1.0 OK
r-release-osx-x86_64-snowleopard 1.0 OK
r-release-windows-ix86+x86_64 1.0 7.00 69.00 76.00 OK
r-oldrel-windows-ix86+x86_64 1.0 7.00 65.00 72.00 OK

Check Details

Version: 1.0
Check: top-level files
Result: NOTE
    Non-standard file/directory found at top level:
     ‘LDOD.Rproj’
Flavors: r-devel-linux-x86_64-debian-clang, r-devel-linux-x86_64-debian-gcc, r-devel-linux-x86_64-fedora-clang, r-devel-linux-x86_64-fedora-gcc, r-patched-linux-x86_64, r-release-linux-x86_64