CRAN Package Check Results for Package LDOD

Last updated on 2015-05-26 06:46:58.

Flavor Version Tinstall Tcheck Ttotal Status Flags
r-devel-linux-x86_64-debian-clang 1.0 1.56 32.34 33.90 NOTE
r-devel-linux-x86_64-debian-gcc 1.0 1.52 32.99 34.51 NOTE
r-devel-linux-x86_64-fedora-clang 1.0 68.11 NOTE
r-devel-linux-x86_64-fedora-gcc 1.0 64.14 NOTE
r-devel-osx-x86_64-clang 1.0 61.62 NOTE
r-devel-windows-ix86+x86_64 1.0 5.00 54.00 59.00 NOTE
r-patched-linux-x86_64 1.0 1.51 30.86 32.37 NOTE
r-patched-solaris-sparc 1.0 429.20 NOTE
r-patched-solaris-x86 1.0 84.50 NOTE
r-release-linux-x86_64 1.0 1.53 31.02 32.54 NOTE
r-release-osx-x86_64-mavericks 1.0 NOTE
r-release-osx-x86_64-snowleopard 1.0 NOTE
r-release-windows-ix86+x86_64 1.0 5.00 49.00 54.00 NOTE
r-oldrel-windows-ix86+x86_64 1.0 7.00 88.00 95.00 OK

Check Details

Version: 1.0
Check: DESCRIPTION meta-information
Result: NOTE
    Malformed Title field: should not end in a period.
Flavors: r-devel-linux-x86_64-debian-clang, r-devel-linux-x86_64-debian-gcc, r-devel-linux-x86_64-fedora-clang, r-devel-linux-x86_64-fedora-gcc, r-devel-osx-x86_64-clang, r-devel-windows-ix86+x86_64, r-patched-linux-x86_64, r-patched-solaris-sparc, r-patched-solaris-x86, r-release-linux-x86_64, r-release-osx-x86_64-mavericks, r-release-osx-x86_64-snowleopard, r-release-windows-ix86+x86_64

Version: 1.0
Check: top-level files
Result: NOTE
    Non-standard file/directory found at top level:
     ‘LDOD.Rproj’
Flavors: r-devel-linux-x86_64-debian-clang, r-devel-linux-x86_64-debian-gcc, r-devel-linux-x86_64-fedora-clang, r-devel-linux-x86_64-fedora-gcc, r-patched-linux-x86_64, r-release-linux-x86_64