CRAN Package Check Results for Package LDOD

Last updated on 2016-09-28 05:48:18.

Flavor Version Tinstall Tcheck Ttotal Status Flags
r-devel-linux-x86_64-debian-clang 1.0 1.40 30.59 32.00 NOTE
r-devel-linux-x86_64-debian-gcc 1.0 1.62 31.10 32.73 NOTE
r-devel-linux-x86_64-fedora-clang 1.0 61.53 NOTE
r-devel-linux-x86_64-fedora-gcc 1.0 57.94 NOTE
r-devel-macos-x86_64-clang 1.0 48.46 NOTE
r-devel-windows-ix86+x86_64 1.0 7.00 73.00 80.00 NOTE
r-patched-linux-x86_64 1.0 1.54 31.05 32.59 NOTE
r-patched-solaris-sparc 1.0 410.10 NOTE
r-patched-solaris-x86 1.0 72.50 NOTE
r-release-linux-x86_64 1.0 1.86 32.98 34.85 NOTE
r-release-osx-x86_64-mavericks 1.0 NOTE
r-release-windows-ix86+x86_64 1.0 6.00 58.00 64.00 NOTE
r-oldrel-windows-ix86+x86_64 1.0 7.00 76.00 83.00 NOTE

Check Details

Version: 1.0
Check: DESCRIPTION meta-information
Result: NOTE
    Malformed Title field: should not end in a period.
Flavors: r-devel-linux-x86_64-debian-clang, r-devel-linux-x86_64-debian-gcc, r-devel-linux-x86_64-fedora-clang, r-devel-linux-x86_64-fedora-gcc, r-devel-macos-x86_64-clang, r-devel-windows-ix86+x86_64, r-patched-linux-x86_64, r-patched-solaris-sparc, r-patched-solaris-x86, r-release-linux-x86_64, r-release-osx-x86_64-mavericks, r-release-windows-ix86+x86_64, r-oldrel-windows-ix86+x86_64

Version: 1.0
Check: top-level files
Result: NOTE
    Non-standard file/directory found at top level:
     ‘LDOD.Rproj’
Flavors: r-devel-linux-x86_64-debian-clang, r-devel-linux-x86_64-debian-gcc, r-devel-linux-x86_64-fedora-clang, r-devel-linux-x86_64-fedora-gcc, r-patched-linux-x86_64, r-release-linux-x86_64

Version: 1.0
Check: R code for possible problems
Result: NOTE
    multistart : <anonymous>: no visible global function definition for
     ‘runif’
    plot.FreD.x: no visible global function definition for ‘modifyList’
    plot.FreD.x: no visible global function definition for ‘abline’
    plot.FreD.x: no visible global function definition for ‘points’
    Undefined global functions or variables:
     abline modifyList points runif
    Consider adding
     importFrom("graphics", "abline", "points")
     importFrom("stats", "runif")
     importFrom("utils", "modifyList")
    to your NAMESPACE file.
Flavors: r-devel-linux-x86_64-debian-clang, r-devel-linux-x86_64-debian-gcc, r-devel-linux-x86_64-fedora-clang, r-devel-linux-x86_64-fedora-gcc, r-devel-macos-x86_64-clang, r-devel-windows-ix86+x86_64, r-patched-linux-x86_64, r-patched-solaris-sparc, r-patched-solaris-x86, r-release-linux-x86_64, r-release-osx-x86_64-mavericks, r-release-windows-ix86+x86_64