CRAN Package Check Results for Package LDOD

Last updated on 2014-04-24 23:48:05.

Flavor Version Tinstall Tcheck Ttotal Status Flags
r-devel-linux-x86_64-debian-clang 1.0 2.35 41.59 43.94 OK
r-devel-linux-x86_64-debian-gcc 1.0 2.32 41.00 43.32 OK
r-devel-linux-x86_64-fedora-clang 1.0 90.23 NOTE
r-devel-linux-x86_64-fedora-gcc 1.0 85.93 NOTE
r-devel-osx-x86_64-clang 1.0 76.66 OK
r-devel-osx-x86_64-gcc 1.0 OK
r-devel-windows-ix86+x86_64 1.0 6.00 61.00 67.00 OK
r-patched-linux-x86_64 1.0 2.28 41.22 43.50 OK
r-patched-solaris-sparc 1.0 515.40 OK
r-patched-solaris-x86 1.0 102.60 OK
r-release-linux-ix86 1.0 4.00 64.00 68.00 OK
r-release-linux-x86_64 1.0 2.29 41.32 43.61 OK
r-release-osx-x86_64-mavericks 1.0 OK
r-release-osx-x86_64-snowleopard 1.0 OK
r-release-windows-ix86+x86_64 1.0 7.00 60.00 67.00 OK
r-oldrel-windows-ix86+x86_64 1.0 8.00 57.00 65.00 OK

Check Details

Version: 1.0
Check: top-level files
Result: NOTE
    Non-standard file/directory found at top level:
     ‘LDOD.Rproj’
Flavors: r-devel-linux-x86_64-fedora-clang, r-devel-linux-x86_64-fedora-gcc