CRAN Package Check Results for Package LDOD

Last updated on 2015-02-28 02:48:48.

Flavor Version Tinstall Tcheck Ttotal Status Flags
r-devel-linux-x86_64-debian-clang 1.0 1.59 31.96 33.55 NOTE
r-devel-linux-x86_64-debian-gcc 1.0 1.50 30.82 32.32 NOTE
r-devel-linux-x86_64-fedora-clang 1.0 68.06 NOTE
r-devel-linux-x86_64-fedora-gcc 1.0 58.18 NOTE
r-devel-osx-x86_64-clang 1.0 66.40 NOTE
r-devel-windows-ix86+x86_64 1.0 7.00 48.00 55.00 NOTE
r-patched-linux-x86_64 1.0 2.52 41.38 43.90 NOTE
r-patched-solaris-sparc 1.0 538.10 OK
r-patched-solaris-x86 OK
r-release-linux-ix86 1.0 2.64 48.92 51.56 NOTE
r-release-linux-x86_64 1.0 2.36 40.32 42.69 NOTE
r-release-osx-x86_64-mavericks 1.0 OK
r-release-osx-x86_64-snowleopard 1.0 OK
r-release-windows-ix86+x86_64 1.0 7.00 70.00 77.00 OK
r-oldrel-windows-ix86+x86_64 1.0 7.00 63.00 70.00 OK

Check Details

Version: 1.0
Check: DESCRIPTION meta-information
Result: NOTE
    Malformed Title field: should not end in a period.
Flavors: r-devel-linux-x86_64-debian-clang, r-devel-linux-x86_64-debian-gcc, r-devel-linux-x86_64-fedora-clang, r-devel-linux-x86_64-fedora-gcc, r-devel-osx-x86_64-clang, r-devel-windows-ix86+x86_64

Version: 1.0
Check: top-level files
Result: NOTE
    Non-standard file/directory found at top level:
     ‘LDOD.Rproj’
Flavors: r-devel-linux-x86_64-debian-clang, r-devel-linux-x86_64-debian-gcc, r-devel-linux-x86_64-fedora-clang, r-devel-linux-x86_64-fedora-gcc, r-patched-linux-x86_64, r-release-linux-ix86, r-release-linux-x86_64