CRAN Package Check Results for Package LDOD

Last updated on 2014-10-24 09:54:57.

Flavor Version Tinstall Tcheck Ttotal Status Flags
r-devel-linux-x86_64-debian-clang 1.0 2.30 38.84 41.13 NOTE
r-devel-linux-x86_64-debian-gcc 1.0 2.08 37.94 40.01 NOTE
r-devel-linux-x86_64-fedora-clang 1.0 88.58 NOTE
r-devel-linux-x86_64-fedora-gcc 1.0 82.10 NOTE
r-devel-osx-x86_64-clang 1.0 77.46 OK
r-devel-windows-ix86+x86_64 1.0 6.00 55.00 61.00 OK
r-patched-linux-x86_64 1.0 2.24 40.62 42.85 NOTE
r-patched-solaris-sparc 1.0 486.10 OK
r-patched-solaris-x86 1.0 105.70 OK
r-release-linux-ix86 1.0 2.72 50.57 53.30 OK
r-release-linux-x86_64 1.0 2.28 41.34 43.62 NOTE
r-release-osx-x86_64-mavericks 1.0 OK
r-release-osx-x86_64-snowleopard 1.0 OK
r-release-windows-ix86+x86_64 1.0 8.00 58.00 66.00 OK
r-oldrel-windows-ix86+x86_64 1.0 6.00 58.00 64.00 OK

Check Details

Version: 1.0
Check: top-level files
Result: NOTE
    Non-standard file/directory found at top level:
     ‘LDOD.Rproj’
Flavors: r-devel-linux-x86_64-debian-clang, r-devel-linux-x86_64-debian-gcc, r-devel-linux-x86_64-fedora-clang, r-devel-linux-x86_64-fedora-gcc, r-patched-linux-x86_64, r-release-linux-x86_64