CRAN Package Check Results for Package LDOD

Last updated on 2014-07-25 14:47:38.

Flavor Version Tinstall Tcheck Ttotal Status Flags
r-devel-linux-x86_64-debian-clang 1.0 2.19 40.64 42.84 OK
r-devel-linux-x86_64-debian-gcc 1.0 2.18 41.07 43.25 OK
r-devel-linux-x86_64-fedora-clang 1.0 91.44 NOTE
r-devel-linux-x86_64-fedora-gcc 1.0 85.70 NOTE
r-devel-osx-x86_64-clang 1.0 74.31 OK
r-devel-windows-ix86+x86_64 1.0 7.00 60.00 67.00 OK
r-patched-linux-x86_64 1.0 2.20 39.45 41.65 OK
r-patched-solaris-sparc 1.0 506.00 OK
r-patched-solaris-x86 1.0 104.00 OK
r-release-linux-ix86 1.0 2.70 49.52 52.22 OK
r-release-linux-x86_64 1.0 2.26 41.30 43.56 OK
r-release-osx-x86_64-mavericks 1.0 OK
r-release-osx-x86_64-snowleopard 1.0 OK
r-release-windows-ix86+x86_64 1.0 7.00 64.00 71.00 OK
r-oldrel-windows-ix86+x86_64 1.0 7.00 60.00 67.00 OK

Check Details

Version: 1.0
Check: top-level files
Result: NOTE
    Non-standard file/directory found at top level:
     ‘LDOD.Rproj’
Flavors: r-devel-linux-x86_64-fedora-clang, r-devel-linux-x86_64-fedora-gcc