CRAN Package Check Results for Package LDOD

Last updated on 2014-09-30 19:47:35.

Flavor Version Tinstall Tcheck Ttotal Status Flags
r-devel-linux-x86_64-debian-clang 1.0 2.11 38.57 40.68 NOTE
r-devel-linux-x86_64-debian-gcc 1.0 2.03 38.19 40.22 NOTE
r-devel-linux-x86_64-fedora-clang 1.0 90.48 NOTE
r-devel-linux-x86_64-fedora-gcc 1.0 86.96 NOTE
r-devel-osx-x86_64-clang 1.0 71.65 OK
r-devel-windows-ix86+x86_64 1.0 7.00 63.00 70.00 OK
r-patched-linux-x86_64 1.0 2.21 40.85 43.06 NOTE
r-patched-solaris-sparc 1.0 486.10 OK
r-patched-solaris-x86 1.0 107.90 OK
r-release-linux-ix86 1.0 2.71 53.68 56.38 OK
r-release-linux-x86_64 1.0 2.26 40.89 43.15 NOTE
r-release-osx-x86_64-mavericks 1.0 OK
r-release-osx-x86_64-snowleopard 1.0 OK
r-release-windows-ix86+x86_64 1.0 6.00 63.00 69.00 OK
r-oldrel-windows-ix86+x86_64 1.0 7.00 57.00 64.00 OK

Check Details

Version: 1.0
Check: top-level files
Result: NOTE
    Non-standard file/directory found at top level:
     ‘LDOD.Rproj’
Flavors: r-devel-linux-x86_64-debian-clang, r-devel-linux-x86_64-debian-gcc, r-devel-linux-x86_64-fedora-clang, r-devel-linux-x86_64-fedora-gcc, r-patched-linux-x86_64, r-release-linux-x86_64