CRAN Package Check Results for Package LDOD

Last updated on 2015-01-28 23:49:35.

Flavor Version Tinstall Tcheck Ttotal Status Flags
r-devel-linux-x86_64-debian-clang 1.0 2.02 35.28 37.31 NOTE
r-devel-linux-x86_64-debian-gcc 1.0 1.95 35.16 37.11 NOTE
r-devel-linux-x86_64-fedora-clang 1.0 85.67 NOTE
r-devel-linux-x86_64-fedora-gcc 1.0 76.65 NOTE
r-devel-osx-x86_64-clang 1.0 76.36 OK
r-devel-windows-ix86+x86_64 1.0 9.00 53.00 62.00 OK
r-patched-linux-x86_64 1.0 2.23 39.79 42.02 NOTE
r-patched-solaris-sparc 1.0 538.10 OK
r-patched-solaris-x86 1.0 103.40 OK
r-release-linux-ix86 1.0 2.63 48.28 50.91 OK
r-release-linux-x86_64 1.0 2.19 40.33 42.52 NOTE
r-release-osx-x86_64-mavericks 1.0 OK
r-release-osx-x86_64-snowleopard 1.0 OK
r-release-windows-ix86+x86_64 1.0 8.00 65.00 73.00 OK
r-oldrel-windows-ix86+x86_64 1.0 7.00 88.00 95.00 OK

Check Details

Version: 1.0
Check: top-level files
Result: NOTE
    Non-standard file/directory found at top level:
     ‘LDOD.Rproj’
Flavors: r-devel-linux-x86_64-debian-clang, r-devel-linux-x86_64-debian-gcc, r-devel-linux-x86_64-fedora-clang, r-devel-linux-x86_64-fedora-gcc, r-patched-linux-x86_64, r-release-linux-x86_64