CRAN Package Check Results for Package LDOD

Last updated on 2015-07-02 21:46:47.

Flavor Version Tinstall Tcheck Ttotal Status Flags
r-devel-linux-x86_64-debian-clang 1.0 1.67 31.29 32.96 NOTE
r-devel-linux-x86_64-debian-gcc 1.0 1.50 33.59 35.09 NOTE
r-devel-linux-x86_64-fedora-clang 1.0 66.93 NOTE
r-devel-linux-x86_64-fedora-gcc 1.0 64.63 NOTE
r-devel-osx-x86_64-clang 1.0 63.79 NOTE
r-devel-windows-ix86+x86_64 1.0 6.00 51.00 57.00 NOTE
r-patched-linux-x86_64 1.0 1.51 30.69 32.20 NOTE
r-patched-solaris-sparc 1.0 429.20 NOTE
r-patched-solaris-x86 1.0 85.30 NOTE
r-release-linux-x86_64 1.0 1.48 31.20 32.68 NOTE
r-release-osx-x86_64-mavericks 1.0 NOTE
r-release-windows-ix86+x86_64 1.0 5.00 53.00 58.00 NOTE
r-oldrel-windows-ix86+x86_64 1.0 9.00 64.00 73.00 OK

Check Details

Version: 1.0
Check: DESCRIPTION meta-information
Result: NOTE
    Malformed Title field: should not end in a period.
Flavors: r-devel-linux-x86_64-debian-clang, r-devel-linux-x86_64-debian-gcc, r-devel-linux-x86_64-fedora-clang, r-devel-linux-x86_64-fedora-gcc, r-devel-osx-x86_64-clang, r-devel-windows-ix86+x86_64, r-patched-linux-x86_64, r-patched-solaris-sparc, r-patched-solaris-x86, r-release-linux-x86_64, r-release-osx-x86_64-mavericks, r-release-windows-ix86+x86_64

Version: 1.0
Check: top-level files
Result: NOTE
    Non-standard file/directory found at top level:
     ‘LDOD.Rproj’
Flavors: r-devel-linux-x86_64-debian-clang, r-devel-linux-x86_64-debian-gcc, r-devel-linux-x86_64-fedora-clang, r-devel-linux-x86_64-fedora-gcc, r-patched-linux-x86_64, r-release-linux-x86_64

Version: 1.0
Check: R code for possible problems
Result: NOTE
    multistart : <anonymous>: no visible global function definition for
     ‘runif’
    plot.FreD.x: no visible global function definition for ‘modifyList’
    plot.FreD.x: no visible global function definition for ‘abline’
    plot.FreD.x: no visible global function definition for ‘points’
    Undefined global functions or variables:
     abline modifyList points runif
Flavors: r-devel-linux-x86_64-debian-clang, r-devel-linux-x86_64-fedora-clang, r-devel-linux-x86_64-fedora-gcc

Version: 1.0
Check: R code for possible problems
Result: NOTE
    multistart : <anonymous>: no visible global function definition for
     ‘runif’
    plot.FreD.x: no visible global function definition for ‘modifyList’
    plot.FreD.x: no visible global function definition for ‘abline’
    plot.FreD.x: no visible global function definition for ‘points’
Flavors: r-devel-linux-x86_64-debian-gcc, r-devel-windows-ix86+x86_64