CRAN Package Check Results for Package LDOD

Last updated on 2017-05-24 22:47:17.

Flavor Version Tinstall Tcheck Ttotal Status Flags
r-devel-linux-x86_64-debian-clang 1.0 1.37 42.67 44.04 NOTE
r-devel-linux-x86_64-debian-gcc 1.0 1.42 42.46 43.88 NOTE
r-devel-linux-x86_64-fedora-clang 1.0 87.89 NOTE --no-stop-on-test-error
r-devel-linux-x86_64-fedora-gcc 1.0 81.50 NOTE --no-stop-on-test-error
r-devel-windows-ix86+x86_64 1.0 5.00 104.00 109.00 NOTE
r-patched-linux-x86_64 1.0 1.40 41.62 43.02 NOTE
r-patched-solaris-sparc 1.0 531.10 NOTE
r-patched-solaris-x86 1.0 99.60 NOTE
r-release-linux-x86_64 1.0 1.50 41.59 43.10 NOTE
r-release-windows-ix86+x86_64 1.0 5.00 103.00 108.00 NOTE
r-release-osx-x86_64 1.0 ERROR
r-oldrel-windows-ix86+x86_64 1.0 7.00 79.00 86.00 NOTE
r-oldrel-osx-x86_64 1.0 NOTE

Check Details

Version: 1.0
Check: DESCRIPTION meta-information
Result: NOTE
    Malformed Title field: should not end in a period.
Flavors: r-devel-linux-x86_64-debian-clang, r-devel-linux-x86_64-debian-gcc, r-devel-windows-ix86+x86_64, r-patched-linux-x86_64, r-patched-solaris-sparc, r-patched-solaris-x86, r-release-linux-x86_64, r-release-windows-ix86+x86_64, r-oldrel-windows-ix86+x86_64, r-oldrel-osx-x86_64

Version: 1.0
Check: top-level files
Result: NOTE
    Non-standard file/directory found at top level:
     ‘LDOD.Rproj’
Flavors: r-devel-linux-x86_64-debian-clang, r-devel-linux-x86_64-debian-gcc, r-patched-linux-x86_64, r-release-linux-x86_64

Version: 1.0
Check: R code for possible problems
Result: NOTE
    multistart : <anonymous>: no visible global function definition for
     ‘runif’
    plot.FreD.x: no visible global function definition for ‘modifyList’
    plot.FreD.x: no visible global function definition for ‘abline’
    plot.FreD.x: no visible global function definition for ‘points’
    Undefined global functions or variables:
     abline modifyList points runif
    Consider adding
     importFrom("graphics", "abline", "points")
     importFrom("stats", "runif")
     importFrom("utils", "modifyList")
    to your NAMESPACE file.
Flavors: r-devel-linux-x86_64-debian-clang, r-devel-linux-x86_64-debian-gcc, r-devel-windows-ix86+x86_64, r-patched-linux-x86_64, r-patched-solaris-sparc, r-patched-solaris-x86, r-release-linux-x86_64, r-release-windows-ix86+x86_64, r-oldrel-windows-ix86+x86_64, r-oldrel-osx-x86_64

Version: 1.0
Flags: --no-stop-on-test-error
Check: DESCRIPTION meta-information
Result: NOTE
    Malformed Title field: should not end in a period.
Flavors: r-devel-linux-x86_64-fedora-clang, r-devel-linux-x86_64-fedora-gcc

Version: 1.0
Flags: --no-stop-on-test-error
Check: top-level files
Result: NOTE
    Non-standard file/directory found at top level:
     ‘LDOD.Rproj’
Flavors: r-devel-linux-x86_64-fedora-clang, r-devel-linux-x86_64-fedora-gcc

Version: 1.0
Flags: --no-stop-on-test-error
Check: R code for possible problems
Result: NOTE
    multistart : <anonymous>: no visible global function definition for
     ‘runif’
    plot.FreD.x: no visible global function definition for ‘modifyList’
    plot.FreD.x: no visible global function definition for ‘abline’
    plot.FreD.x: no visible global function definition for ‘points’
    Undefined global functions or variables:
     abline modifyList points runif
    Consider adding
     importFrom("graphics", "abline", "points")
     importFrom("stats", "runif")
     importFrom("utils", "modifyList")
    to your NAMESPACE file.
Flavors: r-devel-linux-x86_64-fedora-clang, r-devel-linux-x86_64-fedora-gcc

Version: 1.0
Check: package dependencies
Result: ERROR
    Package required but not available: ‘Rmpfr’
    
    See section ‘The DESCRIPTION file’ in the ‘Writing R Extensions’
    manual.
Flavor: r-release-osx-x86_64