CRAN Package Check Results for Package LDOD

Last updated on 2015-03-29 17:51:37.

Flavor Version Tinstall Tcheck Ttotal Status Flags
r-devel-linux-x86_64-debian-clang 1.0 1.56 31.92 33.48 NOTE
r-devel-linux-x86_64-debian-gcc 1.0 1.53 30.97 32.50 NOTE
r-devel-linux-x86_64-fedora-clang 1.0 67.83 NOTE
r-devel-linux-x86_64-fedora-gcc 1.0 62.73 NOTE
r-devel-osx-x86_64-clang 1.0 67.96 NOTE
r-prerel-windows-ix86+x86_64 1.0 8.00 54.00 62.00 NOTE
r-prerel-linux-x86_64 1.0 1.49 31.05 32.54 NOTE
r-prerel-solaris-sparc 1.0 431.70 NOTE
r-prerel-solaris-x86 1.0 82.10 NOTE
r-release-linux-x86_64 1.0 3.22 39.91 43.13 NOTE
r-release-osx-x86_64-mavericks 1.0 OK
r-release-osx-x86_64-snowleopard 1.0 OK
r-release-windows-ix86+x86_64 1.0 8.00 65.00 73.00 OK
r-oldrel-windows-ix86+x86_64 1.0 8.00 66.00 74.00 OK

Check Details

Version: 1.0
Check: DESCRIPTION meta-information
Result: NOTE
    Malformed Title field: should not end in a period.
Flavors: r-devel-linux-x86_64-debian-clang, r-devel-linux-x86_64-debian-gcc, r-devel-linux-x86_64-fedora-clang, r-devel-linux-x86_64-fedora-gcc, r-devel-osx-x86_64-clang, r-prerel-windows-ix86+x86_64, r-prerel-linux-x86_64, r-prerel-solaris-sparc, r-prerel-solaris-x86

Version: 1.0
Check: top-level files
Result: NOTE
    Non-standard file/directory found at top level:
     ‘LDOD.Rproj’
Flavors: r-devel-linux-x86_64-debian-clang, r-devel-linux-x86_64-debian-gcc, r-devel-linux-x86_64-fedora-clang, r-devel-linux-x86_64-fedora-gcc, r-prerel-linux-x86_64, r-release-linux-x86_64