CRAN Package Check Results for Package LDOD

Last updated on 2015-08-28 06:47:22.

Flavor Version Tinstall Tcheck Ttotal Status Flags
r-devel-linux-x86_64-debian-clang 1.0 1.41 31.06 32.47 NOTE
r-devel-linux-x86_64-debian-gcc 1.0 1.39 29.66 31.05 NOTE
r-devel-linux-x86_64-fedora-clang 1.0 65.35 NOTE
r-devel-linux-x86_64-fedora-gcc 1.0 60.16 NOTE
r-devel-osx-x86_64-clang 1.0 57.05 NOTE
r-devel-windows-ix86+x86_64 1.0 8.00 74.00 82.00 NOTE
r-patched-linux-x86_64 1.0 1.53 32.16 33.70 NOTE
r-patched-solaris-sparc 1.0 440.50 NOTE
r-patched-solaris-x86 1.0 88.10 NOTE
r-release-linux-x86_64 1.0 1.54 32.72 34.26 NOTE
r-release-osx-x86_64-mavericks 1.0 NOTE
r-release-windows-ix86+x86_64 1.0 7.00 59.00 66.00 NOTE
r-oldrel-windows-ix86+x86_64 1.0 10.00 68.00 78.00 OK

Check Details

Version: 1.0
Check: DESCRIPTION meta-information
Result: NOTE
    Malformed Title field: should not end in a period.
Flavors: r-devel-linux-x86_64-debian-clang, r-devel-linux-x86_64-debian-gcc, r-devel-linux-x86_64-fedora-clang, r-devel-linux-x86_64-fedora-gcc, r-devel-osx-x86_64-clang, r-devel-windows-ix86+x86_64, r-patched-linux-x86_64, r-patched-solaris-sparc, r-patched-solaris-x86, r-release-linux-x86_64, r-release-osx-x86_64-mavericks, r-release-windows-ix86+x86_64

Version: 1.0
Check: top-level files
Result: NOTE
    Non-standard file/directory found at top level:
     ‘LDOD.Rproj’
Flavors: r-devel-linux-x86_64-debian-clang, r-devel-linux-x86_64-debian-gcc, r-devel-linux-x86_64-fedora-clang, r-devel-linux-x86_64-fedora-gcc, r-patched-linux-x86_64, r-release-linux-x86_64

Version: 1.0
Check: R code for possible problems
Result: NOTE
    multistart : <anonymous>: no visible global function definition for
     ‘runif’
    plot.FreD.x: no visible global function definition for ‘modifyList’
    plot.FreD.x: no visible global function definition for ‘abline’
    plot.FreD.x: no visible global function definition for ‘points’
    Undefined global functions or variables:
     abline modifyList points runif
    Consider adding
     importFrom("graphics", "abline", "points")
     importFrom("stats", "runif")
     importFrom("utils", "modifyList")
    to your NAMESPACE.
Flavors: r-devel-linux-x86_64-debian-clang, r-devel-linux-x86_64-debian-gcc, r-devel-linux-x86_64-fedora-clang, r-devel-linux-x86_64-fedora-gcc, r-devel-windows-ix86+x86_64