CRAN Package Check Results for Package LDOD

Last updated on 2014-11-29 03:51:56.

Flavor Version Tinstall Tcheck Ttotal Status Flags
r-devel-linux-x86_64-debian-clang 1.0 2.22 38.66 40.88 NOTE
r-devel-linux-x86_64-debian-gcc 1.0 2.01 37.99 40.00 NOTE
r-devel-linux-x86_64-fedora-clang 1.0 91.88 NOTE
r-devel-linux-x86_64-fedora-gcc 1.0 83.60 NOTE
r-devel-osx-x86_64-clang 1.0 79.64 OK
r-devel-windows-ix86+x86_64 1.0 8.00 59.00 67.00 OK
r-patched-linux-x86_64 1.0 2.24 41.94 44.18 NOTE
r-patched-solaris-sparc 1.0 486.10 OK
r-patched-solaris-x86 1.0 104.10 OK
r-release-linux-ix86 1.0 2.58 48.35 50.93 OK
r-release-linux-x86_64 1.0 2.28 40.36 42.64 NOTE
r-release-osx-x86_64-mavericks 1.0 OK
r-release-osx-x86_64-snowleopard 1.0 OK
r-release-windows-ix86+x86_64 1.0 8.00 62.00 70.00 OK
r-oldrel-windows-ix86+x86_64 1.0 7.00 57.00 64.00 OK

Check Details

Version: 1.0
Check: top-level files
Result: NOTE
    Non-standard file/directory found at top level:
     ‘LDOD.Rproj’
Flavors: r-devel-linux-x86_64-debian-clang, r-devel-linux-x86_64-debian-gcc, r-devel-linux-x86_64-fedora-clang, r-devel-linux-x86_64-fedora-gcc, r-patched-linux-x86_64, r-release-linux-x86_64