CRAN Package Check Results for Package LEGIT

Last updated on 2022-01-28 23:00:40 CET.

Flavor Version Tinstall Tcheck Ttotal Status Flags
r-devel-linux-x86_64-debian-clang 1.4.0 12.54 346.75 359.29 OK
r-devel-linux-x86_64-debian-gcc 1.4.0 9.32 250.29 259.61 OK
r-devel-linux-x86_64-fedora-clang 1.4.0 406.69 OK
r-devel-linux-x86_64-fedora-gcc 1.4.0 403.50 OK
r-devel-windows-x86_64-new-UL 1.4.0 44.00 368.00 412.00 OK
r-devel-windows-x86_64-new-TK 1.4.0 ERROR
r-patched-linux-x86_64 1.4.0 11.51 327.97 339.48 OK
r-release-linux-x86_64 1.4.0 7.98 325.33 333.31 OK
r-release-macos-arm64 1.4.0 OK
r-release-macos-x86_64 1.4.0 OK
r-release-windows-ix86+x86_64 1.4.0 21.00 384.00 405.00 OK
r-oldrel-macos-x86_64 1.4.0 OK
r-oldrel-windows-ix86+x86_64 1.4.0 20.00 392.00 412.00 OK

Check Details

Version: 1.4.0
Check: package dependencies
Result: ERROR
    Package required but not available: 'lme4'
    
    See section 'The DESCRIPTION file' in the 'Writing R Extensions'
    manual.
Flavor: r-devel-windows-x86_64-new-TK