CRAN Package Check Results for Package LICORS

Last updated on 2015-05-24 03:48:04.

Flavor Version Tinstall Tcheck Ttotal Status Flags
r-devel-linux-x86_64-debian-clang 0.2.0 3.78 43.92 47.70 NOTE
r-devel-linux-x86_64-debian-gcc 0.2.0 3.58 43.11 46.69 NOTE
r-devel-linux-x86_64-fedora-clang 0.2.0 100.57 NOTE
r-devel-linux-x86_64-fedora-gcc 0.2.0 93.76 NOTE
r-devel-osx-x86_64-clang 0.2.0 85.56 NOTE
r-devel-windows-ix86+x86_64 0.2.0 10.00 70.00 80.00 NOTE
r-patched-linux-x86_64 0.2.0 3.62 43.18 46.80 NOTE
r-patched-solaris-sparc 0.2.0 606.80 NOTE
r-patched-solaris-x86 0.2.0 133.10 NOTE
r-release-linux-x86_64 0.2.0 3.64 43.15 46.79 NOTE
r-release-osx-x86_64-mavericks 0.2.0 NOTE
r-release-osx-x86_64-snowleopard 0.2.0 ERROR
r-release-windows-ix86+x86_64 0.2.0 10.00 65.00 75.00 NOTE
r-oldrel-windows-ix86+x86_64 0.2.0 16.00 81.00 97.00 NOTE

Check Details

Version: 0.2.0
Check: R code for possible problems
Result: NOTE
    estimate_LC_pdf_state: no visible global function definition for
     ‘huge.select’
    estimate_LC_pdf_state: no visible global function definition for ‘huge’
    search_knn: no visible global function definition for ‘ann’
Flavors: r-devel-linux-x86_64-debian-clang, r-devel-linux-x86_64-debian-gcc, r-devel-linux-x86_64-fedora-clang, r-devel-linux-x86_64-fedora-gcc, r-devel-osx-x86_64-clang, r-devel-windows-ix86+x86_64, r-patched-linux-x86_64, r-patched-solaris-sparc, r-patched-solaris-x86, r-release-linux-x86_64, r-release-osx-x86_64-mavericks, r-release-windows-ix86+x86_64, r-oldrel-windows-ix86+x86_64

Version: 0.2.0
Check: package dependencies
Result: ERROR
    Packages required but not available: ‘zoo’ ‘fields’
    
    Packages suggested but not available for checking: ‘huge’ ‘yaImpute’
    
    See section ‘The DESCRIPTION file’ in the ‘Writing R Extensions’
    manual.
Flavor: r-release-osx-x86_64-snowleopard