CRAN Package Check Results for Package LICORS

Last updated on 2015-04-19 11:51:11.

Flavor Version Tinstall Tcheck Ttotal Status Flags
r-devel-linux-x86_64-debian-clang 0.2.0 3.92 45.34 49.26 NOTE
r-devel-linux-x86_64-debian-gcc 0.2.0 3.68 43.50 47.18 NOTE
r-devel-linux-x86_64-fedora-clang 0.2.0 100.60 NOTE
r-devel-linux-x86_64-fedora-gcc 0.2.0 105.20 NOTE
r-devel-osx-x86_64-clang 0.2.0 90.79 NOTE
r-devel-windows-ix86+x86_64 0.2.0 14.00 89.00 103.00 NOTE
r-patched-linux-x86_64 0.2.0 3.70 44.76 48.47 NOTE
r-patched-solaris-sparc 0.2.0 601.30 NOTE
r-patched-solaris-x86 0.2.0 126.00 NOTE
r-release-linux-x86_64 0.2.0 4.44 43.88 48.32 NOTE
r-release-osx-x86_64-mavericks 0.2.0 NOTE
r-release-osx-x86_64-snowleopard 0.2.0 ERROR
r-release-windows-ix86+x86_64 0.2.0 8.00 63.00 71.00 NOTE
r-oldrel-windows-ix86+x86_64 0.2.0 18.00 115.00 133.00 NOTE

Check Details

Version: 0.2.0
Check: R code for possible problems
Result: NOTE
    estimate_LC_pdf_state: no visible global function definition for
     ‘huge.select’
    estimate_LC_pdf_state: no visible global function definition for ‘huge’
    search_knn: no visible global function definition for ‘ann’
Flavors: r-devel-linux-x86_64-debian-clang, r-devel-linux-x86_64-debian-gcc, r-devel-linux-x86_64-fedora-clang, r-devel-linux-x86_64-fedora-gcc, r-devel-osx-x86_64-clang, r-devel-windows-ix86+x86_64, r-patched-linux-x86_64, r-patched-solaris-sparc, r-patched-solaris-x86, r-release-linux-x86_64, r-release-osx-x86_64-mavericks, r-release-windows-ix86+x86_64, r-oldrel-windows-ix86+x86_64

Version: 0.2.0
Check: package dependencies
Result: ERROR
    Packages required but not available: ‘zoo’ ‘fields’
    
    Packages suggested but not available for checking: ‘huge’ ‘yaImpute’
    
    See section ‘The DESCRIPTION file’ in the ‘Writing R Extensions’
    manual.
Flavor: r-release-osx-x86_64-snowleopard