CRAN Package Check Results for Package LICORS

Last updated on 2015-03-27 19:48:27.

Flavor Version Tinstall Tcheck Ttotal Status Flags
r-devel-linux-x86_64-debian-clang 0.2.0 3.76 43.96 47.72 NOTE
r-devel-linux-x86_64-debian-gcc 0.2.0 3.61 42.58 46.19 NOTE
r-devel-linux-x86_64-fedora-clang 0.2.0 100.25 NOTE
r-devel-linux-x86_64-fedora-gcc 0.2.0 94.01 NOTE
r-devel-osx-x86_64-clang 0.2.0 93.31 NOTE
r-prerel-windows-ix86+x86_64 0.2.0 10.00 71.00 81.00 NOTE
r-prerel-linux-x86_64 0.2.0 3.57 42.76 46.32 NOTE
r-prerel-solaris-sparc 0.2.0 601.30 NOTE
r-prerel-solaris-x86 0.2.0 125.90 NOTE
r-release-linux-x86_64 0.2.0 5.58 60.23 65.81 NOTE
r-release-osx-x86_64-mavericks 0.2.0 NOTE
r-release-osx-x86_64-snowleopard 0.2.0 OK
r-release-windows-ix86+x86_64 0.2.0 16.00 83.00 99.00 NOTE
r-oldrel-windows-ix86+x86_64 0.2.0 13.00 88.00 101.00 OK

Check Details

Version: 0.2.0
Check: R code for possible problems
Result: NOTE
    estimate_LC_pdf_state: no visible global function definition for
     ‘huge.select’
    estimate_LC_pdf_state: no visible global function definition for ‘huge’
    search_knn: no visible global function definition for ‘ann’
Flavors: r-devel-linux-x86_64-debian-clang, r-devel-linux-x86_64-debian-gcc, r-devel-linux-x86_64-fedora-clang, r-devel-linux-x86_64-fedora-gcc, r-devel-osx-x86_64-clang, r-prerel-windows-ix86+x86_64, r-prerel-linux-x86_64, r-prerel-solaris-sparc, r-prerel-solaris-x86, r-release-linux-x86_64, r-release-osx-x86_64-mavericks, r-release-windows-ix86+x86_64