CRAN Package Check Results for Package LICORS

Last updated on 2014-08-23 16:46:28.

Flavor Version Tinstall Tcheck Ttotal Status Flags
r-devel-linux-x86_64-debian-clang 0.2.0 5.12 53.60 58.72 NOTE
r-devel-linux-x86_64-debian-gcc 0.2.0 4.99 52.12 57.11 NOTE
r-devel-linux-x86_64-fedora-clang 0.2.0 132.81 NOTE
r-devel-linux-x86_64-fedora-gcc 0.2.0 129.43 NOTE
r-devel-osx-x86_64-clang 0.2.0 107.92 NOTE
r-devel-windows-ix86+x86_64 0.2.0 12.00 77.00 89.00 OK
r-patched-linux-x86_64 0.2.0 4.86 53.94 58.80 OK
r-patched-solaris-sparc 0.2.0 792.00 OK
r-patched-solaris-x86 0.2.0 171.90 OK
r-release-linux-ix86 0.2.0 5.83 65.97 71.80 OK
r-release-linux-x86_64 0.2.0 5.02 55.24 60.26 OK
r-release-osx-x86_64-mavericks 0.2.0 OK
r-release-osx-x86_64-snowleopard 0.2.0 OK
r-release-windows-ix86+x86_64 0.2.0 14.00 80.00 94.00 OK
r-oldrel-windows-ix86+x86_64 0.2.0 12.00 74.00 86.00 OK

Check Details

Version: 0.2.0
Check: R code for possible problems
Result: NOTE
    estimate_LC_pdf_state: no visible global function definition for
     ‘huge.select’
    estimate_LC_pdf_state: no visible global function definition for ‘huge’
    search_knn: no visible global function definition for ‘ann’
Flavors: r-devel-linux-x86_64-debian-clang, r-devel-linux-x86_64-debian-gcc, r-devel-linux-x86_64-fedora-clang, r-devel-linux-x86_64-fedora-gcc, r-devel-osx-x86_64-clang