CRAN Package Check Results for Package LICORS

Last updated on 2015-01-28 12:48:02.

Flavor Version Tinstall Tcheck Ttotal Status Flags
r-devel-linux-x86_64-debian-clang 0.2.0 4.72 50.91 55.63 NOTE
r-devel-linux-x86_64-debian-gcc 0.2.0 4.72 49.90 54.61 NOTE
r-devel-linux-x86_64-fedora-clang 0.2.0 139.08 NOTE
r-devel-linux-x86_64-fedora-gcc 0.2.0 132.78 NOTE
r-devel-osx-x86_64-clang 0.2.0 115.10 NOTE
r-devel-windows-ix86+x86_64 0.2.0 13.00 73.00 86.00 NOTE
r-patched-linux-x86_64 0.2.0 5.27 58.06 63.33 NOTE
r-patched-solaris-sparc 0.2.0 812.60 NOTE
r-patched-solaris-x86 0.2.0 180.70 NOTE
r-release-linux-ix86 0.2.0 6.10 66.83 72.93 NOTE
r-release-linux-x86_64 0.2.0 5.26 57.48 62.74 NOTE
r-release-osx-x86_64-mavericks 0.2.0 NOTE
r-release-osx-x86_64-snowleopard 0.2.0 OK
r-release-windows-ix86+x86_64 0.2.0 14.00 85.00 99.00 NOTE
r-oldrel-windows-ix86+x86_64 0.2.0 14.00 78.00 92.00 OK

Check Details

Version: 0.2.0
Check: R code for possible problems
Result: NOTE
    estimate_LC_pdf_state: no visible global function definition for
     ‘huge.select’
    estimate_LC_pdf_state: no visible global function definition for ‘huge’
    search_knn: no visible global function definition for ‘ann’
Flavors: r-devel-linux-x86_64-debian-clang, r-devel-linux-x86_64-debian-gcc, r-devel-linux-x86_64-fedora-clang, r-devel-linux-x86_64-fedora-gcc, r-devel-osx-x86_64-clang, r-devel-windows-ix86+x86_64, r-patched-linux-x86_64, r-patched-solaris-sparc, r-patched-solaris-x86, r-release-linux-ix86, r-release-linux-x86_64, r-release-osx-x86_64-mavericks, r-release-windows-ix86+x86_64