CRAN Package Check Results for Package LICORS

Last updated on 2014-04-24 09:49:03.

Flavor Version Tinstall Tcheck Ttotal Status Flags
r-devel-linux-x86_64-debian-clang 0.2.0 5.13 59.30 64.44 OK
r-devel-linux-x86_64-debian-gcc 0.2.0 5.09 56.42 61.50 OK
r-devel-linux-x86_64-fedora-clang 0.2.0 142.46 OK
r-devel-linux-x86_64-fedora-gcc 0.2.0 136.56 OK
r-devel-osx-x86_64-clang 0.2.0 113.31 OK
r-devel-osx-x86_64-gcc 0.2.0 ERROR
r-devel-windows-ix86+x86_64 0.2.0 12.00 76.00 88.00 OK
r-patched-linux-x86_64 0.2.0 5.04 57.00 62.03 OK
r-patched-solaris-sparc 0.2.0 740.20 OK
r-patched-solaris-x86 0.2.0 173.10 OK
r-release-linux-ix86 0.2.0 8.00 89.00 97.00 OK
r-release-linux-x86_64 0.2.0 5.04 57.42 62.47 OK
r-release-osx-x86_64-mavericks 0.2.0 WARN
r-release-osx-x86_64-snowleopard 0.2.0 OK
r-release-windows-ix86+x86_64 0.2.0 13.00 79.00 92.00 OK
r-oldrel-windows-ix86+x86_64 0.2.0 13.00 78.00 91.00 OK

Check Details

Version: 0.2.0
Check: package dependencies
Result: ERROR
    Packages required but not available: ‘zoo’ ‘fields’
    
    Packages suggested but not available for checking: ‘huge’ ‘yaImpute’
    
    See the information on DESCRIPTION files in the chapter ‘Creating R
    packages’ of the ‘Writing R Extensions’ manual.
Flavor: r-devel-osx-x86_64-gcc

Version: 0.2.0
Check: PDF version of manual
Result: WARNING
    LaTeX errors when creating PDF version.
    This typically indicates Rd problems.
    LaTeX errors found:
    ! LaTeX Error: File `upquote.sty' not found.
    
    Type X to quit or <RETURN> to proceed,
    or enter new name. (Default extension: sty)
    
    237f695e/Rd2.tex:8: ==> Fatal error occurred, no output PDF file produced!
Flavor: r-release-osx-x86_64-mavericks