CRAN Package Check Results for Package LICORS

Last updated on 2014-12-22 17:51:27.

Flavor Version Tinstall Tcheck Ttotal Status Flags
r-devel-linux-x86_64-debian-clang 0.2.0 5.15 56.24 61.39 NOTE
r-devel-linux-x86_64-debian-gcc 0.2.0 5.47 53.26 58.72 NOTE
r-devel-linux-x86_64-fedora-clang 0.2.0 143.06 NOTE
r-devel-linux-x86_64-fedora-gcc 0.2.0 134.48 NOTE
r-devel-osx-x86_64-clang 0.2.0 117.30 NOTE
r-devel-windows-ix86+x86_64 0.2.0 14.00 76.00 90.00 NOTE
r-patched-linux-x86_64 0.2.0 5.30 58.62 63.92 NOTE
r-patched-solaris-sparc 0.2.0 812.30 NOTE
r-patched-solaris-x86 0.2.0 182.20 NOTE
r-release-linux-ix86 0.2.0 5.95 66.96 72.91 NOTE
r-release-linux-x86_64 0.2.0 5.23 57.22 62.46 NOTE
r-release-osx-x86_64-mavericks 0.2.0 OK
r-release-osx-x86_64-snowleopard 0.2.0 OK
r-release-windows-ix86+x86_64 0.2.0 15.00 84.00 99.00 NOTE
r-oldrel-windows-ix86+x86_64 0.2.0 15.00 82.00 97.00 OK

Check Details

Version: 0.2.0
Check: R code for possible problems
Result: NOTE
    estimate_LC_pdf_state: no visible global function definition for
     ‘huge.select’
    estimate_LC_pdf_state: no visible global function definition for ‘huge’
    search_knn: no visible global function definition for ‘ann’
Flavors: r-devel-linux-x86_64-debian-clang, r-devel-linux-x86_64-debian-gcc, r-devel-linux-x86_64-fedora-clang, r-devel-linux-x86_64-fedora-gcc, r-devel-osx-x86_64-clang, r-devel-windows-ix86+x86_64, r-patched-linux-x86_64, r-patched-solaris-sparc, r-patched-solaris-x86, r-release-linux-ix86, r-release-linux-x86_64, r-release-windows-ix86+x86_64