CRAN Package Check Results for Package LICORS

Last updated on 2014-09-19 08:49:32.

Flavor Version Tinstall Tcheck Ttotal Status Flags
r-devel-linux-x86_64-debian-clang 0.2.0 5.47 55.43 60.90 NOTE
r-devel-linux-x86_64-debian-gcc 0.2.0 5.06 54.56 59.63 NOTE
r-devel-linux-x86_64-fedora-clang 0.2.0 144.77 NOTE
r-devel-linux-x86_64-fedora-gcc 0.2.0 176.05 NOTE
r-devel-osx-x86_64-clang 0.2.0 109.96 NOTE
r-devel-windows-ix86+x86_64 0.2.0 12.00 80.00 92.00 NOTE
r-patched-linux-x86_64 0.2.0 5.32 58.33 63.66 OK
r-patched-solaris-sparc 0.2.0 792.00 OK
r-patched-solaris-x86 0.2.0 183.20 OK
r-release-linux-ix86 0.2.0 6.20 70.27 76.47 OK
r-release-linux-x86_64 0.2.0 5.92 58.70 64.62 OK
r-release-osx-x86_64-mavericks 0.2.0 OK
r-release-osx-x86_64-snowleopard 0.2.0 OK
r-release-windows-ix86+x86_64 0.2.0 14.00 84.00 98.00 OK
r-oldrel-windows-ix86+x86_64 0.2.0 12.00 79.00 91.00 OK

Check Details

Version: 0.2.0
Check: R code for possible problems
Result: NOTE
    estimate_LC_pdf_state: no visible global function definition for
     ‘huge.select’
    estimate_LC_pdf_state: no visible global function definition for ‘huge’
    search_knn: no visible global function definition for ‘ann’
Flavors: r-devel-linux-x86_64-debian-clang, r-devel-linux-x86_64-debian-gcc, r-devel-linux-x86_64-fedora-clang, r-devel-linux-x86_64-fedora-gcc, r-devel-osx-x86_64-clang, r-devel-windows-ix86+x86_64