CRAN Package Check Results for Package LICORS

Last updated on 2014-10-25 03:49:30.

Flavor Version Tinstall Tcheck Ttotal Status Flags
r-devel-linux-x86_64-debian-clang 0.2.0 5.21 55.97 61.18 NOTE
r-devel-linux-x86_64-debian-gcc 0.2.0 5.30 54.90 60.20 NOTE
r-devel-linux-x86_64-fedora-clang 0.2.0 142.34 NOTE
r-devel-linux-x86_64-fedora-gcc 0.2.0 135.48 NOTE
r-devel-osx-x86_64-clang 0.2.0 116.01 NOTE
r-devel-windows-ix86+x86_64 0.2.0 13.00 75.00 88.00 NOTE
r-patched-linux-x86_64 0.2.0 5.34 59.50 64.84 NOTE
r-patched-solaris-sparc 0.2.0 779.40 NOTE
r-patched-solaris-x86 0.2.0 182.30 NOTE
r-release-linux-ix86 0.2.0 6.28 70.71 76.99 OK
r-release-linux-x86_64 0.2.0 5.66 58.69 64.34 OK
r-release-osx-x86_64-mavericks 0.2.0 OK
r-release-osx-x86_64-snowleopard 0.2.0 OK
r-release-windows-ix86+x86_64 0.2.0 12.00 88.00 100.00 OK
r-oldrel-windows-ix86+x86_64 0.2.0 14.00 80.00 94.00 OK

Check Details

Version: 0.2.0
Check: R code for possible problems
Result: NOTE
    estimate_LC_pdf_state: no visible global function definition for
     ‘huge.select’
    estimate_LC_pdf_state: no visible global function definition for ‘huge’
    search_knn: no visible global function definition for ‘ann’
Flavors: r-devel-linux-x86_64-debian-clang, r-devel-linux-x86_64-debian-gcc, r-devel-linux-x86_64-fedora-clang, r-devel-linux-x86_64-fedora-gcc, r-devel-osx-x86_64-clang, r-devel-windows-ix86+x86_64, r-patched-linux-x86_64, r-patched-solaris-sparc, r-patched-solaris-x86