CRAN Package Check Results for Package LIHNPSD

Last updated on 2016-12-09 20:50:29.

Flavor Version Tinstall Tcheck Ttotal Status Flags
r-devel-linux-x86_64-debian-clang 0.2.1 2.12 33.33 35.44 NOTE
r-devel-linux-x86_64-debian-gcc 0.2.1 2.22 32.81 35.04 NOTE
r-devel-linux-x86_64-fedora-clang 0.2.1 67.31 NOTE --no-stop-on-test-error
r-devel-linux-x86_64-fedora-gcc 0.2.1 65.22 NOTE --no-stop-on-test-error
r-devel-macos-x86_64-clang 0.2.1 52.59 NOTE --no-stop-on-test-error
r-devel-windows-ix86+x86_64 0.2.1 8.00 99.00 107.00 NOTE
r-patched-linux-x86_64 0.2.1 2.51 31.42 33.94 NOTE
r-patched-solaris-sparc 0.2.1 391.60 NOTE
r-patched-solaris-x86 0.2.1 77.20 NOTE
r-release-linux-x86_64 0.2.1 2.34 31.57 33.91 NOTE
r-release-osx-x86_64-mavericks 0.2.1 NOTE
r-release-windows-ix86+x86_64 0.2.1 7.00 53.00 60.00 NOTE
r-oldrel-windows-ix86+x86_64 0.2.1 12.00 78.00 90.00 NOTE

Check Details

Version: 0.2.1
Check: package dependencies
Result: NOTE
    Depends: includes the non-default packages:
     ‘sn’ ‘moments’ ‘BB’ ‘Bolstad2’ ‘optimx’ ‘Rmpfr’
    Adding so many packages to the search path is excessive and importing
    selectively is preferable.
Flavors: r-devel-linux-x86_64-debian-clang, r-devel-linux-x86_64-debian-gcc, r-devel-windows-ix86+x86_64, r-patched-linux-x86_64, r-patched-solaris-sparc, r-patched-solaris-x86, r-release-linux-x86_64, r-release-osx-x86_64-mavericks, r-release-windows-ix86+x86_64, r-oldrel-windows-ix86+x86_64

Version: 0.2.1
Check: top-level files
Result: NOTE
    Non-standard files/directories found at top level:
     ‘LIHNPSD-manual.pdf’ ‘PSD-Paper.pdf’ ‘Rplots.pdf’
Flavors: r-devel-linux-x86_64-debian-clang, r-devel-linux-x86_64-debian-gcc, r-patched-linux-x86_64, r-release-linux-x86_64

Version: 0.2.1
Check: dependencies in R code
Result: NOTE
    Packages in Depends field not imported from:
     ‘BB’ ‘Bolstad2’ ‘Rmpfr’ ‘moments’ ‘optimx’ ‘sn’
     These packages need to be imported from (in the NAMESPACE file)
     for when this namespace is loaded but not attached.
Flavors: r-devel-linux-x86_64-debian-clang, r-devel-linux-x86_64-debian-gcc, r-devel-windows-ix86+x86_64, r-patched-linux-x86_64, r-patched-solaris-sparc, r-patched-solaris-x86, r-release-linux-x86_64, r-release-osx-x86_64-mavericks, r-release-windows-ix86+x86_64, r-oldrel-windows-ix86+x86_64

Version: 0.2.1
Check: R code for possible problems
Result: NOTE
    .N: no visible global function definition for ‘mpfr’
    LIHNPSD_plot_std4gr: no visible global function definition for
     ‘postscript’
    LIHNPSD_plot_std4gr: no visible global function definition for ‘par’
    LIHNPSD_plot_std4gr: no visible global function definition for
     ‘dev.off’
    LIHNPSD_plotcdf: no visible global function definition for ‘par’
    LIHNPSD_plotcdf: no visible global function definition for ‘plot’
    LIHNPSD_plotcdf: no visible global function definition for ‘lines’
    LIHNPSD_plotcdf: no visible global function definition for ‘text’
    LIHNPSD_plotlogpdf: no visible global function definition for ‘par’
    LIHNPSD_plotlogpdf: no visible global function definition for ‘plot’
    LIHNPSD_plotlogpdf: no visible global function definition for ‘lines’
    LIHNPSD_plotlogpdf: no visible global function definition for ‘text’
    LIHNPSD_plotpdf: no visible global function definition for ‘par’
    LIHNPSD_plotpdf: no visible global function definition for ‘plot’
    LIHNPSD_plotpdf: no visible global function definition for ‘lines’
    LIHNPSD_plotpdf: no visible global function definition for ‘segments’
    LIHNPSD_plotpdf: no visible global function definition for ‘text’
    LIHNPSD_plotpdf: no visible global function definition for ‘legend’
    LIHNPSD_plotqq: no visible global function definition for ‘par’
    LIHNPSD_plotqq: no visible global function definition for ‘plot’
    LIHNPSD_plotqq: no visible global function definition for ‘abline’
    LIHNPSD_plotqq: no visible global function definition for ‘lines’
    LIHNPSD_plotqq: no visible global function definition for ‘legend’
    LIHNPSD_plotqq: no visible global function definition for ‘text’
    LIHNPSD_prepare_data: no visible global function definition for ‘var’
    LIHNPSD_prepare_data: no visible global function definition for
     ‘skewness’
    LIHNPSD_prepare_data: no visible global function definition for
     ‘kurtosis’
    LIHNPSD_prepare_data: no visible global function definition for ‘hist’
    LIHNPSD_standardfit_fn: no visible global function definition for ‘par’
    LIHNPSD_standardfit_fn: no visible global function definition for
     ‘plot’
    LIHNPSD_standardfit_fn: no visible global function definition for
     ‘lines’
    LIHNPSD_standardfit_fn: no visible global function definition for
     ‘text’
    LIHNPSD_standardfit_fn: no visible global function definition for
     ‘abline’
    LIHNPSD_standardfit_test: no visible global function definition for
     ‘var’
    LIHNPSD_standardfit_test: no visible global function definition for
     ‘skewness’
    LIHNPSD_standardfit_test: no visible global function definition for
     ‘kurtosis’
    LihnBetaPoly: no visible global function definition for ‘Const’
    LihnBetaPoly: no visible global function definition for ‘getPrec’
    LihnTildeFunction: no visible global function definition for ‘Const’
    LihnTildeFunction: no visible global function definition for ‘getPrec’
    prepare.LIHNPSD : D: no visible global function definition for ‘mpfr’
    prepare.LIHNPSD: no visible global function definition for ‘Const’
    psdunittest.LIHNPSD: no visible global function definition for
     ‘sintegral’
    rawcdf.LIHNPSD : cdf: no visible global function definition for ‘erf’
    rawcdf.LIHNPSD : cdf: no visible global function definition for
     ‘T.Owen’
    rawsn.LIHNPSD: no visible global function definition for ‘erf’
    standardfit.LIHNPSD: no visible global function definition for ‘var’
    standardfit.LIHNPSD: no visible global function definition for
     ‘skewness’
    standardfit.LIHNPSD: no visible global function definition for
     ‘kurtosis’
    standardfit.LIHNPSD: no visible global function definition for ‘optimx’
    tailindex_plot.LIHNPSD: no visible global function definition for
     ‘plot’
    tailindex_plot.LIHNPSD: no visible global function definition for
     ‘abline’
    Undefined global functions or variables:
     Const T.Owen abline dev.off erf getPrec hist kurtosis legend lines
     mpfr optimx par plot postscript segments sintegral skewness text var
    Consider adding
     importFrom("grDevices", "dev.off", "postscript")
     importFrom("graphics", "abline", "hist", "legend", "lines", "par",
     "plot", "segments", "text")
     importFrom("stats", "var")
    to your NAMESPACE file.
Flavors: r-devel-linux-x86_64-debian-clang, r-devel-linux-x86_64-debian-gcc, r-devel-windows-ix86+x86_64, r-patched-linux-x86_64, r-patched-solaris-sparc, r-patched-solaris-x86, r-release-linux-x86_64, r-release-osx-x86_64-mavericks, r-release-windows-ix86+x86_64

Version: 0.2.1
Check: Rd line widths
Result: NOTE
    Rd file 'LIHNPSD-package.Rd':
     \examples lines wider than 100 characters:
     dist <- list( sigma= 0.004625, alpha= 0.292645, gamma= 0.482744, beta= -0.154049, location= 0.002968 )
    
    Rd file 'LIHNPSD_standardfit_fn.Rd':
     \usage lines wider than 90 characters:
     LIHNPSD_standardfit_fn(psd, data_stats, hist, plotqq = 1, weights = list(), merge_tails = c(0, 0), debug = 0)
    
    Rd file 'prepare.Rd':
     \examples lines wider than 100 characters:
     dist <- list( sigma= 0.004625, alpha= 0.292645, gamma= 0.482744, beta= -0.154049, location= 0.002968 )
    
    Rd file 'rawmean.Rd':
     \examples lines wider than 100 characters:
     dist <- list( sigma= 0.004625, alpha= 0.292645, gamma= 0.482744, beta= -0.154049, location= 0.002968 )
    
    These lines will be truncated in the PDF manual.
Flavors: r-devel-linux-x86_64-debian-clang, r-devel-linux-x86_64-debian-gcc, r-patched-linux-x86_64, r-release-linux-x86_64

Version: 0.2.1
Flags: --no-stop-on-test-error
Check: package dependencies
Result: NOTE
    Depends: includes the non-default packages:
     ‘sn’ ‘moments’ ‘BB’ ‘Bolstad2’ ‘optimx’ ‘Rmpfr’
    Adding so many packages to the search path is excessive and importing
    selectively is preferable.
Flavors: r-devel-linux-x86_64-fedora-clang, r-devel-linux-x86_64-fedora-gcc, r-devel-macos-x86_64-clang

Version: 0.2.1
Flags: --no-stop-on-test-error
Check: top-level files
Result: NOTE
    Non-standard files/directories found at top level:
     ‘LIHNPSD-manual.pdf’ ‘PSD-Paper.pdf’ ‘Rplots.pdf’
Flavors: r-devel-linux-x86_64-fedora-clang, r-devel-linux-x86_64-fedora-gcc

Version: 0.2.1
Flags: --no-stop-on-test-error
Check: dependencies in R code
Result: NOTE
    Packages in Depends field not imported from:
     ‘BB’ ‘Bolstad2’ ‘Rmpfr’ ‘moments’ ‘optimx’ ‘sn’
     These packages need to be imported from (in the NAMESPACE file)
     for when this namespace is loaded but not attached.
Flavors: r-devel-linux-x86_64-fedora-clang, r-devel-linux-x86_64-fedora-gcc, r-devel-macos-x86_64-clang

Version: 0.2.1
Flags: --no-stop-on-test-error
Check: R code for possible problems
Result: NOTE
    .N: no visible global function definition for ‘mpfr’
    LIHNPSD_plot_std4gr: no visible global function definition for
     ‘postscript’
    LIHNPSD_plot_std4gr: no visible global function definition for ‘par’
    LIHNPSD_plot_std4gr: no visible global function definition for
     ‘dev.off’
    LIHNPSD_plotcdf: no visible global function definition for ‘par’
    LIHNPSD_plotcdf: no visible global function definition for ‘plot’
    LIHNPSD_plotcdf: no visible global function definition for ‘lines’
    LIHNPSD_plotcdf: no visible global function definition for ‘text’
    LIHNPSD_plotlogpdf: no visible global function definition for ‘par’
    LIHNPSD_plotlogpdf: no visible global function definition for ‘plot’
    LIHNPSD_plotlogpdf: no visible global function definition for ‘lines’
    LIHNPSD_plotlogpdf: no visible global function definition for ‘text’
    LIHNPSD_plotpdf: no visible global function definition for ‘par’
    LIHNPSD_plotpdf: no visible global function definition for ‘plot’
    LIHNPSD_plotpdf: no visible global function definition for ‘lines’
    LIHNPSD_plotpdf: no visible global function definition for ‘segments’
    LIHNPSD_plotpdf: no visible global function definition for ‘text’
    LIHNPSD_plotpdf: no visible global function definition for ‘legend’
    LIHNPSD_plotqq: no visible global function definition for ‘par’
    LIHNPSD_plotqq: no visible global function definition for ‘plot’
    LIHNPSD_plotqq: no visible global function definition for ‘abline’
    LIHNPSD_plotqq: no visible global function definition for ‘lines’
    LIHNPSD_plotqq: no visible global function definition for ‘legend’
    LIHNPSD_plotqq: no visible global function definition for ‘text’
    LIHNPSD_prepare_data: no visible global function definition for ‘var’
    LIHNPSD_prepare_data: no visible global function definition for
     ‘skewness’
    LIHNPSD_prepare_data: no visible global function definition for
     ‘kurtosis’
    LIHNPSD_prepare_data: no visible global function definition for ‘hist’
    LIHNPSD_standardfit_fn: no visible global function definition for ‘par’
    LIHNPSD_standardfit_fn: no visible global function definition for
     ‘plot’
    LIHNPSD_standardfit_fn: no visible global function definition for
     ‘lines’
    LIHNPSD_standardfit_fn: no visible global function definition for
     ‘text’
    LIHNPSD_standardfit_fn: no visible global function definition for
     ‘abline’
    LIHNPSD_standardfit_test: no visible global function definition for
     ‘var’
    LIHNPSD_standardfit_test: no visible global function definition for
     ‘skewness’
    LIHNPSD_standardfit_test: no visible global function definition for
     ‘kurtosis’
    LihnBetaPoly: no visible global function definition for ‘Const’
    LihnBetaPoly: no visible global function definition for ‘getPrec’
    LihnTildeFunction: no visible global function definition for ‘Const’
    LihnTildeFunction: no visible global function definition for ‘getPrec’
    prepare.LIHNPSD : D: no visible global function definition for ‘mpfr’
    prepare.LIHNPSD: no visible global function definition for ‘Const’
    psdunittest.LIHNPSD: no visible global function definition for
     ‘sintegral’
    rawcdf.LIHNPSD : cdf: no visible global function definition for ‘erf’
    rawcdf.LIHNPSD : cdf: no visible global function definition for
     ‘T.Owen’
    rawsn.LIHNPSD: no visible global function definition for ‘erf’
    standardfit.LIHNPSD: no visible global function definition for ‘var’
    standardfit.LIHNPSD: no visible global function definition for
     ‘skewness’
    standardfit.LIHNPSD: no visible global function definition for
     ‘kurtosis’
    standardfit.LIHNPSD: no visible global function definition for ‘optimx’
    tailindex_plot.LIHNPSD: no visible global function definition for
     ‘plot’
    tailindex_plot.LIHNPSD: no visible global function definition for
     ‘abline’
    Undefined global functions or variables:
     Const T.Owen abline dev.off erf getPrec hist kurtosis legend lines
     mpfr optimx par plot postscript segments sintegral skewness text var
    Consider adding
     importFrom("grDevices", "dev.off", "postscript")
     importFrom("graphics", "abline", "hist", "legend", "lines", "par",
     "plot", "segments", "text")
     importFrom("stats", "var")
    to your NAMESPACE file.
Flavors: r-devel-linux-x86_64-fedora-clang, r-devel-linux-x86_64-fedora-gcc, r-devel-macos-x86_64-clang

Version: 0.2.1
Flags: --no-stop-on-test-error
Check: Rd line widths
Result: NOTE
    Rd file 'LIHNPSD-package.Rd':
     \examples lines wider than 100 characters:
     dist <- list( sigma= 0.004625, alpha= 0.292645, gamma= 0.482744, beta= -0.154049, location= 0.002968 )
    
    Rd file 'LIHNPSD_standardfit_fn.Rd':
     \usage lines wider than 90 characters:
     LIHNPSD_standardfit_fn(psd, data_stats, hist, plotqq = 1, weights = list(), merge_tails = c(0, 0), debug = 0)
    
    Rd file 'prepare.Rd':
     \examples lines wider than 100 characters:
     dist <- list( sigma= 0.004625, alpha= 0.292645, gamma= 0.482744, beta= -0.154049, location= 0.002968 )
    
    Rd file 'rawmean.Rd':
     \examples lines wider than 100 characters:
     dist <- list( sigma= 0.004625, alpha= 0.292645, gamma= 0.482744, beta= -0.154049, location= 0.002968 )
    
    These lines will be truncated in the PDF manual.
Flavors: r-devel-linux-x86_64-fedora-clang, r-devel-linux-x86_64-fedora-gcc

Version: 0.2.1
Check: R code for possible problems
Result: NOTE
    .N: no visible global function definition for 'mpfr'
    LIHNPSD_prepare_data: no visible global function definition for
     'skewness'
    LIHNPSD_prepare_data: no visible global function definition for
     'kurtosis'
    LIHNPSD_standardfit_test: no visible global function definition for
     'skewness'
    LIHNPSD_standardfit_test: no visible global function definition for
     'kurtosis'
    LihnBetaPoly: no visible global function definition for 'Const'
    LihnBetaPoly: no visible global function definition for 'getPrec'
    LihnTildeFunction: no visible global function definition for 'Const'
    LihnTildeFunction: no visible global function definition for 'getPrec'
    prepare.LIHNPSD : D: no visible global function definition for 'mpfr'
    prepare.LIHNPSD: no visible global function definition for 'Const'
    psdunittest.LIHNPSD: no visible global function definition for
     'sintegral'
    rawcdf.LIHNPSD : cdf: no visible global function definition for 'erf'
    rawcdf.LIHNPSD : cdf: no visible global function definition for
     'T.Owen'
    rawsn.LIHNPSD: no visible global function definition for 'erf'
    standardfit.LIHNPSD: no visible global function definition for
     'skewness'
    standardfit.LIHNPSD: no visible global function definition for
     'kurtosis'
    standardfit.LIHNPSD: no visible global function definition for 'optimx'
Flavor: r-oldrel-windows-ix86+x86_64