CRAN Package Check Results for Package LIHNPSD

Last updated on 2015-07-31 23:47:49.

Flavor Version Tinstall Tcheck Ttotal Status Flags
r-devel-linux-x86_64-debian-clang 0.2.1 2.64 30.78 33.41 NOTE
r-devel-linux-x86_64-debian-gcc 0.2.1 3.69 31.40 35.09 NOTE
r-devel-linux-x86_64-fedora-clang 0.2.1 66.30 NOTE
r-devel-linux-x86_64-fedora-gcc 0.2.1 64.16 NOTE
r-devel-osx-x86_64-clang 0.2.1 58.90 NOTE
r-devel-windows-ix86+x86_64 0.2.1 12.00 51.00 63.00 NOTE
r-patched-linux-x86_64 0.2.1 2.30 30.94 33.24 NOTE
r-patched-solaris-sparc 0.2.1 425.30 NOTE
r-patched-solaris-x86 0.2.1 88.20 NOTE
r-release-linux-x86_64 0.2.1 2.27 30.39 32.66 NOTE
r-release-osx-x86_64-mavericks 0.2.1 NOTE
r-release-windows-ix86+x86_64 0.2.1 12.00 55.00 67.00 NOTE
r-oldrel-windows-ix86+x86_64 0.2.1 14.00 117.00 131.00 NOTE

Check Details

Version: 0.2.1
Check: package dependencies
Result: NOTE
    Depends: includes the non-default packages:
     ‘sn’ ‘moments’ ‘BB’ ‘Bolstad2’ ‘optimx’ ‘Rmpfr’
    Adding so many packages to the search path is excessive and importing
    selectively is preferable.
Flavors: r-devel-linux-x86_64-debian-clang, r-devel-linux-x86_64-debian-gcc, r-devel-linux-x86_64-fedora-clang, r-devel-linux-x86_64-fedora-gcc, r-devel-osx-x86_64-clang, r-devel-windows-ix86+x86_64, r-patched-linux-x86_64, r-patched-solaris-sparc, r-patched-solaris-x86, r-release-linux-x86_64, r-release-osx-x86_64-mavericks, r-release-windows-ix86+x86_64, r-oldrel-windows-ix86+x86_64

Version: 0.2.1
Check: top-level files
Result: NOTE
    Non-standard files/directories found at top level:
     ‘LIHNPSD-manual.pdf’ ‘PSD-Paper.pdf’ ‘Rplots.pdf’
Flavors: r-devel-linux-x86_64-debian-clang, r-devel-linux-x86_64-debian-gcc, r-devel-linux-x86_64-fedora-clang, r-devel-linux-x86_64-fedora-gcc, r-patched-linux-x86_64, r-release-linux-x86_64

Version: 0.2.1
Check: dependencies in R code
Result: NOTE
    Packages in Depends field not imported from:
     ‘BB’ ‘Bolstad2’ ‘Rmpfr’ ‘moments’ ‘optimx’ ‘sn’
     These packages need to be imported from (in the NAMESPACE file)
     for when this namespace is loaded but not attached.
Flavors: r-devel-linux-x86_64-debian-clang, r-devel-linux-x86_64-debian-gcc, r-devel-linux-x86_64-fedora-clang, r-devel-linux-x86_64-fedora-gcc, r-devel-osx-x86_64-clang, r-devel-windows-ix86+x86_64, r-patched-linux-x86_64, r-patched-solaris-sparc, r-patched-solaris-x86, r-release-linux-x86_64, r-release-osx-x86_64-mavericks, r-release-windows-ix86+x86_64, r-oldrel-windows-ix86+x86_64

Version: 0.2.1
Check: R code for possible problems
Result: NOTE
    .N: no visible global function definition for ‘mpfr’
    LIHNPSD_plot_std4gr: no visible global function definition for
     ‘postscript’
    LIHNPSD_plot_std4gr: no visible global function definition for ‘par’
    LIHNPSD_plot_std4gr: no visible global function definition for
     ‘dev.off’
    LIHNPSD_plotcdf: no visible global function definition for ‘par’
    LIHNPSD_plotcdf: no visible global function definition for ‘plot’
    LIHNPSD_plotcdf: no visible global function definition for ‘lines’
    LIHNPSD_plotcdf: no visible global function definition for ‘text’
    LIHNPSD_plotlogpdf: no visible global function definition for ‘par’
    LIHNPSD_plotlogpdf: no visible global function definition for ‘plot’
    LIHNPSD_plotlogpdf: no visible global function definition for ‘lines’
    LIHNPSD_plotlogpdf: no visible global function definition for ‘text’
    LIHNPSD_plotpdf: no visible global function definition for ‘par’
    LIHNPSD_plotpdf: no visible global function definition for ‘plot’
    LIHNPSD_plotpdf: no visible global function definition for ‘lines’
    LIHNPSD_plotpdf: no visible global function definition for ‘segments’
    LIHNPSD_plotpdf: no visible global function definition for ‘text’
    LIHNPSD_plotpdf: no visible global function definition for ‘legend’
    LIHNPSD_plotqq: no visible global function definition for ‘par’
    LIHNPSD_plotqq: no visible global function definition for ‘plot’
    LIHNPSD_plotqq: no visible global function definition for ‘abline’
    LIHNPSD_plotqq: no visible global function definition for ‘lines’
    LIHNPSD_plotqq: no visible global function definition for ‘legend’
    LIHNPSD_plotqq: no visible global function definition for ‘text’
    LIHNPSD_prepare_data: no visible global function definition for ‘var’
    LIHNPSD_prepare_data: no visible global function definition for
     ‘skewness’
    LIHNPSD_prepare_data: no visible global function definition for
     ‘kurtosis’
    LIHNPSD_prepare_data: no visible global function definition for ‘hist’
    LIHNPSD_standardfit_fn: no visible global function definition for ‘par’
    LIHNPSD_standardfit_fn: no visible global function definition for
     ‘plot’
    LIHNPSD_standardfit_fn: no visible global function definition for
     ‘lines’
    LIHNPSD_standardfit_fn: no visible global function definition for
     ‘text’
    LIHNPSD_standardfit_fn: no visible global function definition for
     ‘abline’
    LIHNPSD_standardfit_test: no visible global function definition for
     ‘var’
    LIHNPSD_standardfit_test: no visible global function definition for
     ‘skewness’
    LIHNPSD_standardfit_test: no visible global function definition for
     ‘kurtosis’
    LihnBetaPoly: no visible global function definition for ‘Const’
    LihnBetaPoly: no visible global function definition for ‘getPrec’
    LihnTildeFunction: no visible global function definition for ‘Const’
    LihnTildeFunction: no visible global function definition for ‘getPrec’
    prepare.LIHNPSD : D: no visible global function definition for ‘mpfr’
    prepare.LIHNPSD: no visible global function definition for ‘Const’
    psdunittest.LIHNPSD: no visible global function definition for
     ‘sintegral’
    rawcdf.LIHNPSD : cdf: no visible global function definition for ‘erf’
    rawcdf.LIHNPSD : cdf: no visible global function definition for
     ‘T.Owen’
    rawsn.LIHNPSD: no visible global function definition for ‘erf’
    standardfit.LIHNPSD: no visible global function definition for ‘var’
    standardfit.LIHNPSD: no visible global function definition for
     ‘skewness’
    standardfit.LIHNPSD: no visible global function definition for
     ‘kurtosis’
    standardfit.LIHNPSD: no visible global function definition for ‘optimx’
    tailindex_plot.LIHNPSD: no visible global function definition for
     ‘plot’
    tailindex_plot.LIHNPSD: no visible global function definition for
     ‘abline’
    Undefined global functions or variables:
     Const T.Owen abline dev.off erf getPrec hist kurtosis legend lines
     mpfr optimx par plot postscript segments sintegral skewness text var
    Consider adding
     importFrom("grDevices", "dev.off", "postscript")
     importFrom("graphics", "abline", "hist", "legend", "lines", "par",
     "plot", "segments", "text")
     importFrom("stats", "var")
    to your NAMESPACE.
Flavors: r-devel-linux-x86_64-debian-clang, r-devel-linux-x86_64-debian-gcc, r-devel-linux-x86_64-fedora-clang, r-devel-linux-x86_64-fedora-gcc, r-devel-windows-ix86+x86_64

Version: 0.2.1
Check: Rd line widths
Result: NOTE
    Rd file 'LIHNPSD-package.Rd':
     \examples lines wider than 100 characters:
     dist <- list( sigma= 0.004625, alpha= 0.292645, gamma= 0.482744, beta= -0.154049, location= 0.002968 )
    
    Rd file 'LIHNPSD_standardfit_fn.Rd':
     \usage lines wider than 90 characters:
     LIHNPSD_standardfit_fn(psd, data_stats, hist, plotqq = 1, weights = list(), merge_tails = c(0, 0), debug = 0)
    
    Rd file 'prepare.Rd':
     \examples lines wider than 100 characters:
     dist <- list( sigma= 0.004625, alpha= 0.292645, gamma= 0.482744, beta= -0.154049, location= 0.002968 )
    
    Rd file 'rawmean.Rd':
     \examples lines wider than 100 characters:
     dist <- list( sigma= 0.004625, alpha= 0.292645, gamma= 0.482744, beta= -0.154049, location= 0.002968 )
    
    These lines will be truncated in the PDF manual.
Flavors: r-devel-linux-x86_64-debian-clang, r-devel-linux-x86_64-debian-gcc, r-devel-linux-x86_64-fedora-clang, r-devel-linux-x86_64-fedora-gcc, r-patched-linux-x86_64, r-release-linux-x86_64

Version: 0.2.1
Check: R code for possible problems
Result: NOTE
    .N: no visible global function definition for ‘mpfr’
    LIHNPSD_prepare_data: no visible global function definition for
     ‘skewness’
    LIHNPSD_prepare_data: no visible global function definition for
     ‘kurtosis’
    LIHNPSD_standardfit_test: no visible global function definition for
     ‘skewness’
    LIHNPSD_standardfit_test: no visible global function definition for
     ‘kurtosis’
    LihnBetaPoly: no visible global function definition for ‘Const’
    LihnBetaPoly: no visible global function definition for ‘getPrec’
    LihnTildeFunction: no visible global function definition for ‘Const’
    LihnTildeFunction: no visible global function definition for ‘getPrec’
    prepare.LIHNPSD : D: no visible global function definition for ‘mpfr’
    prepare.LIHNPSD: no visible global function definition for ‘Const’
    psdunittest.LIHNPSD: no visible global function definition for
     ‘sintegral’
    rawcdf.LIHNPSD : cdf: no visible global function definition for ‘erf’
    rawcdf.LIHNPSD : cdf: no visible global function definition for
     ‘T.Owen’
    rawsn.LIHNPSD: no visible global function definition for ‘erf’
    standardfit.LIHNPSD: no visible global function definition for
     ‘skewness’
    standardfit.LIHNPSD: no visible global function definition for
     ‘kurtosis’
    standardfit.LIHNPSD: no visible global function definition for ‘optimx’
    Undefined global functions or variables:
     Const T.Owen erf getPrec kurtosis mpfr optimx sintegral skewness
Flavor: r-devel-osx-x86_64-clang

Version: 0.2.1
Check: R code for possible problems
Result: NOTE
    .N: no visible global function definition for ‘mpfr’
    LIHNPSD_prepare_data: no visible global function definition for
     ‘skewness’
    LIHNPSD_prepare_data: no visible global function definition for
     ‘kurtosis’
    LIHNPSD_standardfit_test: no visible global function definition for
     ‘skewness’
    LIHNPSD_standardfit_test: no visible global function definition for
     ‘kurtosis’
    LihnBetaPoly: no visible global function definition for ‘Const’
    LihnBetaPoly: no visible global function definition for ‘getPrec’
    LihnTildeFunction: no visible global function definition for ‘Const’
    LihnTildeFunction: no visible global function definition for ‘getPrec’
    prepare.LIHNPSD : D: no visible global function definition for ‘mpfr’
    prepare.LIHNPSD: no visible global function definition for ‘Const’
    psdunittest.LIHNPSD: no visible global function definition for
     ‘sintegral’
    rawcdf.LIHNPSD : cdf: no visible global function definition for ‘erf’
    rawcdf.LIHNPSD : cdf: no visible global function definition for
     ‘T.Owen’
    rawsn.LIHNPSD: no visible global function definition for ‘erf’
    standardfit.LIHNPSD: no visible global function definition for
     ‘skewness’
    standardfit.LIHNPSD: no visible global function definition for
     ‘kurtosis’
    standardfit.LIHNPSD: no visible global function definition for ‘optimx’
Flavors: r-patched-linux-x86_64, r-patched-solaris-sparc, r-patched-solaris-x86, r-release-linux-x86_64, r-release-osx-x86_64-mavericks, r-release-windows-ix86+x86_64, r-oldrel-windows-ix86+x86_64