CRAN Package Check Results for Package LIHNPSD

Last updated on 2014-08-21 01:47:45.

Flavor Version Tinstall Tcheck Ttotal Status Flags
r-devel-linux-x86_64-debian-clang 0.2.1 2.87 39.56 42.43 NOTE
r-devel-linux-x86_64-debian-gcc 0.2.1 2.75 36.96 39.71 NOTE
r-devel-linux-x86_64-fedora-clang 0.2.1 92.30 NOTE
r-devel-linux-x86_64-fedora-gcc 0.2.1 81.85 NOTE
r-devel-osx-x86_64-clang 0.2.1 72.14 NOTE
r-devel-windows-ix86+x86_64 0.2.1 10.00 57.00 67.00 NOTE
r-patched-linux-x86_64 0.2.1 2.89 38.36 41.25 NOTE
r-patched-solaris-sparc 0.2.1 526.10 NOTE
r-patched-solaris-x86 0.2.1 106.50 NOTE
r-release-linux-ix86 0.2.1 3.52 48.80 52.32 NOTE
r-release-linux-x86_64 0.2.1 2.91 38.70 41.61 NOTE
r-release-osx-x86_64-mavericks 0.2.1 NOTE
r-release-osx-x86_64-snowleopard 0.2.1 NOTE
r-release-windows-ix86+x86_64 0.2.1 9.00 58.00 67.00 NOTE
r-oldrel-windows-ix86+x86_64 0.2.1 11.00 63.00 74.00 NOTE

Check Details

Version: 0.2.1
Check: package dependencies
Result: NOTE
    Depends: includes the non-default packages:
     ‘sn’ ‘moments’ ‘BB’ ‘Bolstad2’ ‘optimx’ ‘Rmpfr’
    Adding so many packages to the search path is excessive and importing
    selectively is preferable.
Flavors: r-devel-linux-x86_64-debian-clang, r-devel-linux-x86_64-debian-gcc, r-devel-linux-x86_64-fedora-clang, r-devel-linux-x86_64-fedora-gcc, r-devel-osx-x86_64-clang, r-devel-windows-ix86+x86_64, r-patched-linux-x86_64, r-patched-solaris-sparc, r-patched-solaris-x86, r-release-linux-ix86, r-release-linux-x86_64, r-release-osx-x86_64-mavericks, r-release-osx-x86_64-snowleopard, r-release-windows-ix86+x86_64

Version: 0.2.1
Check: dependencies in R code
Result: NOTE
    Packages in Depends field not imported from:
     ‘BB’ ‘Bolstad2’ ‘Rmpfr’ ‘moments’ ‘optimx’ ‘sn’
     These packages need to be imported from (in the NAMESPACE file)
     for when this namespace is loaded but not attached.
    See the information on DESCRIPTION files in the chapter ‘Creating R
    packages’ of the ‘Writing R Extensions’ manual.
Flavors: r-devel-linux-x86_64-debian-clang, r-devel-linux-x86_64-debian-gcc, r-devel-linux-x86_64-fedora-clang, r-devel-linux-x86_64-fedora-gcc, r-devel-osx-x86_64-clang, r-devel-windows-ix86+x86_64, r-patched-linux-x86_64, r-patched-solaris-sparc, r-patched-solaris-x86, r-release-linux-ix86, r-release-linux-x86_64, r-release-osx-x86_64-mavericks, r-release-windows-ix86+x86_64, r-oldrel-windows-ix86+x86_64

Version: 0.2.1
Check: top-level files
Result: NOTE
    Non-standard files/directories found at top level:
     ‘LIHNPSD-manual.pdf’ ‘PSD-Paper.pdf’ ‘Rplots.pdf’
Flavors: r-devel-linux-x86_64-fedora-clang, r-devel-linux-x86_64-fedora-gcc

Version: 0.2.1
Check: R code for possible problems
Result: NOTE
    .N: no visible global function definition for ‘mpfr’
    LIHNPSD_prepare_data: no visible global function definition for
     ‘skewness’
    LIHNPSD_prepare_data: no visible global function definition for
     ‘kurtosis’
    LIHNPSD_standardfit_test: no visible global function definition for
     ‘skewness’
    LIHNPSD_standardfit_test: no visible global function definition for
     ‘kurtosis’
    LihnBetaPoly: no visible global function definition for ‘Const’
    LihnBetaPoly: no visible global function definition for ‘getPrec’
    LihnTildeFunction: no visible global function definition for ‘Const’
    LihnTildeFunction: no visible global function definition for ‘getPrec’
    prepare.LIHNPSD : D: no visible global function definition for ‘mpfr’
    prepare.LIHNPSD: no visible global function definition for ‘Const’
    psdunittest.LIHNPSD: no visible global function definition for
     ‘sintegral’
    rawcdf.LIHNPSD : cdf: no visible global function definition for ‘erf’
    rawcdf.LIHNPSD : cdf: no visible global function definition for
     ‘T.Owen’
    rawsn.LIHNPSD: no visible global function definition for ‘erf’
    standardfit.LIHNPSD: no visible global function definition for
     ‘skewness’
    standardfit.LIHNPSD: no visible global function definition for
     ‘kurtosis’
    standardfit.LIHNPSD: no visible global function definition for ‘optimx’
Flavors: r-devel-linux-x86_64-fedora-clang, r-devel-linux-x86_64-fedora-gcc, r-devel-osx-x86_64-clang

Version: 0.2.1
Check: Rd line widths
Result: NOTE
    Rd file 'LIHNPSD-package.Rd':
     \examples lines wider than 100 characters:
     dist <- list( sigma= 0.004625, alpha= 0.292645, gamma= 0.482744, beta= -0.154049, location= 0.002968 )
    
    Rd file 'LIHNPSD_standardfit_fn.Rd':
     \usage lines wider than 90 characters:
     LIHNPSD_standardfit_fn(psd, data_stats, hist, plotqq = 1, weights = list(), merge_tails = c(0, 0), debug = 0)
    
    Rd file 'prepare.Rd':
     \examples lines wider than 100 characters:
     dist <- list( sigma= 0.004625, alpha= 0.292645, gamma= 0.482744, beta= -0.154049, location= 0.002968 )
    
    Rd file 'rawmean.Rd':
     \examples lines wider than 100 characters:
     dist <- list( sigma= 0.004625, alpha= 0.292645, gamma= 0.482744, beta= -0.154049, location= 0.002968 )
    
    These lines will be truncated in the PDF manual.
Flavors: r-devel-linux-x86_64-fedora-clang, r-devel-linux-x86_64-fedora-gcc