CRAN Package Check Results for Package LIM

Last updated on 2014-09-18 10:52:10.

Flavor Version Tinstall Tcheck Ttotal Status Flags
r-devel-linux-x86_64-debian-clang 1.4.5 1.38 38.38 39.76 NOTE
r-devel-linux-x86_64-debian-gcc 1.4.5 1.25 37.34 38.59 NOTE
r-devel-linux-x86_64-fedora-clang 1.4.5 77.66 NOTE
r-devel-linux-x86_64-fedora-gcc 1.4.5 90.92 NOTE
r-devel-osx-x86_64-clang 1.4.5 74.66 NOTE
r-devel-windows-ix86+x86_64 1.4.5 5.00 64.00 69.00 NOTE
r-patched-linux-x86_64 1.4.5 1.34 36.20 37.54 NOTE
r-patched-solaris-sparc 1.4.5 701.10 NOTE
r-patched-solaris-x86 1.4.5 96.90 NOTE
r-release-linux-ix86 1.4.5 1.89 53.92 55.81 NOTE
r-release-linux-x86_64 1.4.5 1.37 38.50 39.87 NOTE
r-release-osx-x86_64-mavericks 1.4.5 NOTE
r-release-osx-x86_64-snowleopard 1.4.5 NOTE
r-release-windows-ix86+x86_64 1.4.5 5.00 64.00 69.00 NOTE
r-oldrel-windows-ix86+x86_64 1.4.5 6.00 66.00 72.00 NOTE

Check Details

Version: 1.4.5
Check: dependencies in R code
Result: NOTE
    Packages in Depends field not imported from:
     ‘diagram’ ‘limSolve’
     These packages need to be imported from (in the NAMESPACE file)
     for when this namespace is loaded but not attached.
    See the information on DESCRIPTION files in the chapter ‘Creating R
    packages’ of the ‘Writing R Extensions’ manual.
Flavors: r-devel-linux-x86_64-debian-clang, r-devel-linux-x86_64-debian-gcc, r-devel-linux-x86_64-fedora-clang, r-devel-linux-x86_64-fedora-gcc, r-devel-osx-x86_64-clang, r-devel-windows-ix86+x86_64, r-patched-linux-x86_64, r-patched-solaris-sparc, r-patched-solaris-x86, r-release-linux-ix86, r-release-linux-x86_64, r-release-osx-x86_64-mavericks, r-release-windows-ix86+x86_64, r-oldrel-windows-ix86+x86_64

Version: 1.4.5
Check: R code for possible problems
Result: NOTE
    Ldei.double: no visible global function definition for ‘ldei’
    Ldei.lim: no visible global function definition for ‘ldei’
    Linp.double: no visible global function definition for ‘linp’
    Linp.lim: no visible global function definition for ‘linp’
    Lsei.double: no visible global function definition for ‘lsei’
    Lsei.lim: no visible global function definition for ‘lsei’
    Varranges: no visible global function definition for ‘varranges’
    Xranges: no visible global function definition for ‘xranges’
    Xsample: no visible global function definition for ‘xsample’
Flavors: r-devel-linux-x86_64-debian-clang, r-devel-linux-x86_64-debian-gcc, r-devel-linux-x86_64-fedora-clang, r-devel-linux-x86_64-fedora-gcc, r-devel-osx-x86_64-clang, r-devel-windows-ix86+x86_64

Version: 1.4.5
Check: dependencies in R code
Result: NOTE
    Packages in Depends field not imported from:
     ‘diagram’ ‘limSolve’
     These packages need to be imported from for the case when
     this namespace is loaded but not attached.
    See the information on DESCRIPTION files in the chapter ‘Creating R
    packages’ of the ‘Writing R Extensions’ manual.
Flavor: r-release-osx-x86_64-snowleopard