CRAN Package Check Results for Package LIM

Last updated on 2015-05-30 23:46:59.

Flavor Version Tinstall Tcheck Ttotal Status Flags
r-devel-linux-x86_64-debian-clang 1.4.6 1.11 35.04 36.15 NOTE
r-devel-linux-x86_64-debian-gcc 1.4.6 1.13 36.31 37.44 NOTE
r-devel-linux-x86_64-fedora-clang 1.4.6 71.35 NOTE
r-devel-linux-x86_64-fedora-gcc 1.4.6 69.41 NOTE
r-devel-osx-x86_64-clang 1.4.6 78.68 NOTE
r-devel-windows-ix86+x86_64 1.4.6 4.00 63.00 67.00 NOTE
r-patched-linux-x86_64 1.4.6 1.05 35.02 36.07 NOTE
r-patched-solaris-sparc 1.4.6 669.60 NOTE
r-patched-solaris-x86 1.4.6 92.00 NOTE
r-release-linux-x86_64 1.4.6 1.07 35.31 36.38 NOTE
r-release-osx-x86_64-mavericks 1.4.6 NOTE
r-release-osx-x86_64-snowleopard 1.4.6 NOTE
r-release-windows-ix86+x86_64 1.4.6 6.00 62.00 68.00 NOTE
r-oldrel-windows-ix86+x86_64 1.4.6 7.00 106.00 113.00 OK

Check Details

Version: 1.4.6
Check: DESCRIPTION meta-information
Result: NOTE
    Malformed Title field: should not end in a period.
Flavors: r-devel-linux-x86_64-debian-clang, r-devel-linux-x86_64-debian-gcc, r-devel-linux-x86_64-fedora-clang, r-devel-linux-x86_64-fedora-gcc, r-devel-osx-x86_64-clang, r-devel-windows-ix86+x86_64, r-patched-linux-x86_64, r-patched-solaris-sparc, r-patched-solaris-x86, r-release-linux-x86_64, r-release-osx-x86_64-mavericks, r-release-osx-x86_64-snowleopard, r-release-windows-ix86+x86_64