CRAN Package Check Results for Package LIM

Last updated on 2015-04-28 05:47:51.

Flavor Version Tinstall Tcheck Ttotal Status Flags
r-devel-linux-x86_64-debian-clang 1.4.6 1.08 35.97 37.05 NOTE
r-devel-linux-x86_64-debian-gcc 1.4.6 1.04 35.17 36.21 NOTE
r-devel-linux-x86_64-fedora-clang 1.4.6 73.28 NOTE
r-devel-linux-x86_64-fedora-gcc 1.4.6 70.30 NOTE
r-devel-osx-x86_64-clang 1.4.6 76.99 NOTE
r-devel-windows-ix86+x86_64 1.4.6 6.00 59.00 65.00 NOTE
r-patched-linux-x86_64 1.4.6 1.06 35.28 36.35 NOTE
r-patched-solaris-sparc 1.4.6 670.30 NOTE
r-patched-solaris-x86 1.4.6 92.00 NOTE
r-release-linux-x86_64 1.4.6 1.06 34.78 35.84 NOTE
r-release-osx-x86_64-mavericks 1.4.6 NOTE
r-release-osx-x86_64-snowleopard 1.4.6 NOTE
r-release-windows-ix86+x86_64 1.4.6 7.00 86.00 93.00 NOTE
r-oldrel-windows-ix86+x86_64 1.4.6 6.00 67.00 73.00 OK

Check Details

Version: 1.4.6
Check: DESCRIPTION meta-information
Result: NOTE
    Malformed Title field: should not end in a period.
Flavors: r-devel-linux-x86_64-debian-clang, r-devel-linux-x86_64-debian-gcc, r-devel-linux-x86_64-fedora-clang, r-devel-linux-x86_64-fedora-gcc, r-devel-osx-x86_64-clang, r-devel-windows-ix86+x86_64, r-patched-solaris-sparc, r-patched-solaris-x86, r-release-linux-x86_64, r-release-osx-x86_64-mavericks, r-release-osx-x86_64-snowleopard, r-release-windows-ix86+x86_64