CRAN Package Check Results for Package LIM

Last updated on 2015-02-27 15:47:42.

Flavor Version Tinstall Tcheck Ttotal Status Flags
r-devel-linux-x86_64-debian-clang 1.4.6 1.11 35.62 36.72 NOTE
r-devel-linux-x86_64-debian-gcc 1.4.6 1.05 34.98 36.03 NOTE
r-devel-linux-x86_64-fedora-clang 1.4.6 71.70 NOTE
r-devel-linux-x86_64-fedora-gcc 1.4.6 68.73 NOTE
r-devel-osx-x86_64-clang 1.4.6 75.72 NOTE
r-devel-windows-ix86+x86_64 1.4.6 7.00 61.00 68.00 NOTE
r-patched-linux-x86_64 1.4.6 1.60 39.96 41.57 OK
r-patched-solaris-sparc 1.4.6 648.60 OK
r-patched-solaris-x86 OK
r-release-linux-ix86 1.4.6 1.80 56.63 58.44 OK
r-release-linux-x86_64 1.4.6 1.48 39.22 40.70 OK
r-release-osx-x86_64-mavericks 1.4.6 OK
r-release-osx-x86_64-snowleopard 1.4.6 OK
r-release-windows-ix86+x86_64 1.4.6 6.00 70.00 76.00 OK
r-oldrel-windows-ix86+x86_64 1.4.6 7.00 77.00 84.00 OK

Check Details

Version: 1.4.6
Check: DESCRIPTION meta-information
Result: NOTE
    Malformed Title field: should not end in a period.
Flavors: r-devel-linux-x86_64-debian-clang, r-devel-linux-x86_64-debian-gcc, r-devel-linux-x86_64-fedora-clang, r-devel-linux-x86_64-fedora-gcc, r-devel-osx-x86_64-clang, r-devel-windows-ix86+x86_64