CRAN Package Check Results for Package LIM

Last updated on 2015-07-07 06:46:38.

Flavor Version Tinstall Tcheck Ttotal Status Flags
r-devel-linux-x86_64-debian-clang 1.4.6 1.09 34.56 35.65 NOTE
r-devel-linux-x86_64-debian-gcc 1.4.6 1.09 34.75 35.84 NOTE
r-devel-linux-x86_64-fedora-clang 1.4.6 69.73 NOTE
r-devel-linux-x86_64-fedora-gcc 1.4.6 68.25 NOTE
r-devel-osx-x86_64-clang 1.4.6 63.35 NOTE
r-devel-windows-ix86+x86_64 1.4.6 9.00 94.00 103.00 NOTE
r-patched-linux-x86_64 1.4.6 1.08 36.35 37.43 NOTE
r-patched-solaris-sparc 1.4.6 669.60 NOTE
r-patched-solaris-x86 1.4.6 93.20 NOTE
r-release-linux-x86_64 1.4.6 1.06 34.87 35.93 NOTE
r-release-osx-x86_64-mavericks 1.4.6 NOTE
r-release-windows-ix86+x86_64 1.4.6 6.00 57.00 63.00 NOTE
r-oldrel-windows-ix86+x86_64 1.4.6 9.00 95.00 104.00 OK

Check Details

Version: 1.4.6
Check: DESCRIPTION meta-information
Result: NOTE
    Malformed Title field: should not end in a period.
Flavors: r-devel-linux-x86_64-debian-clang, r-devel-linux-x86_64-debian-gcc, r-devel-linux-x86_64-fedora-clang, r-devel-linux-x86_64-fedora-gcc, r-devel-osx-x86_64-clang, r-devel-windows-ix86+x86_64, r-patched-linux-x86_64, r-patched-solaris-sparc, r-patched-solaris-x86, r-release-linux-x86_64, r-release-osx-x86_64-mavericks, r-release-windows-ix86+x86_64

Version: 1.4.6
Check: R code for possible problems
Result: NOTE
    Plotranges.double: no visible global function definition for ‘strwidth’
    Plotranges.double: no visible global function definition for
     ‘strheight’
    Plotranges.double: no visible global function definition for ‘plot.new’
    Plotranges.double: no visible global function definition for ‘par’
    Plotranges.double: no visible global function definition for
     ‘plot.window’
    Plotranges.double: no visible global function definition for ‘mtext’
    Plotranges.double: no visible global function definition for ‘abline’
    Plotranges.double: no visible global function definition for ‘points’
    Plotranges.double: no visible global function definition for ‘segments’
    Plotranges.double: no visible global function definition for ‘text’
    Plotranges.double: no visible global function definition for ‘axis’
    Plotranges.double: no visible global function definition for ‘box’
    Plotranges.double: no visible global function definition for ‘title’
    Undefined global functions or variables:
     abline axis box mtext par plot.new plot.window points segments
     strheight strwidth text title
Flavors: r-devel-linux-x86_64-debian-clang, r-devel-linux-x86_64-debian-gcc, r-devel-linux-x86_64-fedora-clang, r-devel-linux-x86_64-fedora-gcc, r-devel-windows-ix86+x86_64