CRAN Package Check Results for Package LIM

Last updated on 2015-08-02 23:48:07.

Flavor Version Tinstall Tcheck Ttotal Status Flags
r-devel-linux-x86_64-debian-clang 1.4.6 1.06 35.22 36.28 NOTE
r-devel-linux-x86_64-debian-gcc 1.4.6 1.10 34.34 35.44 NOTE
r-devel-linux-x86_64-fedora-clang 1.4.6 69.90 NOTE
r-devel-linux-x86_64-fedora-gcc 1.4.6 68.51 NOTE
r-devel-osx-x86_64-clang 1.4.6 63.32 NOTE
r-devel-windows-ix86+x86_64 1.4.6 5.00 65.00 70.00 NOTE
r-patched-linux-x86_64 1.4.6 1.04 35.02 36.05 NOTE
r-patched-solaris-sparc 1.4.6 659.50 NOTE
r-patched-solaris-x86 1.4.6 90.90 NOTE
r-release-linux-x86_64 1.4.6 1.04 36.07 37.12 NOTE
r-release-osx-x86_64-mavericks 1.4.6 NOTE
r-release-windows-ix86+x86_64 1.4.6 7.00 98.00 105.00 NOTE
r-oldrel-windows-ix86+x86_64 1.4.6 10.00 70.00 80.00 OK

Check Details

Version: 1.4.6
Check: DESCRIPTION meta-information
Result: NOTE
    Malformed Title field: should not end in a period.
Flavors: r-devel-linux-x86_64-debian-clang, r-devel-linux-x86_64-debian-gcc, r-devel-linux-x86_64-fedora-clang, r-devel-linux-x86_64-fedora-gcc, r-devel-osx-x86_64-clang, r-devel-windows-ix86+x86_64, r-patched-linux-x86_64, r-patched-solaris-sparc, r-patched-solaris-x86, r-release-linux-x86_64, r-release-osx-x86_64-mavericks, r-release-windows-ix86+x86_64

Version: 1.4.6
Check: R code for possible problems
Result: NOTE
    Plotranges.double: no visible global function definition for ‘strwidth’
    Plotranges.double: no visible global function definition for
     ‘strheight’
    Plotranges.double: no visible global function definition for ‘plot.new’
    Plotranges.double: no visible global function definition for ‘par’
    Plotranges.double: no visible global function definition for
     ‘plot.window’
    Plotranges.double: no visible global function definition for ‘mtext’
    Plotranges.double: no visible global function definition for ‘abline’
    Plotranges.double: no visible global function definition for ‘points’
    Plotranges.double: no visible global function definition for ‘segments’
    Plotranges.double: no visible global function definition for ‘text’
    Plotranges.double: no visible global function definition for ‘axis’
    Plotranges.double: no visible global function definition for ‘box’
    Plotranges.double: no visible global function definition for ‘title’
    Undefined global functions or variables:
     abline axis box mtext par plot.new plot.window points segments
     strheight strwidth text title
    Consider adding
     importFrom("graphics", "abline", "axis", "box", "mtext", "par",
     "plot.new", "plot.window", "points", "segments",
     "strheight", "strwidth", "text", "title")
    to your NAMESPACE.
Flavors: r-devel-linux-x86_64-debian-clang, r-devel-linux-x86_64-debian-gcc, r-devel-linux-x86_64-fedora-clang, r-devel-linux-x86_64-fedora-gcc, r-devel-windows-ix86+x86_64