CRAN Package Check Results for Package LIM

Last updated on 2014-07-25 14:47:38.

Flavor Version Tinstall Tcheck Ttotal Status Flags
r-devel-linux-x86_64-debian-clang 1.4.5 1.39 35.66 37.04 NOTE
r-devel-linux-x86_64-debian-gcc 1.4.5 1.35 35.55 36.90 NOTE
r-devel-linux-x86_64-fedora-clang 1.4.5 79.68 NOTE
r-devel-linux-x86_64-fedora-gcc 1.4.5 78.28 NOTE
r-devel-osx-x86_64-clang 1.4.5 76.32 NOTE
r-devel-windows-ix86+x86_64 1.4.5 5.00 66.00 71.00 NOTE
r-patched-linux-x86_64 1.4.5 1.35 35.92 37.27 NOTE
r-patched-solaris-sparc 1.4.5 654.30 NOTE
r-patched-solaris-x86 1.4.5 101.40 NOTE
r-release-linux-ix86 1.4.5 1.86 53.64 55.50 NOTE
r-release-linux-x86_64 1.4.5 1.38 35.86 37.25 NOTE
r-release-osx-x86_64-mavericks 1.4.5 NOTE
r-release-osx-x86_64-snowleopard 1.4.5 NOTE
r-release-windows-ix86+x86_64 1.4.5 5.00 62.00 67.00 NOTE
r-oldrel-windows-ix86+x86_64 1.4.5 5.00 62.00 67.00 NOTE

Check Details

Version: 1.4.5
Check: dependencies in R code
Result: NOTE
    Packages in Depends field not imported from:
     ‘diagram’ ‘limSolve’
     These packages need to be imported from (in the NAMESPACE file)
     for when this namespace is loaded but not attached.
    See the information on DESCRIPTION files in the chapter ‘Creating R
    packages’ of the ‘Writing R Extensions’ manual.
Flavors: r-devel-linux-x86_64-debian-clang, r-devel-linux-x86_64-debian-gcc, r-devel-linux-x86_64-fedora-clang, r-devel-linux-x86_64-fedora-gcc, r-devel-osx-x86_64-clang, r-devel-windows-ix86+x86_64, r-patched-linux-x86_64, r-patched-solaris-sparc, r-patched-solaris-x86, r-release-linux-ix86, r-release-linux-x86_64, r-release-osx-x86_64-mavericks, r-release-windows-ix86+x86_64, r-oldrel-windows-ix86+x86_64

Version: 1.4.5
Check: dependencies in R code
Result: NOTE
    Packages in Depends field not imported from:
     ‘diagram’ ‘limSolve’
     These packages need to be imported from for the case when
     this namespace is loaded but not attached.
    See the information on DESCRIPTION files in the chapter ‘Creating R
    packages’ of the ‘Writing R Extensions’ manual.
Flavor: r-release-osx-x86_64-snowleopard