CRAN Package Check Results for Package LIM

Last updated on 2014-12-22 01:47:39.

Flavor Version Tinstall Tcheck Ttotal Status Flags
r-devel-linux-x86_64-debian-clang 1.4.5 1.46 39.18 40.64 NOTE
r-devel-linux-x86_64-debian-gcc 1.4.5 1.27 38.45 39.72 NOTE
r-devel-linux-x86_64-fedora-clang 1.4.5 80.49 NOTE
r-devel-linux-x86_64-fedora-gcc 1.4.5 79.25 NOTE
r-devel-osx-x86_64-clang 1.4.5 77.73 NOTE
r-devel-windows-ix86+x86_64 1.4.5 6.00 66.00 72.00 NOTE
r-patched-linux-x86_64 1.4.5 1.49 38.51 40.00 NOTE
r-patched-solaris-sparc 1.4.5 664.10 NOTE
r-patched-solaris-x86 1.4.5 99.30 NOTE
r-release-linux-ix86 1.4.5 1.89 51.99 53.88 NOTE
r-release-linux-x86_64 1.4.5 1.38 40.33 41.71 NOTE
r-release-osx-x86_64-mavericks 1.4.5 NOTE
r-release-osx-x86_64-snowleopard 1.4.5 NOTE
r-release-windows-ix86+x86_64 1.4.5 6.00 66.00 72.00 NOTE
r-oldrel-windows-ix86+x86_64 1.4.5 7.00 73.00 80.00 NOTE

Check Details

Version: 1.4.5
Check: dependencies in R code
Result: NOTE
    Packages in Depends field not imported from:
     ‘diagram’ ‘limSolve’
     These packages need to be imported from (in the NAMESPACE file)
     for when this namespace is loaded but not attached.
    See the information on DESCRIPTION files in the chapter ‘Creating R
    packages’ of the ‘Writing R Extensions’ manual.
Flavors: r-devel-linux-x86_64-debian-clang, r-devel-linux-x86_64-debian-gcc, r-devel-linux-x86_64-fedora-clang, r-devel-linux-x86_64-fedora-gcc, r-devel-osx-x86_64-clang, r-devel-windows-ix86+x86_64, r-patched-linux-x86_64, r-patched-solaris-sparc, r-patched-solaris-x86, r-release-linux-ix86, r-release-linux-x86_64, r-release-osx-x86_64-mavericks, r-release-windows-ix86+x86_64, r-oldrel-windows-ix86+x86_64

Version: 1.4.5
Check: R code for possible problems
Result: NOTE
    Ldei.double: no visible global function definition for ‘ldei’
    Ldei.lim: no visible global function definition for ‘ldei’
    Linp.double: no visible global function definition for ‘linp’
    Linp.lim: no visible global function definition for ‘linp’
    Lsei.double: no visible global function definition for ‘lsei’
    Lsei.lim: no visible global function definition for ‘lsei’
    Varranges: no visible global function definition for ‘varranges’
    Xranges: no visible global function definition for ‘xranges’
    Xsample: no visible global function definition for ‘xsample’
Flavors: r-devel-linux-x86_64-debian-clang, r-devel-linux-x86_64-debian-gcc, r-devel-linux-x86_64-fedora-clang, r-devel-linux-x86_64-fedora-gcc, r-devel-osx-x86_64-clang, r-devel-windows-ix86+x86_64, r-patched-linux-x86_64, r-patched-solaris-sparc, r-patched-solaris-x86, r-release-linux-ix86, r-release-linux-x86_64, r-release-windows-ix86+x86_64

Version: 1.4.5
Check: dependencies in R code
Result: NOTE
    Packages in Depends field not imported from:
     ‘diagram’ ‘limSolve’
     These packages need to be imported from for the case when
     this namespace is loaded but not attached.
    See the information on DESCRIPTION files in the chapter ‘Creating R
    packages’ of the ‘Writing R Extensions’ manual.
Flavor: r-release-osx-x86_64-snowleopard