Last updated on 2022-07-02 03:51:32 CEST.
Flavor | Version | Tinstall | Tcheck | Ttotal | Status | Flags |
---|---|---|---|---|---|---|
r-devel-linux-x86_64-debian-clang | 1.4.7 | 3.72 | 63.17 | 66.89 | NOTE | |
r-devel-linux-x86_64-debian-gcc | 1.4.7 | 4.08 | 48.09 | 52.17 | NOTE | |
r-devel-linux-x86_64-fedora-clang | 1.4.7 | 100.71 | NOTE | |||
r-devel-linux-x86_64-fedora-gcc | 1.4.7 | 94.38 | NOTE | |||
r-devel-windows-x86_64 | 1.4.7 | 39.00 | 149.00 | 188.00 | NOTE | |
r-patched-linux-x86_64 | 1.4.7 | 5.62 | 61.32 | 66.94 | OK | |
r-release-linux-x86_64 | 1.4.7 | 4.07 | 61.51 | 65.58 | OK | |
r-release-macos-arm64 | 1.4.7 | 39.00 | OK | |||
r-release-macos-x86_64 | 1.4.7 | 53.00 | OK | |||
r-release-windows-x86_64 | 1.4.7 | 72.00 | 147.00 | 219.00 | OK | |
r-oldrel-macos-arm64 | 1.4.7 | 35.00 | OK | |||
r-oldrel-macos-x86_64 | 1.4.7 | 52.00 | OK | |||
r-oldrel-windows-ix86+x86_64 | 1.4.7 | 10.00 | 111.00 | 121.00 | OK |
Version: 1.4.7
Check: Rd files
Result: NOTE
checkRd: (-1) LIMEcoli.Rd:125: Escaped LaTeX specials: \_
checkRd: (-1) Read.Rd:88: Escaped LaTeX specials: \#
checkRd: (-1) Read.Rd:92: Escaped LaTeX specials: \#
checkRd: (-1) Read.Rd:98: Escaped LaTeX specials: \#
checkRd: (-1) Read.Rd:104: Escaped LaTeX specials: \#
checkRd: (-1) Read.Rd:105: Escaped LaTeX specials: \# \#
checkRd: (-1) Read.Rd:106: Escaped LaTeX specials: \# \#
checkRd: (-1) Read.Rd:107: Escaped LaTeX specials: \#
checkRd: (-1) Read.Rd:108: Escaped LaTeX specials: \#
checkRd: (-1) Read.Rd:109: Escaped LaTeX specials: \#
checkRd: (-1) Read.Rd:110: Escaped LaTeX specials: \#
checkRd: (-1) Read.Rd:111: Escaped LaTeX specials: \# \#
checkRd: (-1) Read.Rd:112: Escaped LaTeX specials: \# \#
checkRd: (-1) Read.Rd:113: Escaped LaTeX specials: \#
checkRd: (-1) Read.Rd:114: Escaped LaTeX specials: \# \#
Flavors: r-devel-linux-x86_64-debian-clang, r-devel-linux-x86_64-debian-gcc, r-devel-linux-x86_64-fedora-clang, r-devel-linux-x86_64-fedora-gcc, r-devel-windows-x86_64