CRAN Package Check Results for Package LINselect

Last updated on 2014-12-21 21:47:23.

Flavor Version Tinstall Tcheck Ttotal Status Flags
r-devel-linux-x86_64-debian-clang 0.0-1 0.61 90.88 91.49 NOTE
r-devel-linux-x86_64-debian-gcc 0.0-1 0.58 87.56 88.15 NOTE
r-devel-linux-x86_64-fedora-clang 0.0-1 181.11 NOTE
r-devel-linux-x86_64-fedora-gcc 0.0-1 176.81 NOTE
r-devel-osx-x86_64-clang 0.0-1 145.06 NOTE
r-devel-windows-ix86+x86_64 0.0-1 3.00 135.00 138.00 NOTE
r-patched-linux-x86_64 0.0-1 0.62 91.24 91.86 NOTE
r-patched-solaris-sparc 0.0-1 1377.80 NOTE
r-patched-solaris-x86 0.0-1 241.40 NOTE
r-release-linux-ix86 0.0-1 1.01 135.78 136.79 NOTE
r-release-linux-x86_64 0.0-1 0.62 91.44 92.07 NOTE
r-release-osx-x86_64-mavericks 0.0-1 OK
r-release-osx-x86_64-snowleopard 0.0-1 WARN
r-release-windows-ix86+x86_64 0.0-1 3.00 136.00 139.00 NOTE
r-oldrel-windows-ix86+x86_64 0.0-1 3.00 135.00 138.00 OK

Check Details

Version: 0.0-1
Check: R code for possible problems
Result: NOTE
    VARselect: no visible global function definition for ‘enet’
    VARselect: no visible global function definition for ‘lm.ridge’
    VARselect: no visible global function definition for ‘randomForest’
    VARselect: no visible global function definition for ‘plsr’
    VARselect: no visible global function definition for ‘combinations’
    simulData: no visible global function definition for ‘rmvnorm’
    tuneLasso: no visible global function definition for ‘enet’
    tuneLasso: no visible global function definition for ‘cv.enet’
Flavors: r-devel-linux-x86_64-debian-clang, r-devel-linux-x86_64-debian-gcc, r-devel-linux-x86_64-fedora-clang, r-devel-linux-x86_64-fedora-gcc, r-devel-osx-x86_64-clang, r-devel-windows-ix86+x86_64, r-patched-linux-x86_64, r-patched-solaris-sparc, r-patched-solaris-x86, r-release-linux-ix86, r-release-linux-x86_64, r-release-windows-ix86+x86_64

Version: 0.0-1
Check: examples
Result: WARN
    checking a package with encoding 'latin1' in an ASCII locale
    
     OK
Flavor: r-release-osx-x86_64-snowleopard