CRAN Package Check Results for Package LINselect

Last updated on 2015-07-07 23:47:51.

Flavor Version Tinstall Tcheck Ttotal Status Flags
r-devel-linux-x86_64-debian-clang 0.0-1 0.57 88.18 88.75 NOTE
r-devel-linux-x86_64-debian-gcc 0.0-1 0.54 86.29 86.83 NOTE
r-devel-linux-x86_64-fedora-clang 0.0-1 167.57 NOTE
r-devel-linux-x86_64-fedora-gcc 0.0-1 162.29 NOTE
r-devel-osx-x86_64-clang 0.0-1 136.80 NOTE
r-devel-windows-ix86+x86_64 0.0-1 3.00 142.00 145.00 NOTE
r-patched-linux-x86_64 0.0-1 0.57 87.34 87.91 NOTE
r-patched-solaris-sparc 0.0-1 1347.40 NOTE
r-patched-solaris-x86 0.0-1 238.60 NOTE
r-release-linux-x86_64 0.0-1 0.57 88.14 88.71 NOTE
r-release-osx-x86_64-mavericks 0.0-1 NOTE
r-release-windows-ix86+x86_64 0.0-1 3.00 146.00 149.00 NOTE
r-oldrel-windows-ix86+x86_64 0.0-1 3.00 145.00 148.00 NOTE

Check Details

Version: 0.0-1
Check: dependencies in R code
Result: NOTE
    'library' or 'require' calls in package code:
     ‘MASS’ ‘elasticnet’ ‘gtools’ ‘mvtnorm’ ‘pls’ ‘randomForest’
     Please use :: or requireNamespace() instead.
     See section 'Suggested packages' in the 'Writing R Extensions' manual.
Flavors: r-devel-linux-x86_64-debian-clang, r-devel-linux-x86_64-debian-gcc, r-devel-linux-x86_64-fedora-clang, r-devel-linux-x86_64-fedora-gcc, r-devel-osx-x86_64-clang, r-devel-windows-ix86+x86_64, r-patched-linux-x86_64, r-patched-solaris-sparc, r-patched-solaris-x86, r-release-linux-x86_64, r-release-osx-x86_64-mavericks, r-release-windows-ix86+x86_64, r-oldrel-windows-ix86+x86_64

Version: 0.0-1
Check: R code for possible problems
Result: NOTE
    EDkhi1: no visible global function definition for ‘pf’
    VARselect: no visible global function definition for ‘enet’
    VARselect: no visible global function definition for ‘lm.ridge’
    VARselect: no visible global function definition for ‘randomForest’
    VARselect: no visible global function definition for ‘plsr’
    VARselect: no visible global function definition for ‘combinations’
    calcEDkhi: no visible global function definition for ‘uniroot’
    estime2: no visible global function definition for ‘lm’
    simulData: no visible global function definition for ‘rmvnorm’
    simulData: no visible global function definition for ‘rnorm’
    tuneLasso: no visible global function definition for ‘enet’
    tuneLasso: no visible global function definition for ‘cv.enet’
    tuneLasso: no visible binding for global variable ‘var’
    tuneLasso: no visible global function definition for ‘lm’
    Undefined global functions or variables:
     combinations cv.enet enet lm lm.ridge pf plsr randomForest rmvnorm
     rnorm uniroot var
Flavors: r-devel-linux-x86_64-debian-clang, r-devel-linux-x86_64-debian-gcc, r-devel-linux-x86_64-fedora-clang, r-devel-linux-x86_64-fedora-gcc, r-devel-windows-ix86+x86_64

Version: 0.0-1
Check: R code for possible problems
Result: NOTE
    VARselect: no visible global function definition for ‘enet’
    VARselect: no visible global function definition for ‘lm.ridge’
    VARselect: no visible global function definition for ‘randomForest’
    VARselect: no visible global function definition for ‘plsr’
    VARselect: no visible global function definition for ‘combinations’
    simulData: no visible global function definition for ‘rmvnorm’
    tuneLasso: no visible global function definition for ‘enet’
    tuneLasso: no visible global function definition for ‘cv.enet’
    Undefined global functions or variables:
     combinations cv.enet enet lm.ridge plsr randomForest rmvnorm
Flavor: r-devel-osx-x86_64-clang

Version: 0.0-1
Check: R code for possible problems
Result: NOTE
    VARselect: no visible global function definition for ‘enet’
    VARselect: no visible global function definition for ‘lm.ridge’
    VARselect: no visible global function definition for ‘randomForest’
    VARselect: no visible global function definition for ‘plsr’
    VARselect: no visible global function definition for ‘combinations’
    simulData: no visible global function definition for ‘rmvnorm’
    tuneLasso: no visible global function definition for ‘enet’
    tuneLasso: no visible global function definition for ‘cv.enet’
Flavors: r-patched-linux-x86_64, r-patched-solaris-sparc, r-patched-solaris-x86, r-release-linux-x86_64, r-release-osx-x86_64-mavericks, r-release-windows-ix86+x86_64, r-oldrel-windows-ix86+x86_64