CRAN Package Check Results for Package LINselect

Last updated on 2019-05-24 02:53:48 CEST.

Flavor Version Tinstall Tcheck Ttotal Status Flags
r-devel-linux-x86_64-debian-clang 1.1.1 3.02 41.87 44.89 OK
r-devel-linux-x86_64-debian-gcc 1.1.1 2.64 31.85 34.49 OK
r-devel-linux-x86_64-fedora-clang 1.1.1 51.40 OK
r-devel-linux-x86_64-fedora-gcc 1.1.1 49.34 OK
r-devel-windows-ix86+x86_64 1.1.1 9.00 73.00 82.00 OK
r-patched-linux-x86_64 1.1.1 3.54 40.67 44.21 OK
r-patched-solaris-x86 1.1.1 72.00 OK
r-release-linux-x86_64 1.1.1 3.40 40.73 44.13 OK
r-release-windows-ix86+x86_64 1.1.1 12.00 54.00 66.00 OK
r-release-osx-x86_64 1.1.1 OK
r-oldrel-windows-ix86+x86_64 1.1 10.00 77.00 87.00 OK
r-oldrel-osx-x86_64 1.1.1 ERROR

Check Details

Version: 1.1.1
Check: whether package can be installed
Result: ERROR
    Installation failed.
Flavor: r-oldrel-osx-x86_64