CRAN Package Check Results for Package LINselect

Last updated on 2015-05-05 03:47:29.

Flavor Version Tinstall Tcheck Ttotal Status Flags
r-devel-linux-x86_64-debian-clang 0.0-1 0.61 96.84 97.46 NOTE
r-devel-linux-x86_64-debian-gcc 0.0-1 0.56 87.17 87.72 NOTE
r-devel-linux-x86_64-fedora-clang 0.0-1 172.08 NOTE
r-devel-linux-x86_64-fedora-gcc 0.0-1 165.65 NOTE
r-devel-osx-x86_64-clang 0.0-1 145.04 NOTE
r-devel-windows-ix86+x86_64 0.0-1 3.00 131.00 134.00 NOTE
r-patched-linux-x86_64 0.0-1 0.57 86.68 87.25 NOTE
r-patched-solaris-sparc 0.0-1 1354.70 NOTE
r-patched-solaris-x86 0.0-1 237.50 NOTE
r-release-linux-x86_64 0.0-1 0.57 93.89 94.46 NOTE
r-release-osx-x86_64-mavericks 0.0-1 NOTE
r-release-osx-x86_64-snowleopard 0.0-1 NOTE
r-release-windows-ix86+x86_64 0.0-1 3.00 134.00 137.00 NOTE
r-oldrel-windows-ix86+x86_64 0.0-1 2.00 139.00 141.00 NOTE

Check Details

Version: 0.0-1
Check: dependencies in R code
Result: NOTE
    'library' or 'require' calls in package code:
     ‘MASS’ ‘elasticnet’ ‘gtools’ ‘mvtnorm’ ‘pls’ ‘randomForest’
     Please use :: or requireNamespace() instead.
     See section 'Suggested packages' in the 'Writing R Extensions' manual.
Flavors: r-devel-linux-x86_64-debian-clang, r-devel-linux-x86_64-debian-gcc, r-devel-linux-x86_64-fedora-clang, r-devel-linux-x86_64-fedora-gcc, r-devel-osx-x86_64-clang, r-devel-windows-ix86+x86_64, r-patched-linux-x86_64, r-patched-solaris-sparc, r-patched-solaris-x86, r-release-linux-x86_64, r-release-osx-x86_64-mavericks, r-release-osx-x86_64-snowleopard, r-release-windows-ix86+x86_64, r-oldrel-windows-ix86+x86_64

Version: 0.0-1
Check: R code for possible problems
Result: NOTE
    VARselect: no visible global function definition for ‘enet’
    VARselect: no visible global function definition for ‘lm.ridge’
    VARselect: no visible global function definition for ‘randomForest’
    VARselect: no visible global function definition for ‘plsr’
    VARselect: no visible global function definition for ‘combinations’
    simulData: no visible global function definition for ‘rmvnorm’
    tuneLasso: no visible global function definition for ‘enet’
    tuneLasso: no visible global function definition for ‘cv.enet’
Flavors: r-devel-linux-x86_64-debian-clang, r-devel-linux-x86_64-debian-gcc, r-devel-linux-x86_64-fedora-clang, r-devel-linux-x86_64-fedora-gcc, r-devel-osx-x86_64-clang, r-devel-windows-ix86+x86_64, r-patched-linux-x86_64, r-patched-solaris-sparc, r-patched-solaris-x86, r-release-linux-x86_64, r-release-osx-x86_64-mavericks, r-release-osx-x86_64-snowleopard, r-release-windows-ix86+x86_64, r-oldrel-windows-ix86+x86_64