CRAN Package Check Results for Package LINselect

Last updated on 2019-08-22 00:51:16 CEST.

Flavor Version Tinstall Tcheck Ttotal Status Flags
r-devel-linux-x86_64-debian-clang 1.1.1 3.57 41.78 45.35 OK
r-devel-linux-x86_64-debian-gcc 1.1.1 2.60 31.99 34.59 OK
r-devel-linux-x86_64-fedora-clang 1.1.1 54.54 OK
r-devel-linux-x86_64-fedora-gcc 1.1.1 51.94 OK
r-devel-windows-ix86+x86_64 1.1.1 20.00 73.00 93.00 OK
r-patched-linux-x86_64 1.1.1 3.42 40.28 43.70 OK
r-patched-solaris-x86 1.1.1 75.10 OK
r-release-linux-x86_64 1.1.1 3.33 40.58 43.91 OK
r-release-windows-ix86+x86_64 1.1.1 6.00 69.00 75.00 OK
r-release-osx-x86_64 1.1.1 OK
r-oldrel-windows-ix86+x86_64 1.1 10.00 77.00 87.00 OK
r-oldrel-osx-x86_64 1.1.1 ERROR

Check Details

Version: 1.1.1
Check: whether package can be installed
Result: ERROR
    Installation failed.
Flavor: r-oldrel-osx-x86_64