CRAN Package Check Results for Package LINselect

Last updated on 2022-07-03 13:52:09 CEST.

Flavor Version Tinstall Tcheck Ttotal Status Flags
r-devel-linux-x86_64-debian-clang 1.1.3 3.55 49.84 53.39 OK
r-devel-linux-x86_64-debian-gcc 1.1.3 2.91 36.79 39.70 OK
r-devel-linux-x86_64-fedora-clang 1.1.3 76.15 WARN
r-devel-linux-x86_64-fedora-gcc 1.1.3 72.44 WARN
r-devel-windows-x86_64 1.1.3 15.00 71.00 86.00 OK
r-patched-linux-x86_64 1.1.3 3.71 47.34 51.05 OK
r-release-linux-x86_64 1.1.3 3.56 46.58 50.14 OK
r-release-macos-arm64 1.1.3 24.00 OK
r-release-macos-x86_64 1.1.3 30.00 OK
r-release-windows-x86_64 1.1.3 18.00 72.00 90.00 OK
r-oldrel-macos-arm64 1.1.3 28.00 OK
r-oldrel-macos-x86_64 1.1.3 41.00 OK
r-oldrel-windows-ix86+x86_64 1.1.3 8.00 66.00 74.00 OK

Check Details

Version: 1.1.3
Check: package dependencies
Result: WARN
    Requires orphaned package: ‘gtools’
Flavors: r-devel-linux-x86_64-fedora-clang, r-devel-linux-x86_64-fedora-gcc