CRAN Package Check Results for Package LINselect

Last updated on 2015-02-27 20:49:38.

Flavor Version Tinstall Tcheck Ttotal Status Flags
r-devel-linux-x86_64-debian-clang 0.0-1 0.59 87.74 88.33 NOTE
r-devel-linux-x86_64-debian-gcc 0.0-1 0.63 86.10 86.73 NOTE
r-devel-linux-x86_64-fedora-clang 0.0-1 171.42 NOTE
r-devel-linux-x86_64-fedora-gcc 0.0-1 164.89 NOTE
r-devel-osx-x86_64-clang 0.0-1 141.35 NOTE
r-devel-windows-ix86+x86_64 0.0-1 5.00 137.00 142.00 NOTE
r-patched-linux-x86_64 0.0-1 0.62 92.20 92.82 NOTE
r-patched-solaris-sparc 0.0-1 1414.10 NOTE
r-patched-solaris-x86 ERROR
r-release-linux-ix86 0.0-1 1.00 137.37 138.38 NOTE
r-release-linux-x86_64 0.0-1 0.62 92.47 93.09 NOTE
r-release-osx-x86_64-mavericks 0.0-1 NOTE
r-release-osx-x86_64-snowleopard 0.0-1 WARN
r-release-windows-ix86+x86_64 0.0-1 3.00 134.00 137.00 NOTE
r-oldrel-windows-ix86+x86_64 0.0-1 3.00 138.00 141.00 OK

Check Details

Version: 0.0-1
Check: dependencies in R code
Result: NOTE
    'library' or 'require' calls in package code:
     ‘MASS’ ‘elasticnet’ ‘gtools’ ‘mvtnorm’ ‘pls’ ‘randomForest’
     Please use :: or requireNamespace() instead.
     See section 'Suggested packages' in the 'Writing R Extensions' manual.
Flavors: r-devel-linux-x86_64-debian-clang, r-devel-linux-x86_64-debian-gcc, r-devel-linux-x86_64-fedora-clang, r-devel-linux-x86_64-fedora-gcc, r-devel-osx-x86_64-clang, r-devel-windows-ix86+x86_64, r-patched-linux-x86_64, r-patched-solaris-sparc, r-patched-solaris-x86

Version: 0.0-1
Check: R code for possible problems
Result: NOTE
    VARselect: no visible global function definition for ‘enet’
    VARselect: no visible global function definition for ‘lm.ridge’
    VARselect: no visible global function definition for ‘randomForest’
    VARselect: no visible global function definition for ‘plsr’
    VARselect: no visible global function definition for ‘combinations’
    simulData: no visible global function definition for ‘rmvnorm’
    tuneLasso: no visible global function definition for ‘enet’
    tuneLasso: no visible global function definition for ‘cv.enet’
Flavors: r-devel-linux-x86_64-debian-clang, r-devel-linux-x86_64-debian-gcc, r-devel-linux-x86_64-fedora-clang, r-devel-linux-x86_64-fedora-gcc, r-devel-osx-x86_64-clang, r-devel-windows-ix86+x86_64, r-patched-linux-x86_64, r-patched-solaris-sparc, r-patched-solaris-x86, r-release-linux-ix86, r-release-linux-x86_64, r-release-osx-x86_64-mavericks, r-release-windows-ix86+x86_64

Version: 0.0-1
Check: PDF version of manual
Result: WARN
    LaTeX errors when creating PDF version.
    This typically indicates Rd problems.
Flavor: r-patched-solaris-x86

Version: 0.0-1
Check: PDF version of manual without hyperrefs or index
Result: ERROR
    Re-running with no redirection of stdout/stderr.
Flavor: r-patched-solaris-x86

Version: 0.0-1
Check: examples
Result: WARN
    checking a package with encoding 'latin1' in an ASCII locale
    
     OK
Flavor: r-release-osx-x86_64-snowleopard