CRAN Package Check Results for Package LINselect

Last updated on 2014-10-23 17:47:44.

Flavor Version Tinstall Tcheck Ttotal Status Flags
r-devel-linux-x86_64-debian-clang 0.0-1 0.61 90.21 90.82 NOTE
r-devel-linux-x86_64-debian-gcc 0.0-1 0.61 89.48 90.10 NOTE
r-devel-linux-x86_64-fedora-clang 0.0-1 185.49 NOTE
r-devel-linux-x86_64-fedora-gcc 0.0-1 180.51 NOTE
r-devel-osx-x86_64-clang 0.0-1 145.87 NOTE
r-devel-windows-ix86+x86_64 0.0-1 2.00 134.00 136.00 NOTE
r-patched-linux-x86_64 0.0-1 0.63 92.60 93.23 NOTE
r-patched-solaris-sparc 0.0-1 1377.80 NOTE
r-patched-solaris-x86 0.0-1 247.20 NOTE
r-release-linux-ix86 0.0-1 0.97 140.22 141.19 OK
r-release-linux-x86_64 0.0-1 0.62 92.15 92.78 OK
r-release-osx-x86_64-mavericks 0.0-1 OK
r-release-osx-x86_64-snowleopard 0.0-1 WARN
r-release-windows-ix86+x86_64 0.0-1 2.00 140.00 142.00 OK
r-oldrel-windows-ix86+x86_64 0.0-1 2.00 137.00 139.00 OK

Check Details

Version: 0.0-1
Check: R code for possible problems
Result: NOTE
    VARselect: no visible global function definition for ‘enet’
    VARselect: no visible global function definition for ‘lm.ridge’
    VARselect: no visible global function definition for ‘randomForest’
    VARselect: no visible global function definition for ‘plsr’
    VARselect: no visible global function definition for ‘combinations’
    simulData: no visible global function definition for ‘rmvnorm’
    tuneLasso: no visible global function definition for ‘enet’
    tuneLasso: no visible global function definition for ‘cv.enet’
Flavors: r-devel-linux-x86_64-debian-clang, r-devel-linux-x86_64-debian-gcc, r-devel-linux-x86_64-fedora-clang, r-devel-linux-x86_64-fedora-gcc, r-devel-osx-x86_64-clang, r-devel-windows-ix86+x86_64, r-patched-linux-x86_64, r-patched-solaris-sparc, r-patched-solaris-x86

Version: 0.0-1
Check: examples
Result: WARN
    checking a package with encoding 'latin1' in an ASCII locale
    
     OK
Flavor: r-release-osx-x86_64-snowleopard