CRAN Package Check Results for Package LLM

Last updated on 2021-10-16 01:48:22 CEST.

Flavor Version Tinstall Tcheck Ttotal Status Flags
r-devel-linux-x86_64-debian-clang 1.1.0 15.95 138.40 154.35 NOTE
r-devel-linux-x86_64-debian-gcc 1.1.0 11.98 104.51 116.49 NOTE
r-devel-linux-x86_64-fedora-clang 1.1.0 195.16 NOTE
r-devel-linux-x86_64-fedora-gcc 1.1.0 191.59 NOTE
r-devel-windows-x86_64 1.1.0 21.00 115.00 136.00 NOTE
r-devel-windows-x86_64-gcc10-UCRT 1.1.0 NOTE
r-patched-linux-x86_64 1.1.0 15.05 135.60 150.65 NOTE
r-release-linux-x86_64 1.1.0 15.61 135.79 151.40 NOTE
r-release-macos-arm64 1.1.0 NOTE
r-release-macos-x86_64 1.1.0 NOTE
r-release-windows-ix86+x86_64 1.1.0 32.00 149.00 181.00 NOTE
r-oldrel-macos-x86_64 1.1.0 OK
r-oldrel-windows-ix86+x86_64 1.1.0 31.00 151.00 182.00 OK

Check Details

Version: 1.1.0
Check: LazyData
Result: NOTE
     'LazyData' is specified without a 'data' directory
Flavors: r-devel-linux-x86_64-debian-clang, r-devel-linux-x86_64-debian-gcc, r-devel-linux-x86_64-fedora-clang, r-devel-linux-x86_64-fedora-gcc, r-devel-windows-x86_64, r-devel-windows-x86_64-gcc10-UCRT, r-patched-linux-x86_64, r-release-linux-x86_64, r-release-macos-arm64, r-release-macos-x86_64, r-release-windows-ix86+x86_64