CRAN Package Check Results for Package LLM

Last updated on 2019-07-22 20:49:19 CEST.

Flavor Version Tinstall Tcheck Ttotal Status Flags
r-devel-linux-x86_64-debian-clang 1.0.0 11.90 100.10 112.00 OK
r-devel-linux-x86_64-debian-gcc 1.0.0 10.67 77.40 88.07 OK
r-devel-linux-x86_64-fedora-clang 1.0.0 136.41 OK
r-devel-linux-x86_64-fedora-gcc 1.0.0 131.81 OK
r-devel-windows-ix86+x86_64 1.0.0 23.00 101.00 124.00 OK
r-patched-linux-x86_64 1.0.0 13.07 97.26 110.33 OK
r-release-linux-x86_64 1.0.0 11.80 97.82 109.62 OK
r-release-windows-ix86+x86_64 1.0.0 20.00 95.00 115.00 OK
r-release-osx-x86_64 1.0.0 OK
r-oldrel-windows-ix86+x86_64 1.0.0 2.00 7.00 9.00 ERROR
r-oldrel-osx-x86_64 1.0.0 OK

Check Details

Version: 1.0.0
Check: whether package can be installed
Result: ERROR
    Installation failed.
Flavor: r-oldrel-windows-ix86+x86_64