CRAN Package Check Results for Package LLM

Last updated on 2020-07-05 06:47:15 CEST.

Flavor Version Tinstall Tcheck Ttotal Status Flags
r-devel-linux-x86_64-debian-clang 1.1.0 15.67 132.48 148.15 OK
r-devel-linux-x86_64-debian-gcc 1.1.0 12.35 100.58 112.93 OK
r-devel-linux-x86_64-fedora-clang 1.1.0 193.49 OK
r-devel-linux-x86_64-fedora-gcc 1.1.0 192.65 OK
r-devel-windows-ix86+x86_64 1.1.0 43.00 155.00 198.00 OK
r-patched-linux-x86_64 1.1.0 12.91 131.30 144.21 OK
r-release-linux-x86_64 1.1.0 13.92 131.55 145.47 OK
r-release-osx-x86_64 1.1.0 OK
r-release-windows-ix86+x86_64 1.1.0 29.00 126.00 155.00 OK
r-oldrel-osx-x86_64 1.1.0 ERROR
r-oldrel-windows-ix86+x86_64 1.0.0 19.00 99.00 118.00 OK

Check Details

Version: 1.1.0
Check: whether package can be installed
Result: ERROR
    Installation failed.
Flavor: r-oldrel-osx-x86_64