CRAN Package Check Results for Package LLM

Last updated on 2019-09-23 11:48:22 CEST.

Flavor Version Tinstall Tcheck Ttotal Status Flags
r-devel-linux-x86_64-debian-clang 1.0.0 13.94 99.28 113.22 OK
r-devel-linux-x86_64-debian-gcc 1.0.0 11.37 77.53 88.90 OK
r-devel-linux-x86_64-fedora-clang 1.0.0 135.87 OK
r-devel-linux-x86_64-fedora-gcc 1.0.0 141.59 OK
r-devel-windows-ix86+x86_64 1.0.0 19.00 7.00 26.00 ERROR
r-patched-linux-x86_64 1.0.0 11.93 96.72 108.65 OK
r-release-linux-x86_64 1.0.0 11.73 96.42 108.15 OK
r-release-windows-ix86+x86_64 1.0.0 26.00 130.00 156.00 OK
r-release-osx-x86_64 1.0.0 OK
r-oldrel-windows-ix86+x86_64 1.0.0 10.00 92.00 102.00 OK
r-oldrel-osx-x86_64 1.0.0 OK

Check Details

Version: 1.0.0
Check: whether package can be installed
Result: ERROR
    Installation failed.
Flavor: r-devel-windows-ix86+x86_64