CRAN Package Check Results for Package LMERConvenienceFunctions

Last updated on 2014-10-31 05:47:22.

Flavor Version Tinstall Tcheck Ttotal Status Flags
r-devel-linux-x86_64-debian-clang 2.5 5.20 59.19 64.40 NOTE
r-devel-linux-x86_64-debian-gcc 2.5 4.48 57.58 62.05 NOTE
r-devel-linux-x86_64-fedora-clang 2.5 146.27 NOTE
r-devel-linux-x86_64-fedora-gcc 2.5 139.18 NOTE
r-devel-osx-x86_64-clang 2.5 119.26 NOTE
r-devel-windows-ix86+x86_64 2.5 12.00 80.00 92.00 NOTE
r-patched-linux-x86_64 2.5 4.66 59.06 63.72 NOTE
r-patched-solaris-sparc 2.5 797.70 NOTE
r-patched-solaris-x86 2.5 185.10 NOTE
r-release-linux-ix86 2.5 5.79 73.46 79.24 OK
r-release-linux-x86_64 2.5 4.97 60.42 65.39 OK
r-release-osx-x86_64-mavericks 2.5 OK
r-release-osx-x86_64-snowleopard 2.5 OK
r-release-windows-ix86+x86_64 2.5 12.00 89.00 101.00 OK
r-oldrel-windows-ix86+x86_64 2.5 10.00 82.00 92.00 OK

Check Details

Version: 2.5
Check: R code for possible problems
Result: NOTE
    mcposthoc.fnc: no visible global function definition for ‘mclapply’
    plotDensity3d.fnc: no visible global function definition for ‘persp3d’
    plotLMER3d.fnc: no visible global function definition for ‘image.plot’
    plotLMER3d.fnc: no visible global function definition for ‘par3d’
    plotLMER3d.fnc: no visible global function definition for ‘persp3d’
    plotLMER3d.fnc: no visible global function definition for ‘plot3d’
    plotLMER3d.fnc: no visible global function definition for ‘spin3d’
    plotRaw3d.fnc: no visible global function definition for ‘image.plot’
    plotRaw3d.fnc: no visible global function definition for ‘persp3d’
Flavors: r-devel-linux-x86_64-debian-clang, r-devel-linux-x86_64-debian-gcc, r-devel-linux-x86_64-fedora-clang, r-devel-linux-x86_64-fedora-gcc, r-devel-osx-x86_64-clang, r-devel-windows-ix86+x86_64, r-patched-linux-x86_64, r-patched-solaris-sparc, r-patched-solaris-x86