CRAN Package Check Results for Package LMERConvenienceFunctions

Last updated on 2014-09-19 05:47:43.

Flavor Version Tinstall Tcheck Ttotal Status Flags
r-devel-linux-x86_64-debian-clang 2.5 4.75 57.86 62.62 NOTE
r-devel-linux-x86_64-debian-gcc 2.5 4.84 55.29 60.14 NOTE
r-devel-linux-x86_64-fedora-clang 2.5 147.78 NOTE
r-devel-linux-x86_64-fedora-gcc 2.5 188.51 NOTE
r-devel-osx-x86_64-clang 2.5 108.41 NOTE
r-devel-windows-ix86+x86_64 2.5 11.00 75.00 86.00 NOTE
r-patched-linux-x86_64 2.5 4.88 59.78 64.65 OK
r-patched-solaris-sparc 2.5 831.80 OK
r-patched-solaris-x86 2.5 183.60 OK
r-release-linux-ix86 2.5 5.77 73.26 79.03 OK
r-release-linux-x86_64 2.5 4.76 60.04 64.80 OK
r-release-osx-x86_64-mavericks 2.5 OK
r-release-osx-x86_64-snowleopard 2.5 OK
r-release-windows-ix86+x86_64 2.5 13.00 88.00 101.00 OK
r-oldrel-windows-ix86+x86_64 2.5 11.00 84.00 95.00 OK

Check Details

Version: 2.5
Check: R code for possible problems
Result: NOTE
    mcposthoc.fnc: no visible global function definition for ‘mclapply’
    plotDensity3d.fnc: no visible global function definition for ‘persp3d’
    plotLMER3d.fnc: no visible global function definition for ‘image.plot’
    plotLMER3d.fnc: no visible global function definition for ‘par3d’
    plotLMER3d.fnc: no visible global function definition for ‘persp3d’
    plotLMER3d.fnc: no visible global function definition for ‘plot3d’
    plotLMER3d.fnc: no visible global function definition for ‘spin3d’
    plotRaw3d.fnc: no visible global function definition for ‘image.plot’
    plotRaw3d.fnc: no visible global function definition for ‘persp3d’
Flavors: r-devel-linux-x86_64-debian-clang, r-devel-linux-x86_64-debian-gcc, r-devel-linux-x86_64-fedora-clang, r-devel-linux-x86_64-fedora-gcc, r-devel-osx-x86_64-clang, r-devel-windows-ix86+x86_64