Last updated on 2023-12-04 07:51:00 CET.
Flavor | Version | Tinstall | Tcheck | Ttotal | Status | Flags |
---|---|---|---|---|---|---|
r-devel-linux-x86_64-debian-clang | 3.0 | 15.76 | 115.48 | 131.24 | NOTE | |
r-devel-linux-x86_64-debian-gcc | 3.0 | 14.01 | 86.26 | 100.27 | NOTE | |
r-devel-linux-x86_64-fedora-clang | 3.0 | 163.62 | OK | |||
r-devel-linux-x86_64-fedora-gcc | 3.0 | 155.22 | OK | |||
r-devel-windows-x86_64 | 3.0 | 13.00 | 97.00 | 110.00 | OK | |
r-patched-linux-x86_64 | 3.0 | 12.47 | 113.22 | 125.69 | OK | |
r-release-linux-x86_64 | 3.0 | 10.80 | 112.20 | 123.00 | OK | |
r-release-macos-arm64 | 3.0 | 58.00 | OK | |||
r-release-macos-x86_64 | 3.0 | 93.00 | OK | |||
r-release-windows-x86_64 | 3.0 | 19.00 | 118.00 | 137.00 | OK | |
r-oldrel-macos-arm64 | 3.0 | 54.00 | OK | |||
r-oldrel-macos-x86_64 | 3.0 | 89.00 | OK | |||
r-oldrel-windows-x86_64 | 3.0 | 18.00 | 125.00 | 143.00 | OK |
Version: 3.0
Check: Rd files
Result: NOTE
checkRd: (-1) relLik.Rd:16: Lost braces
16 | \item{AIC(x), BIC(x) }{The \code{AIC} or ]code{BIC} value of the first model object.}
| ^
checkRd: (-1) relLik.Rd:17: Lost braces
17 | \item{AIC(y), BIC(y) }{The \code{AIC} or ]code{BIC} value of the second model object.}
| ^
Flavors: r-devel-linux-x86_64-debian-clang, r-devel-linux-x86_64-debian-gcc