CRAN Package Check Results for Package LMERConvenienceFunctions

Last updated on 2015-07-03 16:47:24.

Flavor Version Tinstall Tcheck Ttotal Status Flags
r-devel-linux-x86_64-debian-clang 2.10 4.30 52.80 57.10 NOTE
r-devel-linux-x86_64-debian-gcc 2.10 4.37 52.79 57.16 NOTE
r-devel-linux-x86_64-fedora-clang 2.10 117.81 NOTE
r-devel-linux-x86_64-fedora-gcc 2.10 109.69 NOTE
r-devel-osx-x86_64-clang 2.10 102.46 OK
r-devel-windows-ix86+x86_64 2.10 11.00 80.00 91.00 NOTE
r-patched-linux-x86_64 2.10 4.19 52.83 57.02 OK
r-patched-solaris-sparc 2.10 707.30 OK
r-patched-solaris-x86 2.10 157.70 OK
r-release-linux-x86_64 2.10 4.94 53.90 58.84 OK
r-release-osx-x86_64-mavericks 2.10 OK
r-release-windows-ix86+x86_64 2.10 18.00 78.00 96.00 OK
r-oldrel-windows-ix86+x86_64 2.10 17.00 109.00 126.00 OK

Check Details

Version: 2.10
Check: R code for possible problems
Result: NOTE
    adjust.se: no visible global function definition for ‘qt’
    bfFixefLMER_F.fnc: no visible global function definition for ‘anova’
    bfFixefLMER_F.fnc: no visible global function definition for ‘na.omit’
    bfFixefLMER_t.fnc: no visible global function definition for ‘anova’
    bfFixefLMER_t.fnc: no visible global function definition for ‘rnorm’
    bfFixefLMER_t.fnc: no visible global function definition for ‘is’
    ffRanefLMER.fnc: no visible global function definition for ‘rnorm’
    ffRanefLMER.fnc: no visible global function definition for ‘anova’
    mcp.fnc: no visible global function definition for ‘par’
    mcp.fnc: no visible global function definition for ‘resid’
    mcp.fnc: no visible global function definition for ‘plot’
    mcp.fnc: no visible global function definition for ‘density’
    mcp.fnc: no visible global function definition for ‘qqnorm’
    mcp.fnc: no visible global function definition for ‘qqline’
    mcp.fnc: no visible global function definition for ‘abline’
    mcposthoc.fnc : my.update: no visible global function definition for
     ‘relevel’
    mcposthoc.fnc: no visible global function definition for ‘pt’
    mcposthoc.fnc : my.mc.update: no visible global function definition for
     ‘relevel’
    pamer.fnc: no visible global function definition for ‘anova’
    pamer.fnc: no visible global function definition for ‘pf’
    perSubjectTrim.fnc: no visible binding for global variable ‘sd’
    perSubjectTrim.fnc: no visible global function definition for ‘na.omit’
    plotDensity3d.fnc: no visible global function definition for ‘density’
    plotDensity3d.fnc: no visible global function definition for
     ‘heat.colors’
    plotDensity3d.fnc: no visible global function definition for
     ‘topo.colors’
    plotDensity3d.fnc: no visible global function definition for
     ‘cm.colors’
    plotDensity3d.fnc: no visible global function definition for
     ‘terrain.colors’
    plotDensity3d.fnc: no visible global function definition for ‘gray’
    plotDensity3d.fnc: no visible global function definition for ‘contour’
    plotDensity3d.fnc: no visible global function definition for ‘box’
    plotDensity3d.fnc: no visible global function definition for
     ‘colorRampPalette’
    plotDensity3d.fnc: no visible global function definition for ‘persp’
    plotLMER.fnc : makeDefaultMatrix.fnc: no visible global function
     definition for ‘median’
    plotLMER.fnc : plotAll.fnc: no visible global function definition for
     ‘plot’
    plotLMER.fnc : plotAll.fnc: no visible global function definition for
     ‘lines’
    plotLMER.fnc : plotAll.fnc: no visible global function definition for
     ‘text’
    plotLMER.fnc : plotAll.fnc: no visible global function definition for
     ‘mtext’
    plotLMER.fnc : plotAll.fnc: no visible global function definition for
     ‘points’
    plotLMER.fnc: no visible global function definition for ‘is’
    plotLMER.fnc: no visible binding for global variable ‘plogis’
    plotLMER3d.fnc : makeDefaultMatrix.fnc: no visible global function
     definition for ‘median’
    plotLMER3d.fnc : plotLMERTweaked: no visible global function definition
     for ‘is’
    plotLMER3d.fnc : plotLMERTweaked: no visible binding for global
     variable ‘plogis’
    plotLMER3d.fnc: no visible global function definition for ‘quantile’
    plotLMER3d.fnc: no visible global function definition for ‘heat.colors’
    plotLMER3d.fnc: no visible global function definition for ‘topo.colors’
    plotLMER3d.fnc: no visible global function definition for ‘cm.colors’
    plotLMER3d.fnc: no visible global function definition for
     ‘terrain.colors’
    plotLMER3d.fnc: no visible global function definition for ‘gray’
    plotLMER3d.fnc: no visible global function definition for ‘jpeg’
    plotLMER3d.fnc: no visible global function definition for ‘dev.off’
    plotLMER3d.fnc: no visible global function definition for ‘contour’
    plotLMER3d.fnc: no visible global function definition for ‘points’
    plotLMER3d.fnc: no visible global function definition for ‘box’
    plotLMER3d.fnc: no visible global function definition for
     ‘colorRampPalette’
    plotLMER3d.fnc: no visible global function definition for ‘persp’
    plotLMER3d.fnc: no visible global function definition for ‘trans3d’
    plotRaw3d.fnc: no visible global function definition for ‘heat.colors’
    plotRaw3d.fnc: no visible global function definition for ‘topo.colors’
    plotRaw3d.fnc: no visible global function definition for ‘cm.colors’
    plotRaw3d.fnc: no visible global function definition for
     ‘terrain.colors’
    plotRaw3d.fnc: no visible global function definition for ‘gray’
    plotRaw3d.fnc: no visible global function definition for ‘contour’
    plotRaw3d.fnc: no visible global function definition for ‘dev.new’
    plotRaw3d.fnc: no visible global function definition for
     ‘colorRampPalette’
    plotRaw3d.fnc: no visible global function definition for ‘dev.off’
    plotRaw3d.fnc: no visible global function definition for ‘persp’
    relLik: no visible global function definition for ‘AIC’
    relLik: no visible global function definition for ‘BIC’
    romr.fnc: no visible global function definition for ‘resid’
    summary.mcposthoc: no visible global function definition for ‘na.omit’
    Undefined global functions or variables:
     AIC BIC abline anova box cm.colors colorRampPalette contour density
     dev.new dev.off gray heat.colors is jpeg lines median mtext na.omit
     par persp pf plogis plot points pt qqline qqnorm qt quantile relevel
     resid rnorm sd terrain.colors text topo.colors trans3d
Flavors: r-devel-linux-x86_64-debian-clang, r-devel-linux-x86_64-debian-gcc, r-devel-linux-x86_64-fedora-clang, r-devel-linux-x86_64-fedora-gcc, r-devel-windows-ix86+x86_64