CRAN Package Check Results for Package LMERConvenienceFunctions

Last updated on 2015-04-19 19:51:52.

Flavor Version Tinstall Tcheck Ttotal Status Flags
r-devel-linux-x86_64-debian-clang 2.10 4.74 53.40 58.14 OK
r-devel-linux-x86_64-debian-gcc 2.10 4.38 52.26 56.64 OK
r-devel-linux-x86_64-fedora-clang 2.10 118.00 OK
r-devel-linux-x86_64-fedora-gcc 2.10 129.38 OK
r-devel-osx-x86_64-clang 2.10 106.06 OK
r-devel-windows-ix86+x86_64 2.10 15.00 103.00 118.00 OK
r-patched-linux-x86_64 2.10 5.02 52.66 57.68 OK
r-patched-solaris-sparc 2.10 682.80 OK
r-patched-solaris-x86 2.10 151.40 OK
r-release-linux-x86_64 2.10 4.25 51.97 56.22 OK
r-release-osx-x86_64-mavericks 2.10 OK
r-release-osx-x86_64-snowleopard 2.10 ERROR
r-release-windows-ix86+x86_64 2.10 10.00 78.00 88.00 OK
r-oldrel-windows-ix86+x86_64 2.10 17.00 94.00 111.00 OK

Check Details

Version: 2.10
Check: package dependencies
Result: ERROR
    Package required but not available: ‘fields’
    
    See section ‘The DESCRIPTION file’ in the ‘Writing R Extensions’
    manual.
Flavor: r-release-osx-x86_64-snowleopard