CRAN Package Check Results for Package LMERConvenienceFunctions

Last updated on 2015-05-28 12:47:51.

Flavor Version Tinstall Tcheck Ttotal Status Flags
r-devel-linux-x86_64-debian-clang 2.10 4.69 54.74 59.43 OK
r-devel-linux-x86_64-debian-gcc 2.10 6.00 51.69 57.70 OK
r-devel-linux-x86_64-fedora-clang 2.10 117.20 OK
r-devel-linux-x86_64-fedora-gcc 2.10 110.62 OK
r-devel-osx-x86_64-clang 2.10 97.33 OK
r-devel-windows-ix86+x86_64 2.10 12.00 77.00 89.00 OK
r-patched-linux-x86_64 2.10 4.47 51.61 56.08 OK
r-patched-solaris-sparc 2.10 707.30 OK
r-patched-solaris-x86 2.10 155.70 OK
r-release-linux-x86_64 2.10 4.34 52.59 56.93 OK
r-release-osx-x86_64-mavericks 2.10 OK
r-release-osx-x86_64-snowleopard 2.10 ERROR
r-release-windows-ix86+x86_64 2.10 9.00 74.00 83.00 OK
r-oldrel-windows-ix86+x86_64 2.10 17.00 97.00 114.00 OK

Check Details

Version: 2.10
Check: package dependencies
Result: ERROR
    Package required but not available: ‘fields’
    
    See section ‘The DESCRIPTION file’ in the ‘Writing R Extensions’
    manual.
Flavor: r-release-osx-x86_64-snowleopard