CRAN Package Check Results for Package LMERConvenienceFunctions

Last updated on 2014-12-22 14:48:44.

Flavor Version Tinstall Tcheck Ttotal Status Flags
r-devel-linux-x86_64-debian-clang 2.5 4.66 58.07 62.72 NOTE
r-devel-linux-x86_64-debian-gcc 2.5 4.50 55.42 59.92 NOTE
r-devel-linux-x86_64-fedora-clang 2.5 146.61 NOTE
r-devel-linux-x86_64-fedora-gcc 2.5 138.52 NOTE
r-devel-osx-x86_64-clang 2.5 120.39 NOTE
r-devel-windows-ix86+x86_64 2.5 11.00 80.00 91.00 NOTE
r-patched-linux-x86_64 2.5 4.75 60.00 64.75 NOTE
r-patched-solaris-sparc 2.5 812.90 NOTE
r-patched-solaris-x86 2.5 182.30 NOTE
r-release-linux-ix86 2.5 5.50 69.71 75.21 NOTE
r-release-linux-x86_64 2.5 4.79 59.69 64.48 NOTE
r-release-osx-x86_64-mavericks 2.5 OK
r-release-osx-x86_64-snowleopard 2.5 OK
r-release-windows-ix86+x86_64 2.5 12.00 89.00 101.00 NOTE
r-oldrel-windows-ix86+x86_64 2.5 12.00 78.00 90.00 OK

Check Details

Version: 2.5
Check: R code for possible problems
Result: NOTE
    mcposthoc.fnc: no visible global function definition for ‘mclapply’
    plotDensity3d.fnc: no visible global function definition for ‘persp3d’
    plotLMER3d.fnc: no visible global function definition for ‘image.plot’
    plotLMER3d.fnc: no visible global function definition for ‘par3d’
    plotLMER3d.fnc: no visible global function definition for ‘persp3d’
    plotLMER3d.fnc: no visible global function definition for ‘plot3d’
    plotLMER3d.fnc: no visible global function definition for ‘spin3d’
    plotRaw3d.fnc: no visible global function definition for ‘image.plot’
    plotRaw3d.fnc: no visible global function definition for ‘persp3d’
Flavors: r-devel-linux-x86_64-debian-clang, r-devel-linux-x86_64-debian-gcc, r-devel-linux-x86_64-fedora-clang, r-devel-linux-x86_64-fedora-gcc, r-devel-osx-x86_64-clang, r-devel-windows-ix86+x86_64, r-patched-linux-x86_64, r-patched-solaris-sparc, r-patched-solaris-x86, r-release-linux-ix86, r-release-linux-x86_64, r-release-windows-ix86+x86_64