CRAN Package Check Results for Package LMERConvenienceFunctions

Last updated on 2014-04-25 05:47:18.

Flavor Version Tinstall Tcheck Ttotal Status Flags
r-devel-linux-x86_64-debian-clang 2.5 5.27 64.08 69.34 OK
r-devel-linux-x86_64-debian-gcc 2.5 5.05 61.80 66.85 OK
r-devel-linux-x86_64-fedora-clang 2.5 152.47 OK
r-devel-linux-x86_64-fedora-gcc 2.5 148.33 OK
r-devel-osx-x86_64-clang 2.5 119.85 OK
r-devel-osx-x86_64-gcc 2.5 NOTE
r-devel-windows-ix86+x86_64 2.5 11.00 80.00 91.00 OK
r-patched-linux-x86_64 2.5 4.96 63.12 68.08 OK
r-patched-solaris-sparc 2.5 788.50 OK
r-patched-solaris-x86 2.5 183.20 OK
r-release-linux-ix86 2.5 7.00 96.00 103.00 OK
r-release-linux-x86_64 2.5 5.28 62.38 67.66 OK
r-release-osx-x86_64-mavericks 2.5 OK
r-release-osx-x86_64-snowleopard 2.5 OK
r-release-windows-ix86+x86_64 2.5 11.00 88.00 99.00 OK
r-oldrel-windows-ix86+x86_64 2.5 13.00 75.00 88.00 OK

Check Details

Version: 2.5
Check: package dependencies
Result: NOTE
    Package suggested but not available for checking: ‘fields’
Flavor: r-devel-osx-x86_64-gcc

Version: 2.5
Check: R code for possible problems
Result: NOTE
    plotLMER3d.fnc: no visible global function definition for ‘image.plot’
    plotRaw3d.fnc: no visible global function definition for ‘image.plot’
Flavor: r-devel-osx-x86_64-gcc