CRAN Package Check Results for Package LMERConvenienceFunctions

Last updated on 2015-01-30 23:48:48.

Flavor Version Tinstall Tcheck Ttotal Status Flags
r-devel-linux-x86_64-debian-clang 2.5 3.64 45.84 49.48 NOTE
r-devel-linux-x86_64-debian-gcc 2.5 4.97 51.88 56.85 NOTE
r-devel-linux-x86_64-fedora-clang 2.5 138.68 NOTE
r-devel-linux-x86_64-fedora-gcc 2.5 131.74 NOTE
r-devel-osx-x86_64-clang 2.5 118.83 NOTE
r-devel-windows-ix86+x86_64 2.5 13.00 67.00 80.00 NOTE
r-patched-linux-x86_64 2.5 4.78 59.30 64.08 NOTE
r-patched-solaris-sparc 2.5 814.20 NOTE
r-patched-solaris-x86 2.5 181.40 NOTE
r-release-linux-ix86 2.5 5.54 69.89 75.43 NOTE
r-release-linux-x86_64 2.5 4.78 59.66 64.44 NOTE
r-release-osx-x86_64-mavericks 2.5 NOTE
r-release-osx-x86_64-snowleopard 2.5 OK
r-release-windows-ix86+x86_64 2.5 14.00 86.00 100.00 NOTE
r-oldrel-windows-ix86+x86_64 2.5 13.00 79.00 92.00 OK

Check Details

Version: 2.5
Check: dependencies in R code
Result: NOTE
    'library' or 'require' calls in package code:
     ‘fields’ ‘parallel’ ‘rgl’
     Please use :: or requireNamespace() instead.
     See section 'Suggested packages' in the 'Writing R Extensions' manual.
Flavors: r-devel-linux-x86_64-debian-clang, r-devel-linux-x86_64-debian-gcc, r-devel-linux-x86_64-fedora-clang, r-devel-linux-x86_64-fedora-gcc, r-devel-osx-x86_64-clang, r-devel-windows-ix86+x86_64

Version: 2.5
Check: S3 generic/method consistency
Result: NOTE
    Found the following apparent S3 methods exported but not registered:
     summary.mcposthoc
    See section ‘Registering S3 methods’ in the ‘Writing R Extensions’
    manual.
Flavors: r-devel-linux-x86_64-debian-clang, r-devel-linux-x86_64-debian-gcc, r-devel-linux-x86_64-fedora-clang, r-devel-linux-x86_64-fedora-gcc, r-devel-osx-x86_64-clang

Version: 2.5
Check: R code for possible problems
Result: NOTE
    mcposthoc.fnc: no visible global function definition for ‘mclapply’
    plotDensity3d.fnc: no visible global function definition for ‘persp3d’
    plotLMER3d.fnc: no visible global function definition for ‘image.plot’
    plotLMER3d.fnc: no visible global function definition for ‘par3d’
    plotLMER3d.fnc: no visible global function definition for ‘persp3d’
    plotLMER3d.fnc: no visible global function definition for ‘plot3d’
    plotLMER3d.fnc: no visible global function definition for ‘spin3d’
    plotRaw3d.fnc: no visible global function definition for ‘image.plot’
    plotRaw3d.fnc: no visible global function definition for ‘persp3d’
Flavors: r-devel-linux-x86_64-debian-clang, r-devel-linux-x86_64-debian-gcc, r-devel-linux-x86_64-fedora-clang, r-devel-linux-x86_64-fedora-gcc, r-devel-osx-x86_64-clang, r-devel-windows-ix86+x86_64, r-patched-linux-x86_64, r-patched-solaris-sparc, r-patched-solaris-x86, r-release-linux-ix86, r-release-linux-x86_64, r-release-osx-x86_64-mavericks, r-release-windows-ix86+x86_64