CRAN Package Check Results for Package LMERConvenienceFunctions

Last updated on 2015-03-01 12:47:40.

Flavor Version Tinstall Tcheck Ttotal Status Flags
r-devel-linux-x86_64-debian-clang 2.10 4.46 52.86 57.32 OK
r-devel-linux-x86_64-debian-gcc 2.10 4.25 51.40 55.65 OK
r-devel-linux-x86_64-fedora-clang 2.10 118.84 OK
r-devel-linux-x86_64-fedora-gcc 2.10 104.17 OK
r-devel-osx-x86_64-clang 2.10 103.45 OK
r-devel-windows-ix86+x86_64 2.10 15.00 74.00 89.00 OK
r-patched-linux-x86_64 2.10 6.72 71.22 77.94 OK
r-patched-solaris-sparc 2.10 885.80 OK
r-patched-solaris-x86 2.10 222.50 OK
r-release-linux-ix86 2.10 7.72 83.69 91.41 OK
r-release-linux-x86_64 2.10 6.67 72.79 79.46 OK
r-release-osx-x86_64-mavericks 2.10 OK
r-release-osx-x86_64-snowleopard 2.10 ERROR
r-release-windows-ix86+x86_64 2.10 19.00 101.00 120.00 OK
r-oldrel-windows-ix86+x86_64 2.10 18.00 96.00 114.00 OK

Check Details

Version: 2.10
Check: examples
Result: ERROR
    Running examples in ‘LMERConvenienceFunctions-Ex.R’ failed
    The error most likely occurred in:
    
    > ### Name: plotLMER3d.fnc
    > ### Title: Dynamic 3d plot for 'mer' object.
    > ### Aliases: plotLMER3d.fnc
    > ### Keywords: hplot
    >
    > ### ** Examples
    >
    > if(try(require(LCFdata,quietly=TRUE))){
    + data(z)
    + temp.dir <- tempdir()
    + save(z,file=file.path(temp.dir,"lmer___z.rda"))
    +
    + plotLMER3d.fnc(pred = "LengthBc", intr = "WMCc",
    + plot.dat = "z", path = temp.dir)
    + plotLMER3d.fnc(pred = "LengthBc", intr = "WMCc",
    + plot.type = "persp", phi = 25, plot.dat = "z",
    + path = temp.dir)
    + if(try(require(rgl,quietly=TRUE))){
    + require(rgl)
    + open3d()
    + plotLMER3d.fnc(pred = "LengthBc", intr = "WMCc",
    + plot.type = "persp3d", plot.dat = "z", path = temp.dir)
    + }
    + }
    Sat Feb 28 09:01:57 hagal.research.att.com R[786] <Error>: unknown error code: invalid pixel format
    Sat Feb 28 09:01:57 hagal.research.att.com R[786] <Error>: kCGErrorFailure: Set a breakpoint @ CGErrorBreakpoint() to catch errors as they are logged.
    X Error of failed request: GLXBadContext
     Major opcode of failed request: 0 ()
     Serial number of failed request: 27
     Current serial number in output stream: 27
Flavor: r-release-osx-x86_64-snowleopard