CRAN Package Check Results for Package LMERConvenienceFunctions

Last updated on 2014-08-22 18:48:35.

Flavor Version Tinstall Tcheck Ttotal Status Flags
r-devel-linux-x86_64-debian-clang 2.5 4.72 59.07 63.78 NOTE
r-devel-linux-x86_64-debian-gcc 2.5 4.83 59.56 64.38 OK
r-devel-linux-x86_64-fedora-clang 2.5 144.88 NOTE
r-devel-linux-x86_64-fedora-gcc 2.5 140.30 NOTE
r-devel-osx-x86_64-clang 2.5 113.83 NOTE
r-devel-windows-ix86+x86_64 2.5 11.00 85.00 96.00 OK
r-patched-linux-x86_64 2.5 4.78 59.53 64.31 OK
r-patched-solaris-sparc 2.5 831.80 OK
r-patched-solaris-x86 2.5 178.40 OK
r-release-linux-ix86 2.5 5.73 72.10 77.84 OK
r-release-linux-x86_64 2.5 4.81 61.24 66.06 OK
r-release-osx-x86_64-mavericks 2.5 OK
r-release-osx-x86_64-snowleopard 2.5 OK
r-release-windows-ix86+x86_64 2.5 13.00 83.00 96.00 OK
r-oldrel-windows-ix86+x86_64 2.5 12.00 78.00 90.00 OK

Check Details

Version: 2.5
Check: R code for possible problems
Result: NOTE
    mcposthoc.fnc: no visible global function definition for ‘mclapply’
    plotDensity3d.fnc: no visible global function definition for ‘persp3d’
    plotLMER3d.fnc: no visible global function definition for ‘image.plot’
    plotLMER3d.fnc: no visible global function definition for ‘par3d’
    plotLMER3d.fnc: no visible global function definition for ‘persp3d’
    plotLMER3d.fnc: no visible global function definition for ‘plot3d’
    plotLMER3d.fnc: no visible global function definition for ‘spin3d’
    plotRaw3d.fnc: no visible global function definition for ‘image.plot’
    plotRaw3d.fnc: no visible global function definition for ‘persp3d’
Flavors: r-devel-linux-x86_64-debian-clang, r-devel-linux-x86_64-fedora-clang, r-devel-linux-x86_64-fedora-gcc, r-devel-osx-x86_64-clang