CRAN Package Check Results for Package LMMELSM

Last updated on 2024-02-24 12:49:21 CET.

Flavor Version Tinstall Tcheck Ttotal Status Flags
r-devel-linux-x86_64-debian-clang 0.2.0 438.14 546.03 984.17 NOTE
r-devel-linux-x86_64-debian-gcc 0.2.0 354.76 427.87 782.63 NOTE
r-devel-linux-x86_64-fedora-clang 0.2.0 1138.57 NOTE
r-devel-linux-x86_64-fedora-gcc 0.2.0 1297.34 NOTE
r-devel-windows-x86_64 0.2.0 295.00 374.00 669.00 NOTE
r-patched-linux-x86_64 0.2.0 330.46 539.17 869.63 NOTE
r-release-linux-x86_64 0.2.0 300.27 542.26 842.53 NOTE
r-release-macos-arm64 0.2.0 258.00 NOTE
r-release-macos-x86_64 0.2.0 466.00 NOTE
r-release-windows-x86_64 0.2.0 373.00 518.00 891.00 NOTE
r-oldrel-macos-arm64 0.2.0 244.00 NOTE
r-oldrel-windows-x86_64 0.2.0 345.00 528.00 873.00 NOTE

Check Details

Version: 0.2.0
Check: for GNU extensions in Makefiles
Result: NOTE GNU make is a SystemRequirements. Flavors: r-devel-linux-x86_64-debian-clang, r-devel-linux-x86_64-debian-gcc, r-devel-linux-x86_64-fedora-clang, r-devel-linux-x86_64-fedora-gcc, r-devel-windows-x86_64, r-patched-linux-x86_64, r-release-linux-x86_64, r-release-macos-arm64, r-release-macos-x86_64, r-release-windows-x86_64, r-oldrel-macos-arm64, r-oldrel-windows-x86_64

Version: 0.2.0
Check: installed package size
Result: NOTE installed size is 5.4Mb sub-directories of 1Mb or more: libs 4.4Mb Flavors: r-devel-linux-x86_64-fedora-clang, r-release-macos-arm64, r-release-macos-x86_64, r-oldrel-macos-arm64

Version: 0.2.0
Check: dependencies in R code
Result: NOTE Namespaces in Imports field not imported from: ‘RcppParallel’ ‘rstantools’ All declared Imports should be used. Flavors: r-devel-linux-x86_64-fedora-clang, r-devel-linux-x86_64-fedora-gcc