Last updated on 2022-08-07 19:55:12 CEST.
Flavor | Version | Tinstall | Tcheck | Ttotal | Status | Flags |
---|---|---|---|---|---|---|
r-devel-linux-x86_64-debian-clang | 1.1.2 | 59.72 | 74.48 | 134.20 | NOTE | |
r-devel-linux-x86_64-debian-gcc | 1.1.2 | 40.92 | 55.71 | 96.63 | NOTE | |
r-devel-linux-x86_64-fedora-clang | 1.1.2 | 184.53 | NOTE | |||
r-devel-linux-x86_64-fedora-gcc | 1.1.2 | 163.46 | OK | |||
r-devel-windows-x86_64 | 1.1.2 | 45.00 | 117.00 | 162.00 | OK | |
r-patched-linux-x86_64 | 1.1.2 | 45.91 | 69.58 | 115.49 | OK | |
r-release-linux-x86_64 | 1.1.2 | 48.25 | 71.30 | 119.55 | OK | |
r-release-macos-arm64 | 1.1.2 | 45.00 | NOTE | |||
r-release-macos-x86_64 | 1.1.2 | 61.00 | NOTE | |||
r-release-windows-x86_64 | 1.1.2 | 49.00 | 120.00 | 169.00 | OK | |
r-oldrel-macos-arm64 | 1.1.2 | 50.00 | NOTE | |||
r-oldrel-macos-x86_64 | 1.1.2 | 57.00 | NOTE | |||
r-oldrel-windows-ix86+x86_64 | 1.1.2 | 125.00 | 134.00 | 259.00 | OK |
Version: 1.1.2
Check: HTML version of manual
Result: NOTE
Found the following math rendering problems:
lmn_post.Rd:30-34: Undefined control sequence: \vspace in
\vspace{-1em}
lmn_prior.Rd:54-58: Undefined control sequence: \vspace in
\vspace{-1em}
Flavors: r-devel-linux-x86_64-debian-clang, r-devel-linux-x86_64-debian-gcc
Version: 1.1.2
Check: installed package size
Result: NOTE
installed size is 5.7Mb
sub-directories of 1Mb or more:
libs 5.2Mb
Flavors: r-devel-linux-x86_64-fedora-clang, r-release-macos-arm64, r-release-macos-x86_64, r-oldrel-macos-arm64, r-oldrel-macos-x86_64