CRAN Package Check Results for Package LMest

Last updated on 2017-03-27 17:47:32.

Flavor Version Tinstall Tcheck Ttotal Status Flags
r-devel-linux-x86_64-debian-clang 2.3 2.11 42.85 44.97 NOTE
r-devel-linux-x86_64-debian-gcc 2.3 2.18 41.80 43.97 NOTE
r-devel-linux-x86_64-fedora-clang 2.3 77.40 NOTE --no-stop-on-test-error
r-devel-linux-x86_64-fedora-gcc 2.3 74.81 NOTE --no-stop-on-test-error
r-devel-macos-x86_64-clang 2.3 62.35 NOTE --no-stop-on-test-error
r-devel-windows-ix86+x86_64 2.3 11.00 77.00 88.00 OK
r-patched-linux-x86_64 2.3 2.10 41.49 43.60 NOTE
r-patched-solaris-sparc 2.3 503.30 OK
r-patched-solaris-x86 2.3 92.70 OK
r-release-linux-x86_64 2.3 2.03 40.42 42.45 OK
r-release-osx-x86_64-mavericks 2.3 OK
r-release-windows-ix86+x86_64 2.3 14.00 84.00 98.00 OK
r-oldrel-windows-ix86+x86_64 2.3 12.00 79.00 91.00 OK

Check Details

Version: 2.3
Check: compiled code
Result: NOTE
    File ‘LMest/libs/LMest.so’:
     Found no calls to: ‘R_registerRoutines’, ‘R_useDynamicSymbols’
    
    It is good practice to register native routines and to disable symbol
    search.
    
    See ‘Writing portable packages’ in the ‘Writing R Extensions’ manual.
Flavors: r-devel-linux-x86_64-debian-clang, r-devel-linux-x86_64-debian-gcc, r-patched-linux-x86_64

Version: 2.3
Flags: --no-stop-on-test-error
Check: compiled code
Result: NOTE
    File ‘LMest/libs/LMest.so’:
     Found no calls to: ‘R_registerRoutines’, ‘R_useDynamicSymbols’
    
    It is good practice to register native routines and to disable symbol
    search.
    
    See ‘Writing portable packages’ in the ‘Writing R Extensions’ manual.
Flavors: r-devel-linux-x86_64-fedora-clang, r-devel-linux-x86_64-fedora-gcc, r-devel-macos-x86_64-clang