CRAN Package Check Results for Package LMest

Last updated on 2014-08-20 17:47:45.

Flavor Version Tinstall Tcheck Ttotal Status Flags
r-devel-linux-x86_64-debian-clang 1.0 3.43 37.01 40.44 NOTE
r-devel-linux-x86_64-debian-gcc 1.0 3.26 35.91 39.16 NOTE
r-devel-linux-x86_64-fedora-clang 1.0 98.12 NOTE
r-devel-linux-x86_64-fedora-gcc 1.0 88.30 NOTE
r-devel-osx-x86_64-clang 1.0 72.06 NOTE
r-devel-windows-ix86+x86_64 1.0 8.00 56.00 64.00 NOTE
r-patched-linux-x86_64 1.0 3.37 37.07 40.44 NOTE
r-patched-solaris-sparc 1.0 544.30 NOTE
r-patched-solaris-x86 1.0 123.90 NOTE
r-release-linux-ix86 1.0 4.00 47.04 51.04 NOTE
r-release-linux-x86_64 1.0 3.40 38.47 41.87 NOTE
r-release-osx-x86_64-mavericks 1.0 NOTE
r-release-osx-x86_64-snowleopard 1.0 OK
r-release-windows-ix86+x86_64 1.0 8.00 54.00 62.00 NOTE
r-oldrel-windows-ix86+x86_64 1.0 10.00 52.00 62.00 NOTE

Check Details

Version: 1.0
Check: dependencies in R code
Result: NOTE
    Packages in Depends field not imported from:
     ‘MASS’ ‘Matrix’
     These packages need to be imported from (in the NAMESPACE file)
     for when this namespace is loaded but not attached.
    See the information on DESCRIPTION files in the chapter ‘Creating R
    packages’ of the ‘Writing R Extensions’ manual.
Flavors: r-devel-linux-x86_64-debian-clang, r-devel-linux-x86_64-debian-gcc, r-devel-linux-x86_64-fedora-clang, r-devel-linux-x86_64-fedora-gcc, r-devel-osx-x86_64-clang, r-devel-windows-ix86+x86_64, r-patched-linux-x86_64, r-patched-solaris-sparc, r-patched-solaris-x86, r-release-linux-ix86, r-release-linux-x86_64, r-release-osx-x86_64-mavericks, r-release-windows-ix86+x86_64, r-oldrel-windows-ix86+x86_64

Version: 1.0
Check: R code for possible problems
Result: NOTE
    est_lm_basic: no visible global function definition for ‘bdiag’
    est_lm_basic: no visible global function definition for ‘ginv’
Flavors: r-devel-linux-x86_64-fedora-clang, r-devel-linux-x86_64-fedora-gcc, r-devel-osx-x86_64-clang

Version: 1.0
Check: Rd line widths
Result: NOTE
    Rd file 'est_lm_basic.Rd':
     \examples lines wider than 100 characters:
     out = long2wide(data_criminal,"id","time","sex",c("y1","y2","y3","y4","y5","y6","y7","y8","y9","y10"),aggr=T,full=0)
    
    Rd file 'long2wide.Rd':
     \examples lines wider than 100 characters:
     out = long2wide(data_criminal[1:1000,],"id","time","sex",c("y1","y2","y3","y4","y5","y6","y7","y8","y9","y10"),aggr=TRUE,full=0) ... [TRUNCATED]
    
    These lines will be truncated in the PDF manual.
Flavors: r-devel-linux-x86_64-fedora-clang, r-devel-linux-x86_64-fedora-gcc