CRAN Package Check Results for Package LMest

Last updated on 2015-01-29 20:48:56.

Flavor Version Tinstall Tcheck Ttotal Status Flags
r-devel-linux-x86_64-debian-clang 2.0 2.06 32.96 35.02 NOTE
r-devel-linux-x86_64-debian-gcc 2.0 2.07 32.88 34.95 NOTE
r-devel-linux-x86_64-fedora-clang 2.0 69.94 NOTE
r-devel-linux-x86_64-fedora-gcc 2.0 67.43 NOTE
r-devel-osx-x86_64-clang 2.0 67.92 NOTE
r-devel-windows-ix86+x86_64 2.0 16.00 58.00 74.00 OK
r-patched-linux-x86_64 2.0 2.15 35.80 37.96 OK
r-patched-solaris-sparc 2.0 455.30 OK
r-patched-solaris-x86 2.0 92.50 OK
r-release-linux-ix86 2.0 2.93 45.03 47.96 OK
r-release-linux-x86_64 2.0 2.24 36.24 38.48 OK
r-release-osx-x86_64-mavericks 2.0 OK
r-release-osx-x86_64-snowleopard 2.0 OK
r-release-windows-ix86+x86_64 2.0 12.00 71.00 83.00 OK
r-oldrel-windows-ix86+x86_64 2.0 12.00 66.00 78.00 OK

Check Details

Version: 2.0
Check: S3 generic/method consistency
Result: NOTE
    Found the following apparent S3 methods exported but not registered:
     print.LMbasic print.LMlatent print.LMmanifest print.LMmixed
     summary.LMbasic summary.LMlatent summary.LMmanifest summary.LMmixed
    See section ‘Registering S3 methods’ in the ‘Writing R Extensions’
    manual.
Flavors: r-devel-linux-x86_64-debian-clang, r-devel-linux-x86_64-debian-gcc, r-devel-linux-x86_64-fedora-clang, r-devel-linux-x86_64-fedora-gcc, r-devel-osx-x86_64-clang