CRAN Package Check Results for Package LMest

Last updated on 2014-10-31 23:47:32.

Flavor Version Tinstall Tcheck Ttotal Status Flags
r-devel-linux-x86_64-debian-clang 1.0 3.24 35.89 39.12 NOTE
r-devel-linux-x86_64-debian-gcc 1.0 3.17 34.89 38.06 NOTE
r-devel-linux-x86_64-fedora-clang 1.0 92.25 NOTE
r-devel-linux-x86_64-fedora-gcc 1.0 86.58 NOTE
r-devel-osx-x86_64-clang 1.0 78.35 NOTE
r-devel-windows-ix86+x86_64 1.0 8.00 49.00 57.00 NOTE
r-patched-linux-x86_64 1.0 3.32 37.24 40.56 NOTE
r-patched-solaris-sparc 1.0 494.30 NOTE
r-patched-solaris-x86 1.0 121.80 NOTE
r-release-linux-ix86 1.0 4.01 47.54 51.55 NOTE
r-release-linux-x86_64 1.0 3.77 38.08 41.84 NOTE
r-release-osx-x86_64-mavericks 1.0 NOTE
r-release-osx-x86_64-snowleopard 1.0 OK
r-release-windows-ix86+x86_64 1.0 9.00 52.00 61.00 NOTE
r-oldrel-windows-ix86+x86_64 1.0 8.00 51.00 59.00 NOTE

Check Details

Version: 1.0
Check: dependencies in R code
Result: NOTE
    Packages in Depends field not imported from:
     ‘MASS’ ‘Matrix’
     These packages need to be imported from (in the NAMESPACE file)
     for when this namespace is loaded but not attached.
    See the information on DESCRIPTION files in the chapter ‘Creating R
    packages’ of the ‘Writing R Extensions’ manual.
Flavors: r-devel-linux-x86_64-debian-clang, r-devel-linux-x86_64-debian-gcc, r-devel-linux-x86_64-fedora-clang, r-devel-linux-x86_64-fedora-gcc, r-devel-osx-x86_64-clang, r-devel-windows-ix86+x86_64, r-patched-linux-x86_64, r-patched-solaris-sparc, r-patched-solaris-x86, r-release-linux-ix86, r-release-linux-x86_64, r-release-osx-x86_64-mavericks, r-release-windows-ix86+x86_64, r-oldrel-windows-ix86+x86_64

Version: 1.0
Check: R code for possible problems
Result: NOTE
    est_lm_basic: no visible global function definition for ‘bdiag’
    est_lm_basic: no visible global function definition for ‘ginv’
Flavors: r-devel-linux-x86_64-debian-clang, r-devel-linux-x86_64-debian-gcc, r-devel-linux-x86_64-fedora-clang, r-devel-linux-x86_64-fedora-gcc, r-devel-osx-x86_64-clang, r-devel-windows-ix86+x86_64, r-patched-linux-x86_64, r-patched-solaris-sparc, r-patched-solaris-x86

Version: 1.0
Check: Rd line widths
Result: NOTE
    Rd file 'est_lm_basic.Rd':
     \examples lines wider than 100 characters:
     out = long2wide(data_criminal,"id","time","sex",c("y1","y2","y3","y4","y5","y6","y7","y8","y9","y10"),aggr=T,full=0)
    
    Rd file 'long2wide.Rd':
     \examples lines wider than 100 characters:
     out = long2wide(data_criminal[1:1000,],"id","time","sex",c("y1","y2","y3","y4","y5","y6","y7","y8","y9","y10"),aggr=TRUE,full=0) ... [TRUNCATED]
    
    These lines will be truncated in the PDF manual.
Flavors: r-devel-linux-x86_64-debian-clang, r-devel-linux-x86_64-debian-gcc, r-devel-linux-x86_64-fedora-clang, r-devel-linux-x86_64-fedora-gcc, r-patched-linux-x86_64, r-release-linux-x86_64