CRAN Package Check Results for Package LMest

Last updated on 2014-11-21 04:47:00.

Flavor Version Tinstall Tcheck Ttotal Status Flags
r-devel-linux-x86_64-debian-clang 2.0 2.70 35.34 38.05 OK
r-devel-linux-x86_64-debian-gcc 2.0 2.45 34.46 36.91 OK
r-devel-linux-x86_64-fedora-clang 2.0 49.40 OK
r-devel-linux-x86_64-fedora-gcc 2.0 68.07 OK
r-devel-osx-x86_64-clang 2.0 70.18 OK
r-devel-windows-ix86+x86_64 2.0 11.00 63.00 74.00 OK
r-patched-linux-x86_64 2.0 2.24 36.18 38.42 OK
r-patched-solaris-sparc 2.0 450.00 OK
r-patched-solaris-x86 2.0 91.90 OK
r-release-linux-ix86 1.0 3.80 45.12 48.91 NOTE
r-release-linux-x86_64 2.0 2.16 36.26 38.42 OK
r-release-osx-x86_64-mavericks 2.0 OK
r-release-osx-x86_64-snowleopard 2.0 OK
r-release-windows-ix86+x86_64 2.0 15.00 94.00 109.00 OK
r-oldrel-windows-ix86+x86_64 2.0 11.00 65.00 76.00 OK

Check Details

Version: 1.0
Check: dependencies in R code
Result: NOTE
    Packages in Depends field not imported from:
     ‘MASS’ ‘Matrix’
     These packages need to be imported from (in the NAMESPACE file)
     for when this namespace is loaded but not attached.
    See the information on DESCRIPTION files in the chapter ‘Creating R
    packages’ of the ‘Writing R Extensions’ manual.
Flavor: r-release-linux-ix86

Version: 1.0
Check: R code for possible problems
Result: NOTE
    est_lm_basic: no visible global function definition for ‘bdiag’
    est_lm_basic: no visible global function definition for ‘ginv’
Flavor: r-release-linux-ix86