CRAN Package Check Results for Package LMest

Last updated on 2017-04-24 08:47:59.

Flavor Version Tinstall Tcheck Ttotal Status Flags
r-devel-linux-x86_64-debian-clang 2.3 2.08 44.74 46.82 NOTE
r-devel-linux-x86_64-debian-gcc 2.3 2.21 44.15 46.36 NOTE
r-devel-linux-x86_64-fedora-clang 2.3 78.57 NOTE --no-stop-on-test-error
r-devel-linux-x86_64-fedora-gcc 2.3 74.97 NOTE --no-stop-on-test-error
r-devel-windows-ix86+x86_64 2.3 17.00 99.00 116.00 OK
r-patched-linux-x86_64 2.3 2.12 41.25 43.37 NOTE
r-patched-solaris-sparc 2.3 503.30 OK
r-patched-solaris-x86 2.3 93.80 OK
r-release-linux-x86_64 2.3 2.12 40.88 43.00 NOTE
r-release-windows-ix86+x86_64 2.3 11.00 80.00 91.00 OK
r-release-osx-x86_64 2.3 OK
r-oldrel-windows-ix86+x86_64 2.3 13.00 84.00 97.00 OK
r-oldrel-osx-x86_64 2.3 OK

Check Details

Version: 2.3
Check: compiled code
Result: NOTE
    File ‘LMest/libs/LMest.so’:
     Found no calls to: ‘R_registerRoutines’, ‘R_useDynamicSymbols’
    
    It is good practice to register native routines and to disable symbol
    search.
    
    See ‘Writing portable packages’ in the ‘Writing R Extensions’ manual.
Flavors: r-devel-linux-x86_64-debian-clang, r-devel-linux-x86_64-debian-gcc, r-patched-linux-x86_64, r-release-linux-x86_64

Version: 2.3
Flags: --no-stop-on-test-error
Check: compiled code
Result: NOTE
    File ‘LMest/libs/LMest.so’:
     Found no calls to: ‘R_registerRoutines’, ‘R_useDynamicSymbols’
    
    It is good practice to register native routines and to disable symbol
    search.
    
    See ‘Writing portable packages’ in the ‘Writing R Extensions’ manual.
Flavors: r-devel-linux-x86_64-fedora-clang, r-devel-linux-x86_64-fedora-gcc