CRAN Package Check Results for Package LMest

Last updated on 2015-03-06 14:46:59.

Flavor Version Tinstall Tcheck Ttotal Status Flags
r-devel-linux-x86_64-debian-clang 2.0 2.09 34.49 36.58 NOTE
r-devel-linux-x86_64-debian-gcc 2.0 1.90 32.00 33.91 NOTE
r-devel-linux-x86_64-fedora-clang 2.0 65.00 NOTE
r-devel-linux-x86_64-fedora-gcc 2.0 60.34 NOTE
r-devel-osx-x86_64-clang 2.0 62.03 NOTE
r-devel-windows-ix86+x86_64 2.0 12.00 61.00 73.00 OK
r-patched-linux-x86_64 2.0 2.27 36.82 39.09 OK
r-patched-solaris-sparc 2.0 478.80 OK
r-patched-solaris-x86 2.0 93.80 OK
r-release-linux-ix86 2.0 3.86 46.59 50.45 OK
r-release-linux-x86_64 2.0 2.54 36.38 38.91 OK
r-release-osx-x86_64-mavericks 2.0 OK
r-release-osx-x86_64-snowleopard 2.0 OK
r-release-windows-ix86+x86_64 2.0 13.00 68.00 81.00 OK
r-oldrel-windows-ix86+x86_64 2.0 12.00 104.00 116.00 OK

Check Details

Version: 2.0
Check: S3 generic/method consistency
Result: NOTE
    Found the following apparent S3 methods exported but not registered:
     print.LMbasic print.LMlatent print.LMmanifest print.LMmixed
     summary.LMbasic summary.LMlatent summary.LMmanifest summary.LMmixed
    See section ‘Registering S3 methods’ in the ‘Writing R Extensions’
    manual.
Flavors: r-devel-linux-x86_64-debian-clang, r-devel-linux-x86_64-debian-gcc, r-devel-linux-x86_64-fedora-clang, r-devel-linux-x86_64-fedora-gcc, r-devel-osx-x86_64-clang