CRAN Package Check Results for Package LMest

Last updated on 2017-05-25 07:48:34.

Flavor Version Tinstall Tcheck Ttotal Status Flags
r-devel-linux-x86_64-debian-clang 2.3 2.13 46.29 48.42 NOTE
r-devel-linux-x86_64-debian-gcc 2.3 2.20 43.46 45.66 NOTE
r-devel-linux-x86_64-fedora-clang 2.3 81.00 NOTE --no-stop-on-test-error
r-devel-linux-x86_64-fedora-gcc 2.3 76.30 NOTE --no-stop-on-test-error
r-devel-windows-ix86+x86_64 2.3 13.00 83.00 96.00 OK
r-patched-linux-x86_64 2.3 2.14 40.66 42.80 NOTE
r-patched-solaris-sparc 2.3 503.30 OK
r-patched-solaris-x86 2.3 92.10 OK
r-release-linux-x86_64 2.3 2.24 41.03 43.27 NOTE
r-release-windows-ix86+x86_64 2.3 20.00 190.00 210.00 OK
r-release-osx-x86_64 2.3 OK
r-oldrel-windows-ix86+x86_64 2.3 16.00 124.00 140.00 OK
r-oldrel-osx-x86_64 2.3 OK

Check Details

Version: 2.3
Check: compiled code
Result: NOTE
    File ‘LMest/libs/LMest.so’:
     Found no calls to: ‘R_registerRoutines’, ‘R_useDynamicSymbols’
    
    It is good practice to register native routines and to disable symbol
    search.
    
    See ‘Writing portable packages’ in the ‘Writing R Extensions’ manual.
Flavors: r-devel-linux-x86_64-debian-clang, r-devel-linux-x86_64-debian-gcc, r-patched-linux-x86_64, r-release-linux-x86_64

Version: 2.3
Flags: --no-stop-on-test-error
Check: compiled code
Result: NOTE
    File ‘LMest/libs/LMest.so’:
     Found no calls to: ‘R_registerRoutines’, ‘R_useDynamicSymbols’
    
    It is good practice to register native routines and to disable symbol
    search.
    
    See ‘Writing portable packages’ in the ‘Writing R Extensions’ manual.
Flavors: r-devel-linux-x86_64-fedora-clang, r-devel-linux-x86_64-fedora-gcc