CRAN Package Check Results for Package LMest

Last updated on 2017-02-20 22:59:03.

Flavor Version Tinstall Tcheck Ttotal Status Flags
r-devel-linux-x86_64-debian-clang 2.3 1.97 43.27 45.24 NOTE
r-devel-linux-x86_64-debian-gcc 2.3 2.15 41.26 43.41 NOTE
r-devel-linux-x86_64-fedora-clang 2.3 77.31 NOTE --no-stop-on-test-error
r-devel-linux-x86_64-fedora-gcc 2.3 74.92 NOTE --no-stop-on-test-error
r-devel-macos-x86_64-clang 2.3 63.30 NOTE --no-stop-on-test-error
r-devel-windows-ix86+x86_64 2.3 11.00 116.00 127.00 OK
r-patched-linux-x86_64 2.3 2.10 42.05 44.15 OK
r-patched-solaris-sparc 2.3 490.80 OK
r-patched-solaris-x86 2.3 88.10 OK
r-release-linux-x86_64 2.3 2.05 41.38 43.43 OK
r-release-osx-x86_64-mavericks 2.3 OK
r-release-windows-ix86+x86_64 2.3 12.00 113.00 125.00 OK
r-oldrel-windows-ix86+x86_64 2.3 12.00 86.00 98.00 OK

Check Details

Version: 2.3
Check: compiled code
Result: NOTE
    File ‘LMest/libs/LMest.so’:
     Found no calls to: ‘R_registerRoutines’, ‘R_useDynamicSymbols’
    
    It is good practice to register native routines and to disable symbol
    search.
    
    See ‘Writing portable packages’ in the ‘Writing R Extensions’ manual.
Flavors: r-devel-linux-x86_64-debian-clang, r-devel-linux-x86_64-debian-gcc

Version: 2.3
Flags: --no-stop-on-test-error
Check: compiled code
Result: NOTE
    File ‘LMest/libs/LMest.so’:
     Found no calls to: ‘R_registerRoutines’, ‘R_useDynamicSymbols’
    
    It is good practice to register native routines and to disable symbol
    search.
    
    See ‘Writing portable packages’ in the ‘Writing R Extensions’ manual.
Flavors: r-devel-linux-x86_64-fedora-clang, r-devel-linux-x86_64-fedora-gcc, r-devel-macos-x86_64-clang