CRAN Package Check Results for Package LMest

Last updated on 2014-04-23 07:55:01.

Flavor Version Tinstall Tcheck Ttotal Status Flags
r-devel-linux-x86_64-debian-clang 1.0 3.52 38.76 42.28 NOTE
r-devel-linux-x86_64-debian-gcc 1.0 3.44 38.43 41.87 NOTE
r-devel-linux-x86_64-fedora-clang 1.0 96.00 NOTE
r-devel-linux-x86_64-fedora-gcc 1.0 93.69 NOTE
r-devel-osx-x86_64-clang 1.0 78.17 NOTE
r-devel-osx-x86_64-gcc 1.0 NOTE
r-devel-windows-ix86+x86_64 1.0 9.00 56.00 65.00 NOTE
r-patched-linux-x86_64 1.0 3.44 38.95 42.39 NOTE
r-patched-solaris-sparc 1.0 507.70 NOTE
r-patched-solaris-x86 1.0 125.30 NOTE
r-release-linux-ix86 1.0 6.00 64.00 70.00 NOTE
r-release-linux-x86_64 1.0 3.45 38.66 42.11 NOTE
r-release-osx-x86_64-mavericks 1.0 WARN
r-release-osx-x86_64-snowleopard 1.0 OK
r-release-windows-ix86+x86_64 1.0 8.00 56.00 64.00 NOTE
r-oldrel-windows-ix86+x86_64 1.0 8.00 57.00 65.00 NOTE

Check Details

Version: 1.0
Check: dependencies in R code
Result: NOTE
    Packages in Depends field not imported from:
     ‘MASS’ ‘Matrix’
     These packages need to be imported from (in the NAMESPACE file)
     for when this namespace is loaded but not attached.
    See the information on DESCRIPTION files in the chapter ‘Creating R
    packages’ of the ‘Writing R Extensions’ manual.
Flavors: r-devel-linux-x86_64-debian-clang, r-devel-linux-x86_64-debian-gcc, r-devel-linux-x86_64-fedora-clang, r-devel-linux-x86_64-fedora-gcc, r-devel-osx-x86_64-clang, r-devel-osx-x86_64-gcc, r-devel-windows-ix86+x86_64, r-patched-linux-x86_64, r-patched-solaris-sparc, r-patched-solaris-x86, r-release-linux-ix86, r-release-linux-x86_64, r-release-osx-x86_64-mavericks, r-release-windows-ix86+x86_64, r-oldrel-windows-ix86+x86_64

Version: 1.0
Check: Rd line widths
Result: NOTE
    Rd file 'est_lm_basic.Rd':
     \examples lines wider than 100 characters:
     out = long2wide(data_criminal,"id","time","sex",c("y1","y2","y3","y4","y5","y6","y7","y8","y9","y10"),aggr=T,full=0)
    
    Rd file 'long2wide.Rd':
     \examples lines wider than 100 characters:
     out = long2wide(data_criminal[1:1000,],"id","time","sex",c("y1","y2","y3","y4","y5","y6","y7","y8","y9","y10"),aggr=TRUE,full=0) ... [TRUNCATED]
    
    These lines will be truncated in the PDF manual.
Flavors: r-devel-linux-x86_64-fedora-clang, r-devel-linux-x86_64-fedora-gcc

Version: 1.0
Check: PDF version of manual
Result: WARNING
    LaTeX errors when creating PDF version.
    This typically indicates Rd problems.
    LaTeX errors found:
    ! LaTeX Error: File `upquote.sty' not found.
    
    Type X to quit or <RETURN> to proceed,
    or enter new name. (Default extension: sty)
    
    6df29113/Rd2.tex:8: ==> Fatal error occurred, no output PDF file produced!
Flavor: r-release-osx-x86_64-mavericks