CRAN Package Check Results for Package LN0SCIs

Last updated on 2020-08-09 16:47:59 CEST.

Flavor Version Tinstall Tcheck Ttotal Status Flags
r-devel-linux-x86_64-debian-clang 0.1.5 2.36 30.66 33.02 NOTE
r-devel-linux-x86_64-debian-gcc 0.1.5 1.97 23.74 25.71 NOTE
r-devel-linux-x86_64-fedora-clang 0.1.5 48.20 OK
r-devel-linux-x86_64-fedora-gcc 0.1.5 39.10 OK
r-devel-windows-ix86+x86_64 0.1.5 8.00 40.00 48.00 NOTE
r-patched-linux-x86_64 0.1.5 2.17 30.53 32.70 NOTE
r-patched-solaris-x86 0.1.5 51.90 OK
r-release-linux-x86_64 0.1.5 2.14 30.66 32.80 NOTE
r-release-macos-x86_64 0.1.5 OK
r-release-windows-ix86+x86_64 0.1.5 8.00 54.00 62.00 NOTE
r-oldrel-macos-x86_64 0.1.5 OK
r-oldrel-windows-ix86+x86_64 0.1.5 6.00 36.00 42.00 OK

Check Details

Version: 0.1.5
Check: package vignettes
Result: NOTE
    Package vignette with placeholder title 'Vignette Title':
     'LN0SCIs-tutorial.Rmd'
Flavors: r-devel-linux-x86_64-debian-clang, r-devel-linux-x86_64-debian-gcc, r-devel-windows-ix86+x86_64, r-patched-linux-x86_64, r-release-linux-x86_64, r-release-windows-ix86+x86_64