CRAN Package Check Results for Package LN0SCIs

Last updated on 2019-11-11 20:46:22 CET.

Flavor Version Tinstall Tcheck Ttotal Status Flags
r-devel-linux-x86_64-debian-clang 0.1.5 2.61 28.99 31.60 NOTE
r-devel-linux-x86_64-debian-gcc 0.1.5 1.90 22.83 24.73 NOTE
r-devel-linux-x86_64-fedora-clang 0.1.5 38.22 OK
r-devel-linux-x86_64-fedora-gcc 0.1.5 37.19 OK
r-devel-windows-ix86+x86_64 0.1.5 5.00 40.00 45.00 NOTE
r-patched-linux-x86_64 0.1.5 2.10 27.90 30.00 OK
r-patched-solaris-x86 0.1.5 47.70 OK
r-release-linux-x86_64 0.1.5 1.90 27.78 29.68 OK
r-release-windows-ix86+x86_64 0.1.5 8.00 51.00 59.00 OK
r-release-osx-x86_64 0.1.5 OK
r-oldrel-windows-ix86+x86_64 0.1.5 4.00 50.00 54.00 OK
r-oldrel-osx-x86_64 0.1.5 OK

Check Details

Version: 0.1.5
Check: package vignettes
Result: NOTE
    Package vignette with placeholder title 'Vignette Title':
     'LN0SCIs-tutorial.Rmd'
Flavors: r-devel-linux-x86_64-debian-clang, r-devel-linux-x86_64-debian-gcc, r-devel-windows-ix86+x86_64