CRAN Package Check Results for Package LN0SCIs

Last updated on 2020-01-22 03:48:37 CET.

Flavor Version Tinstall Tcheck Ttotal Status Flags
r-devel-linux-x86_64-debian-clang 0.1.5 2.41 29.81 32.22 NOTE
r-devel-linux-x86_64-debian-gcc 0.1.5 2.13 23.28 25.41 NOTE
r-devel-linux-x86_64-fedora-clang 0.1.5 40.05 OK
r-devel-linux-x86_64-fedora-gcc 0.1.5 39.42 OK
r-devel-windows-ix86+x86_64 0.1.5 10.00 67.00 77.00 NOTE
r-devel-windows-ix86+x86_64-gcc8 0.1.5 8.00 58.00 66.00 NOTE
r-patched-linux-x86_64 0.1.5 1.90 28.01 29.91 OK
r-patched-solaris-x86 0.1.5 47.70 OK
r-release-linux-x86_64 0.1.5 2.05 28.01 30.06 OK
r-release-windows-ix86+x86_64 0.1.5 8.00 39.00 47.00 OK
r-release-osx-x86_64 0.1.5 OK
r-oldrel-windows-ix86+x86_64 0.1.5 4.00 38.00 42.00 OK
r-oldrel-osx-x86_64 0.1.5 OK

Check Details

Version: 0.1.5
Check: package vignettes
Result: NOTE
    Package vignette with placeholder title 'Vignette Title':
     'LN0SCIs-tutorial.Rmd'
Flavors: r-devel-linux-x86_64-debian-clang, r-devel-linux-x86_64-debian-gcc, r-devel-windows-ix86+x86_64, r-devel-windows-ix86+x86_64-gcc8