Last updated on 2022-07-07 08:53:19 CEST.
Flavor | Version | Tinstall | Tcheck | Ttotal | Status | Flags |
---|---|---|---|---|---|---|
r-devel-linux-x86_64-debian-clang | 0.2.1 | 42.89 | 72.83 | 115.72 | OK | |
r-devel-linux-x86_64-debian-gcc | 0.2.1 | 31.72 | 52.97 | 84.69 | OK | |
r-devel-linux-x86_64-fedora-clang | 0.2.1 | 168.62 | OK | |||
r-devel-linux-x86_64-fedora-gcc | 0.2.1 | 155.06 | OK | |||
r-devel-windows-x86_64 | 0.2.1 | 55.00 | 270.00 | 325.00 | OK | |
r-patched-linux-x86_64 | 0.2.1 | 42.26 | 67.36 | 109.62 | OK | |
r-release-linux-x86_64 | 0.2.1 | 42.36 | 68.62 | 110.98 | OK | |
r-release-macos-arm64 | 0.2.1 | 89.00 | NOTE | |||
r-release-macos-x86_64 | 0.2.1 | 117.00 | NOTE | |||
r-release-windows-x86_64 | 0.2.1 | 149.00 | 281.00 | 430.00 | OK | |
r-oldrel-macos-arm64 | 0.2.1 | 87.00 | NOTE | |||
r-oldrel-macos-x86_64 | 0.2.1 | 114.00 | NOTE | |||
r-oldrel-windows-ix86+x86_64 | 0.2.1 | 100.00 | 472.00 | 572.00 | OK |
Version: 0.2.1
Check: installed package size
Result: NOTE
installed size is 6.2Mb
sub-directories of 1Mb or more:
libs 5.1Mb
Flavors: r-release-macos-arm64, r-release-macos-x86_64, r-oldrel-macos-arm64, r-oldrel-macos-x86_64