CRAN Package Check Results for Package LOST

Last updated on 2017-05-25 15:48:31.

Flavor Version Tinstall Tcheck Ttotal Status Flags
r-devel-linux-x86_64-debian-clang 1.3 2.07 32.32 34.39 OK
r-devel-linux-x86_64-debian-gcc 1.3 1.92 31.71 33.62 OK
r-devel-linux-x86_64-fedora-clang 1.3 60.86 OK --no-stop-on-test-error
r-devel-linux-x86_64-fedora-gcc 1.3 57.64 OK --no-stop-on-test-error
r-devel-windows-ix86+x86_64 1.3 6.00 55.00 61.00 OK
r-patched-linux-x86_64 1.3 2.09 29.74 31.83 OK
r-patched-solaris-sparc 1.3 336.90 OK
r-patched-solaris-x86 1.3 77.90 OK
r-release-linux-x86_64 1.3 2.12 29.62 31.74 OK
r-release-windows-ix86+x86_64 1.3 8.00 112.00 120.00 OK
r-release-osx-x86_64 1.3 ERROR
r-oldrel-windows-ix86+x86_64 1.3 8.00 73.00 81.00 OK
r-oldrel-osx-x86_64 1.3 OK

Check Details

Version: 1.3
Check: package dependencies
Result: ERROR
    Package required but not available: ‘pcaMethods’
    
    See section ‘The DESCRIPTION file’ in the ‘Writing R Extensions’
    manual.
Flavor: r-release-osx-x86_64