CRAN Package Check Results for Package LOST

Last updated on 2015-09-04 16:48:36.

Flavor Version Tinstall Tcheck Ttotal Status Flags
r-devel-linux-x86_64-debian-clang 1.1 1.64 25.80 27.44 NOTE
r-devel-linux-x86_64-debian-gcc 1.1 1.60 25.67 27.28 NOTE
r-devel-linux-x86_64-fedora-clang 1.1 55.59 NOTE
r-devel-linux-x86_64-fedora-gcc 1.1 52.05 NOTE
r-devel-osx-x86_64-clang 1.1 48.11 OK
r-devel-windows-ix86+x86_64 1.1 6.00 45.00 51.00 NOTE
r-patched-linux-x86_64 1.1 1.74 26.68 28.42 OK
r-patched-solaris-sparc 1.1 368.80 OK
r-patched-solaris-x86 1.1 78.50 OK
r-release-linux-x86_64 1.1 1.84 27.68 29.52 OK
r-release-osx-x86_64-mavericks 1.1 OK
r-release-windows-ix86+x86_64 1.1 9.00 48.00 57.00 OK
r-oldrel-windows-ix86+x86_64 1.1 10.00 86.00 96.00 OK

Check Details

Version: 1.1
Check: R code for possible problems
Result: NOTE
    MissingGeoMorph : est.reg1: no visible global function definition for
     ‘lm’
    MissingGeoMorph : est.reg1: no visible global function definition for
     ‘summary.lm’
    MissingGeoMorph : complete.specimens: no visible global function
     definition for ‘na.omit’
    align.missing : complete.specimens: no visible global function
     definition for ‘na.omit’
    best.reg : est.reg1: no visible global function definition for ‘lm’
    best.reg : est.reg1: no visible global function definition for
     ‘summary.lm’
    complete.specimens: no visible global function definition for ‘na.omit’
    est.reg: no visible global function definition for ‘lm’
    est.reg: no visible global function definition for ‘summary.lm’
    Undefined global functions or variables:
     lm na.omit summary.lm
    Consider adding
     importFrom("stats", "lm", "na.omit", "summary.lm")
    to your NAMESPACE.
Flavors: r-devel-linux-x86_64-debian-clang, r-devel-linux-x86_64-debian-gcc, r-devel-linux-x86_64-fedora-clang, r-devel-linux-x86_64-fedora-gcc, r-devel-windows-ix86+x86_64