CRAN Package Check Results for Package LOST

Last updated on 2015-08-05 03:48:08.

Flavor Version Tinstall Tcheck Ttotal Status Flags
r-devel-linux-x86_64-debian-clang 1.1 1.96 27.41 29.36 NOTE
r-devel-linux-x86_64-debian-gcc 1.1 1.71 26.64 28.35 NOTE
r-devel-linux-x86_64-fedora-clang 1.1 58.58 NOTE
r-devel-linux-x86_64-fedora-gcc 1.1 54.25 NOTE
r-devel-osx-x86_64-clang 1.1 50.69 OK
r-devel-windows-ix86+x86_64 1.1 10.00 42.00 52.00 NOTE
r-patched-linux-x86_64 1.1 1.89 26.96 28.85 OK
r-patched-solaris-sparc 1.1 368.80 OK
r-patched-solaris-x86 1.1 79.90 OK
r-release-linux-x86_64 1.1 1.71 27.16 28.87 OK
r-release-osx-x86_64-mavericks 1.1 OK
r-release-windows-ix86+x86_64 1.1 9.00 46.00 55.00 OK
r-oldrel-windows-ix86+x86_64 1.1 13.00 64.00 77.00 OK

Check Details

Version: 1.1
Check: R code for possible problems
Result: NOTE
    MissingGeoMorph : est.reg1: no visible global function definition for
     ‘lm’
    MissingGeoMorph : est.reg1: no visible global function definition for
     ‘summary.lm’
    MissingGeoMorph : complete.specimens: no visible global function
     definition for ‘na.omit’
    align.missing : complete.specimens: no visible global function
     definition for ‘na.omit’
    best.reg : est.reg1: no visible global function definition for ‘lm’
    best.reg : est.reg1: no visible global function definition for
     ‘summary.lm’
    complete.specimens: no visible global function definition for ‘na.omit’
    est.reg: no visible global function definition for ‘lm’
    est.reg: no visible global function definition for ‘summary.lm’
    Undefined global functions or variables:
     lm na.omit summary.lm
    Consider adding
     importFrom("stats", "lm", "na.omit", "summary.lm")
    to your NAMESPACE.
Flavors: r-devel-linux-x86_64-debian-clang, r-devel-linux-x86_64-debian-gcc, r-devel-linux-x86_64-fedora-clang, r-devel-linux-x86_64-fedora-gcc, r-devel-windows-ix86+x86_64