CRAN Package Check Results for Package LOST

Last updated on 2016-02-11 23:47:31.

Flavor Version Tinstall Tcheck Ttotal Status Flags
r-devel-linux-x86_64-debian-gcc 1.1 1.72 24.82 26.54 NOTE
r-devel-linux-x86_64-fedora-clang 1.1 53.54 NOTE
r-devel-linux-x86_64-fedora-gcc 1.1 50.57 NOTE
r-devel-osx-x86_64-clang 1.1 57.40 NOTE
r-devel-windows-ix86+x86_64 1.1 8.00 65.00 73.00 NOTE
r-patched-linux-x86_64 1.1 1.96 27.27 29.23 OK
r-patched-solaris-sparc 1.1 344.90 OK
r-patched-solaris-x86 1.1 71.30 OK
r-release-linux-x86_64 1.1 1.88 27.65 29.53 OK
r-release-osx-x86_64-mavericks 1.1 OK
r-release-windows-ix86+x86_64 1.1 8.00 67.00 75.00 OK
r-oldrel-windows-ix86+x86_64 1.1 13.00 90.00 103.00 OK

Check Details

Version: 1.1
Check: R code for possible problems
Result: NOTE
    MissingGeoMorph : est.reg1: no visible global function definition for
     ‘lm’
    MissingGeoMorph : est.reg1: no visible global function definition for
     ‘summary.lm’
    MissingGeoMorph : complete.specimens: no visible global function
     definition for ‘na.omit’
    align.missing : complete.specimens: no visible global function
     definition for ‘na.omit’
    best.reg : est.reg1: no visible global function definition for ‘lm’
    best.reg : est.reg1: no visible global function definition for
     ‘summary.lm’
    complete.specimens: no visible global function definition for ‘na.omit’
    est.reg: no visible global function definition for ‘lm’
    est.reg: no visible global function definition for ‘summary.lm’
    Undefined global functions or variables:
     lm na.omit summary.lm
    Consider adding
     importFrom("stats", "lm", "na.omit", "summary.lm")
    to your NAMESPACE file.
Flavors: r-devel-linux-x86_64-debian-gcc, r-devel-linux-x86_64-fedora-clang, r-devel-linux-x86_64-fedora-gcc, r-devel-osx-x86_64-clang, r-devel-windows-ix86+x86_64