CRAN Package Check Results for Package LOST

Last updated on 2014-04-23 20:47:15.

Flavor Version Tinstall Tcheck Ttotal Status Flags
r-devel-linux-x86_64-debian-clang 1.1 2.54 36.42 38.96 OK
r-devel-linux-x86_64-debian-gcc 1.1 2.46 35.11 37.57 OK
r-devel-linux-x86_64-fedora-clang 1.1 77.64 OK
r-devel-linux-x86_64-fedora-gcc 1.1 74.10 OK
r-devel-osx-x86_64-clang 1.1 69.45 OK
r-devel-osx-x86_64-gcc 1.1 ERROR
r-devel-windows-ix86+x86_64 1.1 7.00 54.00 61.00 OK
r-patched-linux-x86_64 1.1 2.46 34.44 36.90 OK
r-patched-solaris-sparc 1.1 414.90 OK
r-patched-solaris-x86 1.1 96.00 OK
r-release-linux-ix86 1.1 4.00 60.00 64.00 OK
r-release-linux-x86_64 1.1 2.58 35.73 38.31 OK
r-release-osx-x86_64-mavericks 1.1 ERROR
r-release-osx-x86_64-snowleopard 1.1 ERROR
r-release-windows-ix86+x86_64 1.1 7.00 52.00 59.00 OK
r-oldrel-windows-ix86+x86_64 1.1 7.00 54.00 61.00 OK

Check Details

Version: 1.1
Check: package dependencies
Result: ERROR
    Packages required but not available: ‘pcaMethods’ ‘miscTools’
    
    See the information on DESCRIPTION files in the chapter ‘Creating R
    packages’ of the ‘Writing R Extensions’ manual.
Flavor: r-devel-osx-x86_64-gcc

Version: 1.1
Check: package dependencies
Result: ERROR
    Package required but not available: ‘pcaMethods’
    
    See the information on DESCRIPTION files in the chapter ‘Creating R
    packages’ of the ‘Writing R Extensions’ manual.
Flavors: r-release-osx-x86_64-mavericks, r-release-osx-x86_64-snowleopard