CRAN Package Check Results for Package LOST

Last updated on 2017-07-25 07:46:48.

Flavor Version Tinstall Tcheck Ttotal Status Flags
r-devel-linux-x86_64-debian-clang 1.3 1.89 36.66 38.55 OK
r-devel-linux-x86_64-debian-gcc 1.3 2.09 36.62 38.71 OK
r-devel-linux-x86_64-fedora-clang 1.3 61.56 OK
r-devel-linux-x86_64-fedora-gcc 1.3 63.57 OK
r-devel-windows-ix86+x86_64 1.3 8.00 56.00 64.00 OK
r-patched-linux-x86_64 1.3 2.11 35.75 37.85 OK
r-patched-solaris-x86 1.3 76.70 OK
r-release-linux-x86_64 1.3 1.98 35.70 37.68 OK
r-release-windows-ix86+x86_64 1.3 8.00 78.00 86.00 OK
r-release-osx-x86_64 1.3 ERROR
r-oldrel-windows-ix86+x86_64 1.3 6.00 51.00 57.00 OK
r-oldrel-osx-x86_64 1.3 OK

Check Details

Version: 1.3
Check: package dependencies
Result: ERROR
    Package required but not available: ‘pcaMethods’
    
    See section ‘The DESCRIPTION file’ in the ‘Writing R Extensions’
    manual.
Flavor: r-release-osx-x86_64