CRAN Package Check Results for Package LOST

Last updated on 2015-06-30 22:47:23.

Flavor Version Tinstall Tcheck Ttotal Status Flags
r-devel-linux-x86_64-debian-clang 1.1 1.73 26.05 27.78 NOTE
r-devel-linux-x86_64-debian-gcc 1.1 1.66 25.52 27.18 NOTE
r-devel-linux-x86_64-fedora-clang 1.1 57.17 NOTE
r-devel-linux-x86_64-fedora-gcc 1.1 54.87 NOTE
r-devel-osx-x86_64-clang 1.1 52.99 OK
r-devel-windows-ix86+x86_64 1.1 11.00 45.00 56.00 NOTE
r-patched-linux-x86_64 1.1 1.68 25.80 27.48 OK
r-patched-solaris-sparc 1.1 364.80 OK
r-patched-solaris-x86 1.1 79.60 OK
r-release-linux-x86_64 1.1 1.75 25.88 27.63 OK
r-release-osx-x86_64-mavericks 1.1 OK
r-release-windows-ix86+x86_64 1.1 8.00 42.00 50.00 OK
r-oldrel-windows-ix86+x86_64 1.1 10.00 55.00 65.00 OK

Check Details

Version: 1.1
Check: R code for possible problems
Result: NOTE
    MissingGeoMorph : est.reg1: no visible global function definition for
     ‘lm’
    MissingGeoMorph : est.reg1: no visible global function definition for
     ‘summary.lm’
    MissingGeoMorph : complete.specimens: no visible global function
     definition for ‘na.omit’
    align.missing : complete.specimens: no visible global function
     definition for ‘na.omit’
    best.reg : est.reg1: no visible global function definition for ‘lm’
    best.reg : est.reg1: no visible global function definition for
     ‘summary.lm’
    complete.specimens: no visible global function definition for ‘na.omit’
    est.reg: no visible global function definition for ‘lm’
    est.reg: no visible global function definition for ‘summary.lm’
Flavors: r-devel-linux-x86_64-debian-clang, r-devel-linux-x86_64-debian-gcc, r-devel-linux-x86_64-fedora-clang, r-devel-linux-x86_64-fedora-gcc, r-devel-windows-ix86+x86_64