CRAN Package Check Results for Package LOST

Last updated on 2016-05-29 11:48:00.

Flavor Version Tinstall Tcheck Ttotal Status Flags
r-devel-linux-x86_64-debian-gcc 1.1 1.66 26.38 28.05 NOTE
r-devel-linux-x86_64-fedora-clang 1.1 54.31 NOTE
r-devel-linux-x86_64-fedora-gcc 1.1 52.24 NOTE
r-devel-osx-x86_64-clang 1.1 57.83 NOTE
r-devel-windows-ix86+x86_64 1.1 6.00 51.00 57.00 NOTE
r-patched-linux-x86_64 1.1 1.69 26.49 28.18 NOTE
r-patched-solaris-sparc 1.1 336.70 NOTE
r-patched-solaris-x86 1.1 69.30 NOTE
r-release-linux-x86_64 1.1 1.78 26.34 28.12 NOTE
r-release-osx-x86_64-mavericks 1.1 WARN
r-release-windows-ix86+x86_64 1.1 8.00 53.00 61.00 NOTE
r-oldrel-windows-ix86+x86_64 1.1 6.00 52.00 58.00 OK

Check Details

Version: 1.1
Check: R code for possible problems
Result: NOTE
    MissingGeoMorph : est.reg1: no visible global function definition for
     ‘lm’
    MissingGeoMorph : est.reg1: no visible global function definition for
     ‘summary.lm’
    MissingGeoMorph : complete.specimens: no visible global function
     definition for ‘na.omit’
    align.missing : complete.specimens: no visible global function
     definition for ‘na.omit’
    best.reg : est.reg1: no visible global function definition for ‘lm’
    best.reg : est.reg1: no visible global function definition for
     ‘summary.lm’
    complete.specimens: no visible global function definition for ‘na.omit’
    est.reg: no visible global function definition for ‘lm’
    est.reg: no visible global function definition for ‘summary.lm’
    Undefined global functions or variables:
     lm na.omit summary.lm
    Consider adding
     importFrom("stats", "lm", "na.omit", "summary.lm")
    to your NAMESPACE file.
Flavors: r-devel-linux-x86_64-debian-gcc, r-devel-linux-x86_64-fedora-clang, r-devel-linux-x86_64-fedora-gcc, r-devel-osx-x86_64-clang, r-devel-windows-ix86+x86_64, r-patched-linux-x86_64, r-patched-solaris-sparc, r-patched-solaris-x86, r-release-linux-x86_64, r-release-windows-ix86+x86_64

Version: 1.1
Check: whether package can be installed
Result: WARN
    Found the following significant warnings:
     Warning: 'rgl_init' failed, running with rgl.useNULL = TRUE
Flavor: r-release-osx-x86_64-mavericks

Version: 1.1
Check: dependencies in R code
Result: NOTE
    Invalid MIT-MAGIC-COOKIE-1 key
Flavor: r-release-osx-x86_64-mavericks

Version: 1.1
Check: S3 generic/method consistency
Result: WARN
    Invalid MIT-MAGIC-COOKIE-1 key
    See section ‘Generic functions and methods’ in the ‘Writing R
    Extensions’ manual.
Flavor: r-release-osx-x86_64-mavericks

Version: 1.1
Check: replacement functions
Result: WARN
    Invalid MIT-MAGIC-COOKIE-1 key
    The argument of a replacement function which corresponds to the right
    hand side must be named ‘value’.
Flavor: r-release-osx-x86_64-mavericks

Version: 1.1
Check: foreign function calls
Result: NOTE
    Invalid MIT-MAGIC-COOKIE-1 key
    See chapter ‘System and foreign language interfaces’ in the ‘Writing R
    Extensions’ manual.
Flavor: r-release-osx-x86_64-mavericks

Version: 1.1
Check: R code for possible problems
Result: NOTE
    Invalid MIT-MAGIC-COOKIE-1 keyMissingGeoMorph : est.reg1: no visible global function definition for
     ‘lm’
    MissingGeoMorph : est.reg1: no visible global function definition for
     ‘summary.lm’
    MissingGeoMorph : complete.specimens: no visible global function
     definition for ‘na.omit’
    align.missing : complete.specimens: no visible global function
     definition for ‘na.omit’
    best.reg : est.reg1: no visible global function definition for ‘lm’
    best.reg : est.reg1: no visible global function definition for
     ‘summary.lm’
    complete.specimens: no visible global function definition for ‘na.omit’
    est.reg: no visible global function definition for ‘lm’
    est.reg: no visible global function definition for ‘summary.lm’
    Undefined global functions or variables:
     lm na.omit summary.lm
    Consider adding
     importFrom("stats", "lm", "na.omit", "summary.lm")
    to your NAMESPACE file.
Flavor: r-release-osx-x86_64-mavericks

Version: 1.1
Check: for missing documentation entries
Result: WARN
    Invalid MIT-MAGIC-COOKIE-1 key
    All user-level objects in a package should have documentation entries.
    See chapter ‘Writing R documentation files’ in the ‘Writing R
    Extensions’ manual.
Flavor: r-release-osx-x86_64-mavericks

Version: 1.1
Check: for code/documentation mismatches
Result: WARN
    Invalid MIT-MAGIC-COOKIE-1 key
    Invalid MIT-MAGIC-COOKIE-1 key
    Invalid MIT-MAGIC-COOKIE-1 key
Flavor: r-release-osx-x86_64-mavericks

Version: 1.1
Check: Rd \usage sections
Result: NOTE
    Invalid MIT-MAGIC-COOKIE-1 key
    The \usage entries for S3 methods should use the \method markup and not
    their full name.
    See chapter ‘Writing R documentation files’ in the ‘Writing R
    Extensions’ manual.
Flavor: r-release-osx-x86_64-mavericks