CRAN Package Check Results for Package LOST

Last updated on 2016-04-30 15:47:02.

Flavor Version Tinstall Tcheck Ttotal Status Flags
r-devel-linux-x86_64-debian-gcc 1.1 1.68 26.22 27.90 NOTE
r-devel-linux-x86_64-fedora-clang 1.1 52.87 NOTE
r-devel-linux-x86_64-fedora-gcc 1.1 51.66 NOTE
r-devel-osx-x86_64-clang 1.1 57.95 NOTE
r-devel-windows-ix86+x86_64 1.1 6.00 54.00 60.00 NOTE
r-patched-linux-x86_64 1.1 1.70 25.73 27.44 NOTE
r-patched-solaris-sparc 1.1 328.30 NOTE
r-patched-solaris-x86 1.1 69.60 NOTE
r-release-linux-x86_64 1.1 1.81 27.90 29.70 OK
r-release-osx-x86_64-mavericks 1.1 OK
r-release-windows-ix86+x86_64 1.1 6.00 55.00 61.00 OK
r-oldrel-windows-ix86+x86_64 1.1 12.00 62.00 74.00 OK

Check Details

Version: 1.1
Check: R code for possible problems
Result: NOTE
    MissingGeoMorph : est.reg1: no visible global function definition for
     ‘lm’
    MissingGeoMorph : est.reg1: no visible global function definition for
     ‘summary.lm’
    MissingGeoMorph : complete.specimens: no visible global function
     definition for ‘na.omit’
    align.missing : complete.specimens: no visible global function
     definition for ‘na.omit’
    best.reg : est.reg1: no visible global function definition for ‘lm’
    best.reg : est.reg1: no visible global function definition for
     ‘summary.lm’
    complete.specimens: no visible global function definition for ‘na.omit’
    est.reg: no visible global function definition for ‘lm’
    est.reg: no visible global function definition for ‘summary.lm’
    Undefined global functions or variables:
     lm na.omit summary.lm
    Consider adding
     importFrom("stats", "lm", "na.omit", "summary.lm")
    to your NAMESPACE file.
Flavors: r-devel-linux-x86_64-debian-gcc, r-devel-linux-x86_64-fedora-clang, r-devel-linux-x86_64-fedora-gcc, r-devel-osx-x86_64-clang, r-devel-windows-ix86+x86_64, r-patched-linux-x86_64, r-patched-solaris-sparc, r-patched-solaris-x86