CRAN Package Check Results for Package LOST

Last updated on 2015-05-06 11:48:37.

Flavor Version Tinstall Tcheck Ttotal Status Flags
r-devel-linux-x86_64-debian-clang 1.1 1.77 27.36 29.13 OK
r-devel-linux-x86_64-debian-gcc 1.1 1.75 25.80 27.56 OK
r-devel-linux-x86_64-fedora-clang 1.1 58.36 OK
r-devel-linux-x86_64-fedora-gcc 1.1 55.22 OK
r-devel-osx-x86_64-clang 1.1 52.88 OK
r-devel-windows-ix86+x86_64 1.1 6.00 44.00 50.00 OK
r-patched-linux-x86_64 1.1 1.71 25.86 27.57 OK
r-patched-solaris-sparc 1.1 354.40 OK
r-patched-solaris-x86 1.1 81.00 OK
r-release-linux-x86_64 1.1 1.82 26.50 28.32 OK
r-release-osx-x86_64-mavericks 1.1 OK
r-release-osx-x86_64-snowleopard 1.1 ERROR
r-release-windows-ix86+x86_64 1.1 5.00 48.00 53.00 OK
r-oldrel-windows-ix86+x86_64 1.1 9.00 78.00 87.00 OK

Check Details

Version: 1.1
Check: package dependencies
Result: ERROR
    Packages required but not available: ‘pcaMethods’ ‘miscTools’
    
    See section ‘The DESCRIPTION file’ in the ‘Writing R Extensions’
    manual.
Flavor: r-release-osx-x86_64-snowleopard