CRAN Package Check Results for Package LOST

Last updated on 2017-04-24 08:48:00.

Flavor Version Tinstall Tcheck Ttotal Status Flags
r-devel-linux-x86_64-debian-clang 1.3 2.13 31.19 33.32 OK
r-devel-linux-x86_64-debian-gcc 1.3 2.00 31.99 33.99 OK
r-devel-linux-x86_64-fedora-clang 1.3 58.44 OK --no-stop-on-test-error
r-devel-linux-x86_64-fedora-gcc 1.3 56.55 OK --no-stop-on-test-error
r-devel-windows-ix86+x86_64 1.2 10.00 75.00 85.00 OK
r-patched-linux-x86_64 1.3 1.96 29.46 31.42 OK
r-patched-solaris-sparc 1.3 336.90 OK
r-patched-solaris-x86 1.3 78.00 OK
r-release-linux-x86_64 1.3 2.06 29.95 32.01 OK
r-release-windows-ix86+x86_64 1.3 7.00 52.00 59.00 OK
r-release-osx-x86_64 1.3 ERROR
r-oldrel-windows-ix86+x86_64 1.3 7.00 51.00 58.00 OK
r-oldrel-osx-x86_64 1.3 OK

Check Details

Version: 1.3
Check: package dependencies
Result: ERROR
    Package required but not available: ‘pcaMethods’
    
    See section ‘The DESCRIPTION file’ in the ‘Writing R Extensions’
    manual.
Flavor: r-release-osx-x86_64