CRAN Package Check Results for Package LOST

Last updated on 2017-09-21 18:47:09.

Flavor Version Tinstall Tcheck Ttotal Status Flags
r-devel-linux-x86_64-debian-clang 1.3 2.05 30.06 32.11 OK
r-devel-linux-x86_64-debian-gcc 1.3 2.02 30.67 32.69 OK
r-devel-linux-x86_64-fedora-clang 1.3 60.51 OK
r-devel-linux-x86_64-fedora-gcc 1.3 58.42 OK
r-devel-windows-ix86+x86_64 1.3 6.00 55.00 61.00 OK
r-patched-linux-x86_64 1.3 2.08 29.52 31.60 OK
r-patched-solaris-x86 1.3 77.50 OK
r-release-linux-x86_64 1.3 1.99 29.72 31.71 OK
r-release-windows-ix86+x86_64 1.3 7.00 61.00 68.00 OK
r-release-osx-x86_64 1.3 ERROR
r-oldrel-windows-ix86+x86_64 1.3 7.00 51.00 58.00 OK
r-oldrel-osx-x86_64 1.3 OK

Check Details

Version: 1.3
Check: package dependencies
Result: ERROR
    Package required but not available: ‘pcaMethods’
    
    See section ‘The DESCRIPTION file’ in the ‘Writing R Extensions’
    manual.
Flavor: r-release-osx-x86_64