CRAN Package Check Results for Package LOST

Last updated on 2017-11-23 00:47:22 CET.

Flavor Version Tinstall Tcheck Ttotal Status Flags
r-devel-linux-x86_64-debian-clang 1.3 1.91 44.55 46.46 OK
r-devel-linux-x86_64-debian-gcc 1.3 2.26 65.88 68.13 OK
r-devel-linux-x86_64-fedora-clang 1.3 52.21 OK
r-devel-linux-x86_64-fedora-gcc 1.3 97.70 OK
r-devel-windows-ix86+x86_64 1.3 7.00 58.00 65.00 OK
r-patched-linux-x86_64 1.3 2.18 30.88 33.06 OK
r-patched-solaris-x86 1.3 77.30 OK
r-release-linux-x86_64 1.3 2.14 29.86 32.00 OK
r-release-windows-ix86+x86_64 1.3 6.00 60.00 66.00 OK
r-release-osx-x86_64 1.3 ERROR
r-oldrel-windows-ix86+x86_64 1.3 6.00 53.00 59.00 OK
r-oldrel-osx-x86_64 1.3 OK

Check Details

Version: 1.3
Check: package dependencies
Result: ERROR
    Package required but not available: ‘pcaMethods’
    
    See section ‘The DESCRIPTION file’ in the ‘Writing R Extensions’
    manual.
Flavor: r-release-osx-x86_64