CRAN Package Check Results for Package LPCM

Last updated on 2015-01-30 11:49:15.

Flavor Version Tinstall Tcheck Ttotal Status Flags
r-devel-linux-x86_64-debian-clang 0.44-8 0.80 34.59 35.39 NOTE
r-devel-linux-x86_64-debian-gcc 0.44-8 1.06 33.29 34.35 NOTE
r-devel-linux-x86_64-fedora-clang 0.44-8 71.26 NOTE
r-devel-linux-x86_64-fedora-gcc 0.44-8 68.62 NOTE
r-devel-osx-x86_64-clang 0.44-8 62.46 NOTE
r-devel-windows-ix86+x86_64 0.44-8 5.00 53.00 58.00 NOTE
r-patched-linux-x86_64 0.44-8 1.01 34.81 35.82 NOTE
r-patched-solaris-sparc 0.44-8 418.60 NOTE
r-patched-solaris-x86 0.44-8 89.00 NOTE
r-release-linux-ix86 0.44-8 1.16 44.57 45.73 NOTE
r-release-linux-x86_64 0.44-8 1.20 35.14 36.34 NOTE
r-release-osx-x86_64-mavericks 0.44-8 NOTE
r-release-osx-x86_64-snowleopard 0.44-8 OK
r-release-windows-ix86+x86_64 0.44-8 3.00 61.00 64.00 NOTE
r-oldrel-windows-ix86+x86_64 0.44-8 3.00 60.00 63.00 OK

Check Details

Version: 0.44-8
Check: dependencies in R code
Result: NOTE
    'library' or 'require' call to ‘scatterplot3d’ in package code.
     Please use :: or requireNamespace() instead.
     See section 'Suggested packages' in the 'Writing R Extensions' manual.
Flavors: r-devel-linux-x86_64-debian-clang, r-devel-linux-x86_64-debian-gcc, r-devel-linux-x86_64-fedora-clang, r-devel-linux-x86_64-fedora-gcc, r-devel-osx-x86_64-clang, r-devel-windows-ix86+x86_64

Version: 0.44-8
Check: R code for possible problems
Result: NOTE
    plot.lpc: no visible global function definition for ‘scatterplot3d’
    plot.lpc.spline: no visible global function definition for
     ‘scatterplot3d’
Flavors: r-devel-linux-x86_64-debian-clang, r-devel-linux-x86_64-debian-gcc, r-devel-linux-x86_64-fedora-clang, r-devel-linux-x86_64-fedora-gcc, r-devel-osx-x86_64-clang, r-devel-windows-ix86+x86_64, r-patched-linux-x86_64, r-patched-solaris-sparc, r-patched-solaris-x86, r-release-linux-ix86, r-release-linux-x86_64, r-release-osx-x86_64-mavericks, r-release-windows-ix86+x86_64