CRAN Package Check Results for Package LPCM

Last updated on 2014-08-29 09:48:00.

Flavor Version Tinstall Tcheck Ttotal Status Flags
r-devel-linux-x86_64-debian-clang 0.44-8 0.84 33.12 33.95 NOTE
r-devel-linux-x86_64-debian-gcc 0.44-8 0.76 34.60 35.36 NOTE
r-devel-linux-x86_64-fedora-clang 0.44-8 72.57 NOTE
r-devel-linux-x86_64-fedora-gcc 0.44-8 69.70 NOTE
r-devel-osx-x86_64-clang 0.44-8 58.30 NOTE
r-devel-windows-ix86+x86_64 0.44-8 2.00 53.00 55.00 NOTE
r-patched-linux-x86_64 0.44-8 0.85 34.63 35.48 OK
r-patched-solaris-sparc 0.44-8 431.20 OK
r-patched-solaris-x86 0.44-8 86.90 OK
r-release-linux-ix86 0.44-8 1.18 45.48 46.66 OK
r-release-linux-x86_64 0.44-8 0.88 35.35 36.23 OK
r-release-osx-x86_64-mavericks 0.44-8 OK
r-release-osx-x86_64-snowleopard 0.44-8 OK
r-release-windows-ix86+x86_64 0.44-8 2.00 56.00 58.00 OK
r-oldrel-windows-ix86+x86_64 0.44-8 3.00 58.00 61.00 OK

Check Details

Version: 0.44-8
Check: R code for possible problems
Result: NOTE
    plot.lpc: no visible global function definition for ‘scatterplot3d’
    plot.lpc.spline: no visible global function definition for
     ‘scatterplot3d’
Flavors: r-devel-linux-x86_64-debian-clang, r-devel-linux-x86_64-debian-gcc, r-devel-linux-x86_64-fedora-clang, r-devel-linux-x86_64-fedora-gcc, r-devel-osx-x86_64-clang, r-devel-windows-ix86+x86_64