CRAN Package Check Results for Package LPCM

Last updated on 2014-12-22 03:48:57.

Flavor Version Tinstall Tcheck Ttotal Status Flags
r-devel-linux-x86_64-debian-clang 0.44-8 0.82 33.83 34.64 NOTE
r-devel-linux-x86_64-debian-gcc 0.44-8 0.80 33.19 33.99 NOTE
r-devel-linux-x86_64-fedora-clang 0.44-8 71.92 NOTE
r-devel-linux-x86_64-fedora-gcc 0.44-8 68.76 NOTE
r-devel-osx-x86_64-clang 0.44-8 62.18 NOTE
r-devel-windows-ix86+x86_64 0.44-8 3.00 53.00 56.00 NOTE
r-patched-linux-x86_64 0.44-8 0.82 35.27 36.10 NOTE
r-patched-solaris-sparc 0.44-8 403.20 NOTE
r-patched-solaris-x86 0.44-8 87.40 NOTE
r-release-linux-ix86 0.44-8 1.16 44.52 45.68 NOTE
r-release-linux-x86_64 0.44-8 0.88 37.78 38.66 NOTE
r-release-osx-x86_64-mavericks 0.44-8 OK
r-release-osx-x86_64-snowleopard 0.44-8 OK
r-release-windows-ix86+x86_64 0.44-8 3.00 59.00 62.00 NOTE
r-oldrel-windows-ix86+x86_64 0.44-8 3.00 57.00 60.00 OK

Check Details

Version: 0.44-8
Check: R code for possible problems
Result: NOTE
    plot.lpc: no visible global function definition for ‘scatterplot3d’
    plot.lpc.spline: no visible global function definition for
     ‘scatterplot3d’
Flavors: r-devel-linux-x86_64-debian-clang, r-devel-linux-x86_64-debian-gcc, r-devel-linux-x86_64-fedora-clang, r-devel-linux-x86_64-fedora-gcc, r-devel-osx-x86_64-clang, r-devel-windows-ix86+x86_64, r-patched-linux-x86_64, r-patched-solaris-sparc, r-patched-solaris-x86, r-release-linux-ix86, r-release-linux-x86_64, r-release-windows-ix86+x86_64