CRAN Package Check Results for Package LPCM

Last updated on 2014-11-26 01:48:01.

Flavor Version Tinstall Tcheck Ttotal Status Flags
r-devel-linux-x86_64-debian-clang 0.44-8 0.83 34.16 34.99 NOTE
r-devel-linux-x86_64-debian-gcc 0.44-8 0.94 33.75 34.69 NOTE
r-devel-linux-x86_64-fedora-clang 0.44-8 73.35 NOTE
r-devel-linux-x86_64-fedora-gcc 0.44-8 69.59 NOTE
r-devel-osx-x86_64-clang 0.44-8 64.79 NOTE
r-devel-windows-ix86+x86_64 0.44-8 3.00 56.00 59.00 NOTE
r-patched-linux-x86_64 0.44-8 0.90 35.92 36.82 NOTE
r-patched-solaris-sparc 0.44-8 403.20 NOTE
r-patched-solaris-x86 0.44-8 86.70 NOTE
r-release-linux-ix86 0.44-8 1.17 44.45 45.62 NOTE
r-release-linux-x86_64 0.44-8 0.83 35.51 36.34 NOTE
r-release-osx-x86_64-mavericks 0.44-8 OK
r-release-osx-x86_64-snowleopard 0.44-8 OK
r-release-windows-ix86+x86_64 0.44-8 2.00 59.00 61.00 NOTE
r-oldrel-windows-ix86+x86_64 0.44-8 3.00 57.00 60.00 OK

Check Details

Version: 0.44-8
Check: R code for possible problems
Result: NOTE
    plot.lpc: no visible global function definition for ‘scatterplot3d’
    plot.lpc.spline: no visible global function definition for
     ‘scatterplot3d’
Flavors: r-devel-linux-x86_64-debian-clang, r-devel-linux-x86_64-debian-gcc, r-devel-linux-x86_64-fedora-clang, r-devel-linux-x86_64-fedora-gcc, r-devel-osx-x86_64-clang, r-devel-windows-ix86+x86_64, r-patched-linux-x86_64, r-patched-solaris-sparc, r-patched-solaris-x86, r-release-linux-ix86, r-release-linux-x86_64, r-release-windows-ix86+x86_64