CRAN Package Check Results for Package LPCM

Last updated on 2015-04-21 12:48:45.

Flavor Version Tinstall Tcheck Ttotal Status Flags
r-devel-linux-x86_64-debian-clang 0.44-8 0.79 32.68 33.47 NOTE
r-devel-linux-x86_64-debian-gcc 0.44-8 0.76 32.27 33.03 NOTE
r-devel-linux-x86_64-fedora-clang 0.44-8 66.69 NOTE
r-devel-linux-x86_64-fedora-gcc 0.44-8 69.06 NOTE
r-devel-osx-x86_64-clang 0.44-8 64.65 NOTE
r-devel-windows-ix86+x86_64 0.44-8 5.00 57.00 62.00 NOTE
r-patched-linux-x86_64 0.44-8 0.75 32.27 33.02 NOTE
r-patched-solaris-sparc 0.44-8 394.70 NOTE
r-patched-solaris-x86 0.44-8 82.30 NOTE
r-release-linux-x86_64 0.44-8 0.75 32.36 33.11 NOTE
r-release-osx-x86_64-mavericks 0.44-8 NOTE
r-release-osx-x86_64-snowleopard 0.44-8 NOTE
r-release-windows-ix86+x86_64 0.44-8 2.00 47.00 49.00 NOTE
r-oldrel-windows-ix86+x86_64 0.44-8 2.00 56.00 58.00 NOTE

Check Details

Version: 0.44-8
Check: dependencies in R code
Result: NOTE
    'library' or 'require' call to ‘scatterplot3d’ in package code.
     Please use :: or requireNamespace() instead.
     See section 'Suggested packages' in the 'Writing R Extensions' manual.
Flavors: r-devel-linux-x86_64-debian-clang, r-devel-linux-x86_64-debian-gcc, r-devel-linux-x86_64-fedora-clang, r-devel-linux-x86_64-fedora-gcc, r-devel-osx-x86_64-clang, r-devel-windows-ix86+x86_64, r-patched-linux-x86_64, r-patched-solaris-sparc, r-patched-solaris-x86, r-release-linux-x86_64, r-release-osx-x86_64-mavericks, r-release-osx-x86_64-snowleopard, r-release-windows-ix86+x86_64, r-oldrel-windows-ix86+x86_64

Version: 0.44-8
Check: R code for possible problems
Result: NOTE
    plot.lpc: no visible global function definition for ‘scatterplot3d’
    plot.lpc.spline: no visible global function definition for
     ‘scatterplot3d’
Flavors: r-devel-linux-x86_64-debian-clang, r-devel-linux-x86_64-debian-gcc, r-devel-linux-x86_64-fedora-clang, r-devel-linux-x86_64-fedora-gcc, r-devel-osx-x86_64-clang, r-devel-windows-ix86+x86_64, r-patched-linux-x86_64, r-patched-solaris-sparc, r-patched-solaris-x86, r-release-linux-x86_64, r-release-osx-x86_64-mavericks, r-release-osx-x86_64-snowleopard, r-release-windows-ix86+x86_64, r-oldrel-windows-ix86+x86_64