CRAN Package Check Results for Package LPCM

Last updated on 2015-03-02 16:50:09.

Flavor Version Tinstall Tcheck Ttotal Status Flags
r-devel-linux-x86_64-debian-clang 0.44-8 0.76 32.69 33.45 NOTE
r-devel-linux-x86_64-debian-gcc 0.44-8 0.73 31.89 32.62 NOTE
r-devel-linux-x86_64-fedora-clang 0.44-8 67.17 NOTE
r-devel-linux-x86_64-fedora-gcc 0.44-8 59.77 NOTE
r-devel-osx-x86_64-clang 0.44-8 62.13 NOTE
r-devel-windows-ix86+x86_64 0.44-8 5.00 71.00 76.00 NOTE
r-patched-linux-x86_64 0.44-8 0.82 34.90 35.72 NOTE
r-patched-solaris-sparc 0.44-8 426.90 NOTE
r-patched-solaris-x86 0.44-8 87.30 NOTE
r-release-linux-ix86 0.44-8 1.18 45.30 46.49 NOTE
r-release-linux-x86_64 0.44-8 0.84 35.45 36.28 NOTE
r-release-osx-x86_64-mavericks 0.44-8 NOTE
r-release-osx-x86_64-snowleopard 0.44-8 OK
r-release-windows-ix86+x86_64 0.44-8 6.00 60.00 66.00 NOTE
r-oldrel-windows-ix86+x86_64 0.44-8 3.00 59.00 62.00 OK

Check Details

Version: 0.44-8
Check: dependencies in R code
Result: NOTE
    'library' or 'require' call to ‘scatterplot3d’ in package code.
     Please use :: or requireNamespace() instead.
     See section 'Suggested packages' in the 'Writing R Extensions' manual.
Flavors: r-devel-linux-x86_64-debian-clang, r-devel-linux-x86_64-debian-gcc, r-devel-linux-x86_64-fedora-clang, r-devel-linux-x86_64-fedora-gcc, r-devel-osx-x86_64-clang, r-devel-windows-ix86+x86_64, r-patched-linux-x86_64, r-patched-solaris-sparc, r-patched-solaris-x86

Version: 0.44-8
Check: R code for possible problems
Result: NOTE
    plot.lpc: no visible global function definition for ‘scatterplot3d’
    plot.lpc.spline: no visible global function definition for
     ‘scatterplot3d’
Flavors: r-devel-linux-x86_64-debian-clang, r-devel-linux-x86_64-debian-gcc, r-devel-linux-x86_64-fedora-clang, r-devel-linux-x86_64-fedora-gcc, r-devel-osx-x86_64-clang, r-devel-windows-ix86+x86_64, r-patched-linux-x86_64, r-patched-solaris-sparc, r-patched-solaris-x86, r-release-linux-ix86, r-release-linux-x86_64, r-release-osx-x86_64-mavericks, r-release-windows-ix86+x86_64