CRAN Package Check Results for Package LPCM

Last updated on 2015-07-03 23:47:39.

Flavor Version Tinstall Tcheck Ttotal Status Flags
r-devel-linux-x86_64-debian-clang 0.44-8 0.77 33.50 34.27 NOTE
r-devel-linux-x86_64-debian-gcc 0.44-8 0.71 31.51 32.22 NOTE
r-devel-linux-x86_64-fedora-clang 0.44-8 65.26 NOTE
r-devel-linux-x86_64-fedora-gcc 0.44-8 61.36 NOTE
r-devel-osx-x86_64-clang 0.44-8 58.35 NOTE
r-devel-windows-ix86+x86_64 0.44-8 5.00 56.00 61.00 NOTE
r-patched-linux-x86_64 0.44-8 0.75 33.63 34.38 NOTE
r-patched-solaris-sparc 0.44-8 384.20 NOTE
r-patched-solaris-x86 0.44-8 82.70 NOTE
r-release-linux-x86_64 0.44-8 0.77 32.21 32.98 NOTE
r-release-osx-x86_64-mavericks 0.44-8 NOTE
r-release-windows-ix86+x86_64 0.44-8 5.00 52.00 57.00 NOTE
r-oldrel-windows-ix86+x86_64 0.44-8 3.00 58.00 61.00 NOTE

Check Details

Version: 0.44-8
Check: dependencies in R code
Result: NOTE
    'library' or 'require' call to ‘scatterplot3d’ in package code.
     Please use :: or requireNamespace() instead.
     See section 'Suggested packages' in the 'Writing R Extensions' manual.
Flavors: r-devel-linux-x86_64-debian-clang, r-devel-linux-x86_64-debian-gcc, r-devel-linux-x86_64-fedora-clang, r-devel-linux-x86_64-fedora-gcc, r-devel-osx-x86_64-clang, r-devel-windows-ix86+x86_64, r-patched-linux-x86_64, r-patched-solaris-sparc, r-patched-solaris-x86, r-release-linux-x86_64, r-release-osx-x86_64-mavericks, r-release-windows-ix86+x86_64, r-oldrel-windows-ix86+x86_64

Version: 0.44-8
Check: R code for possible problems
Result: NOTE
    plot.lpc: no visible global function definition for ‘scatterplot3d’
    plot.lpc.spline: no visible global function definition for
     ‘scatterplot3d’
    Undefined global functions or variables:
     scatterplot3d
Flavors: r-devel-linux-x86_64-debian-clang, r-devel-linux-x86_64-debian-gcc, r-devel-linux-x86_64-fedora-clang, r-devel-linux-x86_64-fedora-gcc, r-devel-osx-x86_64-clang, r-devel-windows-ix86+x86_64

Version: 0.44-8
Check: R code for possible problems
Result: NOTE
    plot.lpc: no visible global function definition for ‘scatterplot3d’
    plot.lpc.spline: no visible global function definition for
     ‘scatterplot3d’
Flavors: r-patched-linux-x86_64, r-patched-solaris-sparc, r-patched-solaris-x86, r-release-linux-x86_64, r-release-osx-x86_64-mavericks, r-release-windows-ix86+x86_64, r-oldrel-windows-ix86+x86_64