CRAN Package Check Results for Package LPCM

Last updated on 2014-09-01 23:46:45.

Flavor Version Tinstall Tcheck Ttotal Status Flags
r-devel-linux-x86_64-debian-clang 0.44-8 0.81 33.01 33.82 NOTE
r-devel-linux-x86_64-debian-gcc 0.44-8 0.75 33.14 33.89 NOTE
r-devel-linux-x86_64-fedora-clang 0.44-8 72.57 NOTE
r-devel-linux-x86_64-fedora-gcc 0.44-8 67.96 NOTE
r-devel-osx-x86_64-clang 0.44-8 57.81 NOTE
r-devel-windows-ix86+x86_64 0.44-8 3.00 50.00 53.00 NOTE
r-patched-linux-x86_64 0.44-8 1.10 34.62 35.72 OK
r-patched-solaris-sparc 0.44-8 431.20 OK
r-patched-solaris-x86 0.44-8 86.90 OK
r-release-linux-ix86 0.44-8 1.16 45.52 46.68 OK
r-release-linux-x86_64 0.44-8 0.79 34.58 35.37 OK
r-release-osx-x86_64-mavericks 0.44-8 OK
r-release-osx-x86_64-snowleopard 0.44-8 OK
r-release-windows-ix86+x86_64 0.44-8 2.00 56.00 58.00 OK
r-oldrel-windows-ix86+x86_64 0.44-8 3.00 56.00 59.00 OK

Check Details

Version: 0.44-8
Check: R code for possible problems
Result: NOTE
    plot.lpc: no visible global function definition for ‘scatterplot3d’
    plot.lpc.spline: no visible global function definition for
     ‘scatterplot3d’
Flavors: r-devel-linux-x86_64-debian-clang, r-devel-linux-x86_64-debian-gcc, r-devel-linux-x86_64-fedora-clang, r-devel-linux-x86_64-fedora-gcc, r-devel-osx-x86_64-clang, r-devel-windows-ix86+x86_64