CRAN Package Check Results for Package LPStimeSeries

Last updated on 2014-12-21 03:48:18.

Flavor Version Tinstall Tcheck Ttotal Status Flags
r-devel-linux-x86_64-debian-clang 1.0-3 1.39 24.90 26.28 NOTE
r-devel-linux-x86_64-debian-gcc 1.0-3 1.54 23.34 24.88 NOTE
r-devel-linux-x86_64-fedora-clang 1.0-3 49.83 NOTE
r-devel-linux-x86_64-fedora-gcc 1.0-3 47.47 NOTE
r-devel-osx-x86_64-clang 1.0-3 44.76 NOTE
r-devel-windows-ix86+x86_64 1.0-3 12.00 71.00 83.00 NOTE
r-patched-linux-x86_64 1.0-3 1.55 24.18 25.73 NOTE
r-patched-solaris-sparc 1.0-3 345.40 NOTE
r-patched-solaris-x86 1.0-3 77.20 NOTE
r-release-linux-ix86 1.0-3 2.02 33.63 35.65 NOTE
r-release-linux-x86_64 1.0-3 1.68 23.42 25.10 NOTE
r-release-osx-x86_64-mavericks 1.0-3 OK
r-release-osx-x86_64-snowleopard 1.0-3 OK
r-release-windows-ix86+x86_64 1.0-3 9.00 59.00 68.00 NOTE
r-oldrel-windows-ix86+x86_64 1.0-3 9.00 53.00 62.00 OK

Check Details

Version: 1.0-3
Check: R code for possible problems
Result: NOTE
    plotMDS: no visible global function definition for ‘brewer.pal’
Flavors: r-devel-linux-x86_64-debian-clang, r-devel-linux-x86_64-debian-gcc, r-devel-linux-x86_64-fedora-clang, r-devel-linux-x86_64-fedora-gcc, r-devel-osx-x86_64-clang, r-devel-windows-ix86+x86_64, r-patched-linux-x86_64, r-patched-solaris-sparc, r-patched-solaris-x86, r-release-linux-ix86, r-release-linux-x86_64, r-release-windows-ix86+x86_64