CRAN Package Check Results for Package LPStimeSeries

Last updated on 2015-06-30 04:46:39.

Flavor Version Tinstall Tcheck Ttotal Status Flags
r-devel-linux-x86_64-debian-clang 1.0-5 1.28 23.46 24.74 NOTE
r-devel-linux-x86_64-debian-gcc 1.0-5 1.45 22.40 23.85 NOTE
r-devel-linux-x86_64-fedora-clang 1.0-5 45.47 OK
r-devel-linux-x86_64-fedora-gcc 1.0-5 42.53 OK
r-devel-osx-x86_64-clang 1.0-5 43.73 OK
r-devel-windows-ix86+x86_64 1.0-5 13.00 63.00 76.00 OK
r-patched-linux-x86_64 1.0-5 1.49 22.68 24.18 OK
r-patched-solaris-sparc 1.0-5 357.40 OK
r-patched-solaris-x86 1.0-5 76.00 OK
r-release-linux-x86_64 1.0-5 1.53 22.48 24.01 OK
r-release-osx-x86_64-mavericks 1.0-5 OK
r-release-windows-ix86+x86_64 1.0-5 6.00 69.00 75.00 OK
r-oldrel-windows-ix86+x86_64 1.0-5 10.00 70.00 80.00 OK

Check Details

Version: 1.0-5
Check: R code for possible problems
Result: NOTE
    learnPattern.default: no visible global function definition for ‘runif’
    plot.learnPattern: no visible global function definition for ‘matplot’
    plotMDS: no visible global function definition for ‘par’
    plotMDS: no visible global function definition for ‘rainbow’
    plotMDS: no visible global function definition for ‘plot’
    plotMDS: no visible global function definition for ‘pairs’
    visualizePattern: no visible global function definition for ‘par’
    visualizePattern: no visible global function definition for ‘plot’
    visualizePattern: no visible global function definition for ‘points’
    visualizePattern: no visible global function definition for ‘legend’
Flavors: r-devel-linux-x86_64-debian-clang, r-devel-linux-x86_64-debian-gcc