CRAN Package Check Results for Package LPStimeSeries

Last updated on 2014-09-22 11:56:27.

Flavor Version Tinstall Tcheck Ttotal Status Flags
r-devel-linux-x86_64-debian-clang 1.0-3 1.25 23.99 25.24 NOTE
r-devel-linux-x86_64-debian-gcc 1.0-3 1.47 23.24 24.71 NOTE
r-devel-linux-x86_64-fedora-clang 1.0-3 47.55 NOTE
r-devel-linux-x86_64-fedora-gcc 1.0-3 44.88 NOTE
r-devel-osx-x86_64-clang 1.0-3 45.42 NOTE
r-devel-windows-ix86+x86_64 1.0-3 7.00 54.00 61.00 NOTE
r-patched-linux-x86_64 1.0-3 1.55 23.49 25.04 OK
r-patched-solaris-sparc 1.0-3 320.20 OK
r-patched-solaris-x86 1.0-3 75.50 OK
r-release-linux-ix86 1.0-3 2.12 34.93 37.05 OK
r-release-linux-x86_64 1.0-3 1.63 23.32 24.95 OK
r-release-osx-x86_64-mavericks 1.0-3 OK
r-release-osx-x86_64-snowleopard 1.0-3 OK
r-release-windows-ix86+x86_64 1.0-3 8.00 58.00 66.00 OK
r-oldrel-windows-ix86+x86_64 1.0-3 8.00 64.00 72.00 OK

Check Details

Version: 1.0-3
Check: R code for possible problems
Result: NOTE
    plotMDS: no visible global function definition for ‘brewer.pal’
Flavors: r-devel-linux-x86_64-debian-clang, r-devel-linux-x86_64-debian-gcc, r-devel-linux-x86_64-fedora-clang, r-devel-linux-x86_64-fedora-gcc, r-devel-osx-x86_64-clang, r-devel-windows-ix86+x86_64