CRAN Package Check Results for Package LPStimeSeries

Last updated on 2015-08-03 05:47:49.

Flavor Version Tinstall Tcheck Ttotal Status Flags
r-devel-linux-x86_64-debian-clang 1.0-5 1.34 23.63 24.98 NOTE
r-devel-linux-x86_64-debian-gcc 1.0-5 1.47 22.90 24.37 NOTE
r-devel-linux-x86_64-fedora-clang 1.0-5 45.29 NOTE
r-devel-linux-x86_64-fedora-gcc 1.0-5 43.71 NOTE
r-devel-osx-x86_64-clang 1.0-5 41.04 OK
r-devel-windows-ix86+x86_64 1.0-5 8.00 67.00 75.00 NOTE
r-patched-linux-x86_64 1.0-5 1.60 22.44 24.04 OK
r-patched-solaris-sparc 1.0-5 368.60 OK
r-patched-solaris-x86 1.0-5 74.10 OK
r-release-linux-x86_64 1.0-5 1.66 22.56 24.22 OK
r-release-osx-x86_64-mavericks 1.0-5 OK
r-release-windows-ix86+x86_64 1.0-5 8.00 63.00 71.00 OK
r-oldrel-windows-ix86+x86_64 1.0-5 10.00 70.00 80.00 OK

Check Details

Version: 1.0-5
Check: R code for possible problems
Result: NOTE
    learnPattern.default: no visible global function definition for ‘runif’
    plot.learnPattern: no visible global function definition for ‘matplot’
    plotMDS: no visible global function definition for ‘par’
    plotMDS: no visible global function definition for ‘rainbow’
    plotMDS: no visible global function definition for ‘plot’
    plotMDS: no visible global function definition for ‘pairs’
    visualizePattern: no visible global function definition for ‘par’
    visualizePattern: no visible global function definition for ‘plot’
    visualizePattern: no visible global function definition for ‘points’
    visualizePattern: no visible global function definition for ‘legend’
    Undefined global functions or variables:
     legend matplot pairs par plot points rainbow runif
    Consider adding
     importFrom("grDevices", "rainbow")
     importFrom("graphics", "legend", "matplot", "pairs", "par", "plot",
     "points")
     importFrom("stats", "runif")
    to your NAMESPACE.
Flavors: r-devel-linux-x86_64-debian-clang, r-devel-linux-x86_64-debian-gcc, r-devel-linux-x86_64-fedora-clang, r-devel-linux-x86_64-fedora-gcc, r-devel-windows-ix86+x86_64