CRAN Package Check Results for Package LPStimeSeries

Last updated on 2016-08-25 18:47:21.

Flavor Version Tinstall Tcheck Ttotal Status Flags
r-devel-linux-x86_64-debian-clang 1.0-5 1.60 24.40 26.00 NOTE
r-devel-linux-x86_64-debian-gcc 1.0-5 1.60 23.06 24.66 NOTE
r-devel-linux-x86_64-fedora-clang 1.0-5 43.92 NOTE
r-devel-linux-x86_64-fedora-gcc 1.0-5 42.05 NOTE
r-devel-osx-x86_64-clang 1.0-5 36.56 NOTE
r-devel-windows-ix86+x86_64 1.0-5 11.00 64.00 75.00 NOTE
r-patched-linux-x86_64 1.0-5 1.58 23.17 24.75 NOTE
r-patched-solaris-sparc 1.0-5 343.60 NOTE
r-patched-solaris-x86 1.0-5 69.90 NOTE
r-release-linux-x86_64 1.0-5 1.55 23.30 24.86 NOTE
r-release-osx-x86_64-mavericks 1.0-5 NOTE
r-release-windows-ix86+x86_64 1.0-5 7.00 90.00 97.00 NOTE
r-oldrel-windows-ix86+x86_64 1.0-5 8.00 58.00 66.00 OK

Check Details

Version: 1.0-5
Check: R code for possible problems
Result: NOTE
    learnPattern.default: no visible global function definition for ‘runif’
    plot.learnPattern: no visible global function definition for ‘matplot’
    plotMDS: no visible global function definition for ‘par’
    plotMDS: no visible global function definition for ‘rainbow’
    plotMDS: no visible global function definition for ‘plot’
    plotMDS: no visible global function definition for ‘pairs’
    visualizePattern: no visible global function definition for ‘par’
    visualizePattern: no visible global function definition for ‘plot’
    visualizePattern: no visible global function definition for ‘points’
    visualizePattern: no visible global function definition for ‘legend’
    Undefined global functions or variables:
     legend matplot pairs par plot points rainbow runif
    Consider adding
     importFrom("grDevices", "rainbow")
     importFrom("graphics", "legend", "matplot", "pairs", "par", "plot",
     "points")
     importFrom("stats", "runif")
    to your NAMESPACE file.
Flavors: r-devel-linux-x86_64-debian-clang, r-devel-linux-x86_64-debian-gcc, r-devel-linux-x86_64-fedora-clang, r-devel-linux-x86_64-fedora-gcc, r-devel-osx-x86_64-clang, r-devel-windows-ix86+x86_64, r-patched-linux-x86_64, r-patched-solaris-sparc, r-patched-solaris-x86, r-release-linux-x86_64, r-release-osx-x86_64-mavericks, r-release-windows-ix86+x86_64