CRAN Package Check Results for Package LPStimeSeries

Last updated on 2017-11-24 22:51:18 CET.

Flavor Version Tinstall Tcheck Ttotal Status Flags
r-devel-linux-x86_64-debian-clang 1.0-5 1.94 65.86 67.79 NOTE
r-devel-linux-x86_64-debian-gcc 1.0-5 2.02 57.80 59.82 NOTE
r-devel-linux-x86_64-fedora-clang 1.0-5 49.08 NOTE
r-devel-linux-x86_64-fedora-gcc 1.0-5 46.50 NOTE
r-devel-windows-ix86+x86_64 1.0-5 13.00 76.00 89.00 NOTE
r-patched-linux-x86_64 1.0-5 2.28 65.70 67.98 NOTE
r-patched-solaris-x86 1.0-5 75.70 NOTE
r-release-linux-x86_64 1.0-5 2.07 64.42 66.49 NOTE
r-release-windows-ix86+x86_64 1.0-5 9.00 75.00 84.00 NOTE
r-release-osx-x86_64 1.0-5 NOTE
r-oldrel-windows-ix86+x86_64 1.0-5 7.00 71.00 78.00 NOTE
r-oldrel-osx-x86_64 1.0-5 NOTE

Check Details

Version: 1.0-5
Check: R code for possible problems
Result: NOTE
    learnPattern.default: no visible global function definition for ‘runif’
    plot.learnPattern: no visible global function definition for ‘matplot’
    plotMDS: no visible global function definition for ‘par’
    plotMDS: no visible global function definition for ‘rainbow’
    plotMDS: no visible global function definition for ‘plot’
    plotMDS: no visible global function definition for ‘pairs’
    visualizePattern: no visible global function definition for ‘par’
    visualizePattern: no visible global function definition for ‘plot’
    visualizePattern: no visible global function definition for ‘points’
    visualizePattern: no visible global function definition for ‘legend’
    Undefined global functions or variables:
     legend matplot pairs par plot points rainbow runif
    Consider adding
     importFrom("grDevices", "rainbow")
     importFrom("graphics", "legend", "matplot", "pairs", "par", "plot",
     "points")
     importFrom("stats", "runif")
    to your NAMESPACE file.
Flavors: r-devel-linux-x86_64-debian-clang, r-devel-linux-x86_64-debian-gcc, r-devel-linux-x86_64-fedora-clang, r-devel-linux-x86_64-fedora-gcc, r-devel-windows-ix86+x86_64, r-patched-linux-x86_64, r-patched-solaris-x86, r-release-linux-x86_64, r-release-windows-ix86+x86_64, r-release-osx-x86_64, r-oldrel-windows-ix86+x86_64, r-oldrel-osx-x86_64

Version: 1.0-5
Check: compiled code
Result: NOTE
    File ‘LPStimeSeries/libs/LPStimeSeries.so’:
     Found no calls to: ‘R_registerRoutines’, ‘R_useDynamicSymbols’
    
    It is good practice to register native routines and to disable symbol
    search.
    
    See ‘Writing portable packages’ in the ‘Writing R Extensions’ manual.
Flavors: r-devel-linux-x86_64-debian-clang, r-devel-linux-x86_64-debian-gcc, r-devel-linux-x86_64-fedora-clang, r-devel-linux-x86_64-fedora-gcc, r-patched-linux-x86_64, r-release-linux-x86_64