CRAN Package Check Results for Package LPStimeSeries

Last updated on 2014-11-22 11:49:15.

Flavor Version Tinstall Tcheck Ttotal Status Flags
r-devel-linux-x86_64-debian-clang 1.0-3 1.27 26.08 27.35 NOTE
r-devel-linux-x86_64-debian-gcc 1.0-3 1.59 23.12 24.71 NOTE
r-devel-linux-x86_64-fedora-clang 1.0-3 49.04 NOTE
r-devel-linux-x86_64-fedora-gcc 1.0-3 47.66 NOTE
r-devel-osx-x86_64-clang 1.0-3 46.72 NOTE
r-devel-windows-ix86+x86_64 1.0-3 7.00 56.00 63.00 NOTE
r-patched-linux-x86_64 1.0-3 1.75 23.43 25.18 NOTE
r-patched-solaris-sparc 1.0-3 345.40 NOTE
r-patched-solaris-x86 1.0-3 77.10 NOTE
r-release-linux-ix86 1.0-3 2.03 33.57 35.60 NOTE
r-release-linux-x86_64 1.0-3 1.55 23.86 25.41 NOTE
r-release-osx-x86_64-mavericks 1.0-3 OK
r-release-osx-x86_64-snowleopard 1.0-3 OK
r-release-windows-ix86+x86_64 1.0-3 8.00 54.00 62.00 NOTE
r-oldrel-windows-ix86+x86_64 1.0-3 8.00 64.00 72.00 OK

Check Details

Version: 1.0-3
Check: R code for possible problems
Result: NOTE
    plotMDS: no visible global function definition for ‘brewer.pal’
Flavors: r-devel-linux-x86_64-debian-clang, r-devel-linux-x86_64-debian-gcc, r-devel-linux-x86_64-fedora-clang, r-devel-linux-x86_64-fedora-gcc, r-devel-osx-x86_64-clang, r-devel-windows-ix86+x86_64, r-patched-linux-x86_64, r-patched-solaris-sparc, r-patched-solaris-x86, r-release-linux-ix86, r-release-linux-x86_64, r-release-windows-ix86+x86_64