CRAN Package Check Results for Package LPStimeSeries

Last updated on 2015-09-03 18:47:10.

Flavor Version Tinstall Tcheck Ttotal Status Flags
r-devel-linux-x86_64-debian-clang 1.0-5 1.24 23.52 24.76 NOTE
r-devel-linux-x86_64-debian-gcc 1.0-5 1.47 21.96 23.42 NOTE
r-devel-linux-x86_64-fedora-clang 1.0-5 44.15 NOTE
r-devel-linux-x86_64-fedora-gcc 1.0-5 42.36 NOTE
r-devel-osx-x86_64-clang 1.0-5 39.93 OK
r-devel-windows-ix86+x86_64 1.0-5 8.00 64.00 72.00 NOTE
r-patched-linux-x86_64 1.0-5 1.54 23.35 24.89 OK
r-patched-solaris-sparc 1.0-5 368.60 OK
r-patched-solaris-x86 1.0-5 74.00 OK
r-release-linux-x86_64 1.0-5 1.62 24.08 25.71 OK
r-release-osx-x86_64-mavericks 1.0-5 OK
r-release-windows-ix86+x86_64 1.0-5 8.00 81.00 89.00 OK
r-oldrel-windows-ix86+x86_64 1.0-5 10.00 70.00 80.00 OK

Check Details

Version: 1.0-5
Check: R code for possible problems
Result: NOTE
    learnPattern.default: no visible global function definition for ‘runif’
    plot.learnPattern: no visible global function definition for ‘matplot’
    plotMDS: no visible global function definition for ‘par’
    plotMDS: no visible global function definition for ‘rainbow’
    plotMDS: no visible global function definition for ‘plot’
    plotMDS: no visible global function definition for ‘pairs’
    visualizePattern: no visible global function definition for ‘par’
    visualizePattern: no visible global function definition for ‘plot’
    visualizePattern: no visible global function definition for ‘points’
    visualizePattern: no visible global function definition for ‘legend’
    Undefined global functions or variables:
     legend matplot pairs par plot points rainbow runif
    Consider adding
     importFrom("grDevices", "rainbow")
     importFrom("graphics", "legend", "matplot", "pairs", "par", "plot",
     "points")
     importFrom("stats", "runif")
    to your NAMESPACE.
Flavors: r-devel-linux-x86_64-debian-clang, r-devel-linux-x86_64-debian-gcc, r-devel-linux-x86_64-fedora-clang, r-devel-linux-x86_64-fedora-gcc, r-devel-windows-ix86+x86_64