CRAN Package Check Results for Package LPmerge

Last updated on 2014-04-24 03:47:47.

Flavor Version Tinstall Tcheck Ttotal Status Flags
r-devel-linux-x86_64-debian-clang 1.5 3.42 40.42 43.84 OK
r-devel-linux-x86_64-debian-gcc 1.5 3.56 38.87 42.43 OK
r-devel-linux-x86_64-fedora-clang 1.5 98.43 OK
r-devel-linux-x86_64-fedora-gcc 1.5 95.49 OK
r-devel-osx-x86_64-clang 1.5 81.40 OK
r-devel-osx-x86_64-gcc 1.5 OK
r-devel-windows-ix86+x86_64 1.5 9.00 56.00 65.00 OK
r-patched-linux-x86_64 1.5 3.35 38.42 41.76 OK
r-patched-solaris-sparc 1.5 516.20 OK
r-patched-solaris-x86 1.5 127.60 OK
r-release-linux-ix86 1.5 5.00 63.00 68.00 OK
r-release-linux-x86_64 1.5 3.40 39.70 43.10 OK
r-release-osx-x86_64-mavericks 1.5 WARN
r-release-osx-x86_64-snowleopard 1.5 OK
r-release-windows-ix86+x86_64 1.5 9.00 52.00 61.00 OK
r-oldrel-windows-ix86+x86_64 1.5 9.00 52.00 61.00 OK

Check Details

Version: 1.5
Check: PDF version of manual
Result: WARNING
    LaTeX errors when creating PDF version.
    This typically indicates Rd problems.
    LaTeX errors found:
    ! LaTeX Error: File `upquote.sty' not found.
    
    Type X to quit or <RETURN> to proceed,
    or enter new name. (Default extension: sty)
    
    6b784ff8/Rd2.tex:8: ==> Fatal error occurred, no output PDF file produced!
Flavor: r-release-osx-x86_64-mavericks