CRAN Package Check Results for Package LPmerge

Last updated on 2018-01-16 19:49:09 CET.

Flavor Version Tinstall Tcheck Ttotal Status Flags
r-devel-linux-x86_64-debian-clang 1.6 2.30 44.26 46.56 NOTE
r-devel-linux-x86_64-debian-gcc 1.6 2.88 34.67 37.55 NOTE
r-devel-linux-x86_64-fedora-clang 1.6 54.58 NOTE
r-devel-linux-x86_64-fedora-gcc 1.6 59.76 NOTE
r-devel-windows-ix86+x86_64 1.6 8.00 57.00 65.00 NOTE
r-patched-linux-x86_64 1.6 3.57 46.56 50.13 NOTE
r-patched-solaris-x86 1.6 107.00 NOTE
r-release-linux-x86_64 1.6 3.73 47.08 50.81 NOTE
r-release-windows-ix86+x86_64 1.6 9.00 76.00 85.00 NOTE
r-release-osx-x86_64 1.6 ERROR
r-oldrel-windows-ix86+x86_64 1.6 8.00 71.00 79.00 NOTE
r-oldrel-osx-x86_64 1.6 NOTE

Check Details

Version: 1.6
Check: R code for possible problems
Result: NOTE
    LPmerge: no visible global function definition for ‘sd’
    Undefined global functions or variables:
     sd
    Consider adding
     importFrom("stats", "sd")
    to your NAMESPACE file.
Flavors: r-devel-linux-x86_64-debian-clang, r-devel-linux-x86_64-debian-gcc, r-devel-linux-x86_64-fedora-clang, r-devel-linux-x86_64-fedora-gcc, r-devel-windows-ix86+x86_64, r-patched-linux-x86_64, r-patched-solaris-x86, r-release-linux-x86_64, r-release-windows-ix86+x86_64, r-oldrel-windows-ix86+x86_64, r-oldrel-osx-x86_64

Version: 1.6
Check: package dependencies
Result: ERROR
    Package required but not available: ‘Rglpk’
    
    See section ‘The DESCRIPTION file’ in the ‘Writing R Extensions’
    manual.
Flavor: r-release-osx-x86_64