CRAN Package Check Results for Package LPmerge

Last updated on 2016-05-03 19:48:53.

Flavor Version Tinstall Tcheck Ttotal Status Flags
r-devel-linux-x86_64-debian-gcc 1.6 2.42 28.50 30.92 NOTE
r-devel-linux-x86_64-fedora-clang 1.6 60.22 NOTE
r-devel-linux-x86_64-fedora-gcc 1.6 58.11 NOTE
r-devel-osx-x86_64-clang 1.6 68.06 NOTE
r-devel-windows-ix86+x86_64 1.6 7.00 56.00 63.00 NOTE
r-patched-linux-x86_64 1.6 2.36 28.44 30.80 NOTE
r-patched-solaris-sparc 1.6 354.70 NOTE
r-patched-solaris-x86 1.6 79.00 NOTE
r-release-linux-x86_64 1.6 2.56 31.63 34.20 OK
r-release-osx-x86_64-mavericks 1.6 OK
r-release-windows-ix86+x86_64 1.6 7.00 69.00 76.00 OK
r-oldrel-windows-ix86+x86_64 1.6 12.00 67.00 79.00 OK

Check Details

Version: 1.6
Check: R code for possible problems
Result: NOTE
    LPmerge: no visible global function definition for ‘sd’
    Undefined global functions or variables:
     sd
    Consider adding
     importFrom("stats", "sd")
    to your NAMESPACE file.
Flavors: r-devel-linux-x86_64-debian-gcc, r-devel-linux-x86_64-fedora-clang, r-devel-linux-x86_64-fedora-gcc, r-devel-osx-x86_64-clang, r-devel-windows-ix86+x86_64, r-patched-linux-x86_64, r-patched-solaris-sparc, r-patched-solaris-x86