CRAN Package Check Results for Package LPmerge

Last updated on 2017-06-23 20:48:25.

Flavor Version Tinstall Tcheck Ttotal Status Flags
r-devel-linux-x86_64-debian-clang 1.6 2.46 32.48 34.93 NOTE
r-devel-linux-x86_64-debian-gcc 1.6 2.35 30.41 32.76 NOTE
r-devel-linux-x86_64-fedora-clang 1.6 74.71 NOTE
r-devel-linux-x86_64-fedora-gcc 1.6 80.96 NOTE
r-devel-windows-ix86+x86_64 1.6 11.00 74.00 85.00 NOTE
r-patched-linux-x86_64 1.6 2.23 29.22 31.45 NOTE
r-patched-solaris-sparc 1.6 473.10 NOTE
r-patched-solaris-x86 1.6 96.10 NOTE
r-release-linux-x86_64 1.6 2.41 29.92 32.34 NOTE
r-release-windows-ix86+x86_64 1.6 6.00 78.00 84.00 NOTE
r-release-osx-x86_64 1.6 ERROR
r-oldrel-windows-ix86+x86_64 1.6 9.00 63.00 72.00 NOTE
r-oldrel-osx-x86_64 1.6 NOTE

Check Details

Version: 1.6
Check: R code for possible problems
Result: NOTE
    LPmerge: no visible global function definition for ‘sd’
    Undefined global functions or variables:
     sd
    Consider adding
     importFrom("stats", "sd")
    to your NAMESPACE file.
Flavors: r-devel-linux-x86_64-debian-clang, r-devel-linux-x86_64-debian-gcc, r-devel-linux-x86_64-fedora-clang, r-devel-linux-x86_64-fedora-gcc, r-devel-windows-ix86+x86_64, r-patched-linux-x86_64, r-patched-solaris-sparc, r-patched-solaris-x86, r-release-linux-x86_64, r-release-windows-ix86+x86_64, r-oldrel-windows-ix86+x86_64, r-oldrel-osx-x86_64

Version: 1.6
Check: package dependencies
Result: ERROR
    Package required but not available: ‘Rglpk’
    
    See section ‘The DESCRIPTION file’ in the ‘Writing R Extensions’
    manual.
Flavor: r-release-osx-x86_64