CRAN Package Check Results for Package LPmerge

Last updated on 2016-08-30 12:47:02.

Flavor Version Tinstall Tcheck Ttotal Status Flags
r-devel-linux-x86_64-debian-clang 1.6 2.04 27.06 29.10 NOTE
r-devel-linux-x86_64-debian-gcc 1.6 2.30 26.03 28.33 NOTE
r-devel-linux-x86_64-fedora-clang 1.6 63.31 NOTE
r-devel-linux-x86_64-fedora-gcc 1.6 61.34 NOTE
r-devel-osx-x86_64-clang 1.6 50.39 NOTE
r-devel-windows-ix86+x86_64 1.6 10.00 50.00 60.00 NOTE
r-patched-linux-x86_64 1.6 2.30 28.48 30.78 NOTE
r-patched-solaris-sparc 1.6 361.60 NOTE
r-patched-solaris-x86 1.6 79.50 NOTE
r-release-linux-x86_64 1.6 2.02 26.50 28.52 NOTE
r-release-osx-x86_64-mavericks 1.6 NOTE
r-release-windows-ix86+x86_64 1.6 7.00 48.00 55.00 NOTE
r-oldrel-windows-ix86+x86_64 1.6 10.00 65.00 75.00 OK

Check Details

Version: 1.6
Check: R code for possible problems
Result: NOTE
    LPmerge: no visible global function definition for ‘sd’
    Undefined global functions or variables:
     sd
    Consider adding
     importFrom("stats", "sd")
    to your NAMESPACE file.
Flavors: r-devel-linux-x86_64-debian-clang, r-devel-linux-x86_64-debian-gcc, r-devel-linux-x86_64-fedora-clang, r-devel-linux-x86_64-fedora-gcc, r-devel-osx-x86_64-clang, r-devel-windows-ix86+x86_64, r-patched-linux-x86_64, r-patched-solaris-sparc, r-patched-solaris-x86, r-release-linux-x86_64, r-release-osx-x86_64-mavericks, r-release-windows-ix86+x86_64