CRAN Package Check Results for Package LPmerge

Last updated on 2016-12-06 20:48:33.

Flavor Version Tinstall Tcheck Ttotal Status Flags
r-devel-linux-x86_64-debian-clang 1.6 2.21 29.28 31.49 NOTE
r-devel-linux-x86_64-debian-gcc 1.6 2.19 28.52 30.71 NOTE
r-devel-linux-x86_64-fedora-clang 1.6 79.35 NOTE --no-stop-on-test-error
r-devel-linux-x86_64-fedora-gcc 1.6 69.52 NOTE --no-stop-on-test-error
r-devel-macos-x86_64-clang 1.6 54.40 NOTE
r-devel-windows-ix86+x86_64 1.6 7.00 54.00 61.00 NOTE
r-patched-linux-x86_64 1.6 2.04 26.18 28.21 NOTE
r-patched-solaris-sparc 1.6 361.60 NOTE
r-patched-solaris-x86 1.6 79.30 NOTE
r-release-linux-x86_64 1.6 1.93 25.71 27.64 NOTE
r-release-osx-x86_64-mavericks 1.6 NOTE
r-release-windows-ix86+x86_64 1.6 6.00 68.00 74.00 NOTE
r-oldrel-windows-ix86+x86_64 1.6 10.00 51.00 61.00 OK

Check Details

Version: 1.6
Check: R code for possible problems
Result: NOTE
    LPmerge: no visible global function definition for ‘sd’
    Undefined global functions or variables:
     sd
    Consider adding
     importFrom("stats", "sd")
    to your NAMESPACE file.
Flavors: r-devel-linux-x86_64-debian-clang, r-devel-linux-x86_64-debian-gcc, r-devel-macos-x86_64-clang, r-devel-windows-ix86+x86_64, r-patched-linux-x86_64, r-patched-solaris-sparc, r-patched-solaris-x86, r-release-linux-x86_64, r-release-osx-x86_64-mavericks, r-release-windows-ix86+x86_64

Version: 1.6
Flags: --no-stop-on-test-error
Check: R code for possible problems
Result: NOTE
    LPmerge: no visible global function definition for ‘sd’
    Undefined global functions or variables:
     sd
    Consider adding
     importFrom("stats", "sd")
    to your NAMESPACE file.
Flavors: r-devel-linux-x86_64-fedora-clang, r-devel-linux-x86_64-fedora-gcc