CRAN Package Check Results for Package LPmerge

Last updated on 2017-10-23 14:48:46.

Flavor Version Tinstall Tcheck Ttotal Status Flags
r-devel-linux-x86_64-debian-clang 1.6 2.29 30.18 32.47 NOTE
r-devel-linux-x86_64-debian-gcc 1.6 2.52 33.84 36.36 NOTE
r-devel-linux-x86_64-fedora-clang 1.6 72.60 NOTE
r-devel-linux-x86_64-fedora-gcc 1.6 71.76 NOTE
r-devel-windows-ix86+x86_64 1.6 10.00 52.00 62.00 NOTE
r-patched-linux-x86_64 1.6 2.25 29.46 31.72 NOTE
r-patched-solaris-x86 1.6 97.50 NOTE
r-release-linux-x86_64 1.6 2.44 29.60 32.04 NOTE
r-release-windows-ix86+x86_64 1.6 9.00 73.00 82.00 NOTE
r-release-osx-x86_64 1.6 ERROR
r-oldrel-windows-ix86+x86_64 1.6 5.00 48.00 53.00 NOTE
r-oldrel-osx-x86_64 1.6 NOTE

Check Details

Version: 1.6
Check: R code for possible problems
Result: NOTE
    LPmerge: no visible global function definition for ‘sd’
    Undefined global functions or variables:
     sd
    Consider adding
     importFrom("stats", "sd")
    to your NAMESPACE file.
Flavors: r-devel-linux-x86_64-debian-clang, r-devel-linux-x86_64-debian-gcc, r-devel-linux-x86_64-fedora-clang, r-devel-linux-x86_64-fedora-gcc, r-devel-windows-ix86+x86_64, r-patched-linux-x86_64, r-patched-solaris-x86, r-release-linux-x86_64, r-release-windows-ix86+x86_64, r-oldrel-windows-ix86+x86_64, r-oldrel-osx-x86_64

Version: 1.6
Check: package dependencies
Result: ERROR
    Package required but not available: ‘Rglpk’
    
    See section ‘The DESCRIPTION file’ in the ‘Writing R Extensions’
    manual.
Flavor: r-release-osx-x86_64