CRAN Package Check Results for Package LPmerge

Last updated on 2015-09-02 05:47:12.

Flavor Version Tinstall Tcheck Ttotal Status Flags
r-devel-linux-x86_64-debian-clang 1.6 2.36 29.46 31.82 NOTE
r-devel-linux-x86_64-debian-gcc 1.6 2.31 28.16 30.47 NOTE
r-devel-linux-x86_64-fedora-clang 1.6 63.31 NOTE
r-devel-linux-x86_64-fedora-gcc 1.6 59.81 NOTE
r-devel-osx-x86_64-clang 1.6 55.02 OK
r-devel-windows-ix86+x86_64 1.6 10.00 55.00 65.00 NOTE
r-patched-linux-x86_64 1.6 2.68 29.92 32.60 OK
r-patched-solaris-sparc 1.6 415.60 OK
r-patched-solaris-x86 1.6 95.10 OK
r-release-linux-x86_64 1.6 2.52 30.00 32.52 OK
r-release-osx-x86_64-mavericks 1.6 OK
r-release-windows-ix86+x86_64 1.6 10.00 52.00 62.00 OK
r-oldrel-windows-ix86+x86_64 1.6 12.00 65.00 77.00 OK

Check Details

Version: 1.6
Check: R code for possible problems
Result: NOTE
    LPmerge: no visible global function definition for ‘sd’
    Undefined global functions or variables:
     sd
    Consider adding
     importFrom("stats", "sd")
    to your NAMESPACE.
Flavors: r-devel-linux-x86_64-debian-clang, r-devel-linux-x86_64-debian-gcc, r-devel-linux-x86_64-fedora-clang, r-devel-linux-x86_64-fedora-gcc, r-devel-windows-ix86+x86_64