CRAN Package Check Results for Package LPmerge

Last updated on 2017-04-29 08:48:57.

Flavor Version Tinstall Tcheck Ttotal Status Flags
r-devel-linux-x86_64-debian-clang 1.6 2.33 31.21 33.54 NOTE
r-devel-linux-x86_64-debian-gcc 1.6 2.23 30.04 32.26 NOTE
r-devel-linux-x86_64-fedora-clang 1.6 73.80 NOTE --no-stop-on-test-error
r-devel-linux-x86_64-fedora-gcc 1.6 71.71 NOTE --no-stop-on-test-error
r-devel-windows-ix86+x86_64 1.6 9.00 72.00 81.00 NOTE
r-patched-linux-x86_64 1.6 2.27 29.76 32.04 NOTE
r-patched-solaris-sparc 1.6 473.10 NOTE
r-patched-solaris-x86 1.6 98.60 NOTE
r-release-linux-x86_64 1.6 2.22 29.91 32.12 NOTE
r-release-windows-ix86+x86_64 1.6 11.00 73.00 84.00 NOTE
r-release-osx-x86_64 1.6 ERROR
r-oldrel-windows-ix86+x86_64 1.6 9.00 66.00 75.00 NOTE
r-oldrel-osx-x86_64 1.6 NOTE

Check Details

Version: 1.6
Check: R code for possible problems
Result: NOTE
    LPmerge: no visible global function definition for ‘sd’
    Undefined global functions or variables:
     sd
    Consider adding
     importFrom("stats", "sd")
    to your NAMESPACE file.
Flavors: r-devel-linux-x86_64-debian-clang, r-devel-linux-x86_64-debian-gcc, r-devel-windows-ix86+x86_64, r-patched-linux-x86_64, r-patched-solaris-sparc, r-patched-solaris-x86, r-release-linux-x86_64, r-release-windows-ix86+x86_64, r-oldrel-windows-ix86+x86_64, r-oldrel-osx-x86_64

Version: 1.6
Flags: --no-stop-on-test-error
Check: R code for possible problems
Result: NOTE
    LPmerge: no visible global function definition for ‘sd’
    Undefined global functions or variables:
     sd
    Consider adding
     importFrom("stats", "sd")
    to your NAMESPACE file.
Flavors: r-devel-linux-x86_64-fedora-clang, r-devel-linux-x86_64-fedora-gcc

Version: 1.6
Check: package dependencies
Result: ERROR
    Package required but not available: ‘Rglpk’
    
    See section ‘The DESCRIPTION file’ in the ‘Writing R Extensions’
    manual.
Flavor: r-release-osx-x86_64