CRAN Package Check Results for Package LPmerge

Last updated on 2017-02-25 11:48:31.

Flavor Version Tinstall Tcheck Ttotal Status Flags
r-devel-linux-x86_64-debian-clang 1.6 2.14 29.57 31.71 NOTE
r-devel-linux-x86_64-debian-gcc 1.6 2.19 29.86 32.06 NOTE
r-devel-linux-x86_64-fedora-clang 1.6 72.83 NOTE --no-stop-on-test-error
r-devel-linux-x86_64-fedora-gcc 1.6 76.13 NOTE --no-stop-on-test-error
r-devel-macos-x86_64-clang 1.6 55.69 NOTE --no-stop-on-test-error
r-devel-windows-ix86+x86_64 1.6 9.00 74.00 83.00 NOTE
r-patched-linux-x86_64 1.6 2.31 26.86 29.16 NOTE
r-patched-solaris-sparc 1.6 359.90 NOTE
r-patched-solaris-x86 1.6 83.80 NOTE
r-release-linux-x86_64 1.6 2.19 26.37 28.56 NOTE
r-release-osx-x86_64-mavericks 1.6 NOTE
r-release-windows-ix86+x86_64 1.6 8.00 66.00 74.00 NOTE
r-oldrel-windows-ix86+x86_64 1.6 12.00 65.00 77.00 OK

Check Details

Version: 1.6
Check: R code for possible problems
Result: NOTE
    LPmerge: no visible global function definition for ‘sd’
    Undefined global functions or variables:
     sd
    Consider adding
     importFrom("stats", "sd")
    to your NAMESPACE file.
Flavors: r-devel-linux-x86_64-debian-clang, r-devel-linux-x86_64-debian-gcc, r-devel-windows-ix86+x86_64, r-patched-linux-x86_64, r-patched-solaris-sparc, r-patched-solaris-x86, r-release-linux-x86_64, r-release-osx-x86_64-mavericks, r-release-windows-ix86+x86_64

Version: 1.6
Flags: --no-stop-on-test-error
Check: R code for possible problems
Result: NOTE
    LPmerge: no visible global function definition for ‘sd’
    Undefined global functions or variables:
     sd
    Consider adding
     importFrom("stats", "sd")
    to your NAMESPACE file.
Flavors: r-devel-linux-x86_64-fedora-clang, r-devel-linux-x86_64-fedora-gcc, r-devel-macos-x86_64-clang