CRAN Package Check Results for Package LPmerge

Last updated on 2015-08-02 17:47:49.

Flavor Version Tinstall Tcheck Ttotal Status Flags
r-devel-linux-x86_64-debian-clang 1.6 2.52 30.01 32.53 NOTE
r-devel-linux-x86_64-debian-gcc 1.6 2.44 30.00 32.44 NOTE
r-devel-linux-x86_64-fedora-clang 1.6 66.28 NOTE
r-devel-linux-x86_64-fedora-gcc 1.6 66.04 NOTE
r-devel-osx-x86_64-clang 1.6 57.94 OK
r-devel-windows-ix86+x86_64 1.6 7.00 51.00 58.00 NOTE
r-patched-linux-x86_64 1.6 2.50 29.66 32.16 OK
r-patched-solaris-sparc 1.6 415.60 OK
r-patched-solaris-x86 1.6 93.20 OK
r-release-linux-x86_64 1.6 2.51 30.78 33.29 OK
r-release-osx-x86_64-mavericks 1.6 OK
r-release-windows-ix86+x86_64 1.6 9.00 71.00 80.00 OK
r-oldrel-windows-ix86+x86_64 1.6 13.00 61.00 74.00 OK

Check Details

Version: 1.6
Check: R code for possible problems
Result: NOTE
    LPmerge: no visible global function definition for ‘sd’
    Undefined global functions or variables:
     sd
    Consider adding
     importFrom("stats", "sd")
    to your NAMESPACE.
Flavors: r-devel-linux-x86_64-debian-clang, r-devel-linux-x86_64-debian-gcc, r-devel-linux-x86_64-fedora-clang, r-devel-linux-x86_64-fedora-gcc, r-devel-windows-ix86+x86_64