CRAN Package Check Results for Package LPmerge

Last updated on 2017-03-27 03:49:49.

Flavor Version Tinstall Tcheck Ttotal Status Flags
r-devel-linux-x86_64-debian-clang 1.6 2.20 29.58 31.77 NOTE
r-devel-linux-x86_64-debian-gcc 1.6 2.26 29.08 31.34 NOTE
r-devel-linux-x86_64-fedora-clang 1.6 72.58 NOTE --no-stop-on-test-error
r-devel-linux-x86_64-fedora-gcc 1.6 71.48 NOTE --no-stop-on-test-error
r-devel-macos-x86_64-clang 1.6 55.08 NOTE --no-stop-on-test-error
r-devel-windows-ix86+x86_64 1.6 7.00 79.00 86.00 NOTE
r-patched-linux-x86_64 1.6 2.28 30.18 32.45 NOTE
r-patched-solaris-sparc 1.6 473.10 NOTE
r-patched-solaris-x86 1.6 97.00 NOTE
r-release-linux-x86_64 1.6 2.10 28.28 30.39 NOTE
r-release-osx-x86_64-mavericks 1.6 NOTE
r-release-windows-ix86+x86_64 1.6 8.00 45.00 53.00 NOTE
r-oldrel-windows-ix86+x86_64 1.6 6.00 47.00 53.00 OK

Check Details

Version: 1.6
Check: R code for possible problems
Result: NOTE
    LPmerge: no visible global function definition for ‘sd’
    Undefined global functions or variables:
     sd
    Consider adding
     importFrom("stats", "sd")
    to your NAMESPACE file.
Flavors: r-devel-linux-x86_64-debian-clang, r-devel-linux-x86_64-debian-gcc, r-devel-windows-ix86+x86_64, r-patched-linux-x86_64, r-patched-solaris-sparc, r-patched-solaris-x86, r-release-linux-x86_64, r-release-osx-x86_64-mavericks, r-release-windows-ix86+x86_64

Version: 1.6
Flags: --no-stop-on-test-error
Check: R code for possible problems
Result: NOTE
    LPmerge: no visible global function definition for ‘sd’
    Undefined global functions or variables:
     sd
    Consider adding
     importFrom("stats", "sd")
    to your NAMESPACE file.
Flavors: r-devel-linux-x86_64-fedora-clang, r-devel-linux-x86_64-fedora-gcc, r-devel-macos-x86_64-clang