CRAN Package Check Results for Package LPmerge

Last updated on 2017-01-17 23:49:21.

Flavor Version Tinstall Tcheck Ttotal Status Flags
r-devel-linux-x86_64-debian-clang 1.6 2.11 28.56 30.68 NOTE
r-devel-linux-x86_64-debian-gcc 1.6 2.30 28.07 30.38 NOTE
r-devel-linux-x86_64-fedora-clang 1.6 68.30 NOTE --no-stop-on-test-error
r-devel-linux-x86_64-fedora-gcc 1.6 69.29 NOTE --no-stop-on-test-error
r-devel-macos-x86_64-clang 1.6 51.93 NOTE --no-stop-on-test-error
r-devel-windows-ix86+x86_64 1.6 10.00 50.00 60.00 NOTE
r-patched-linux-x86_64 1.6 2.08 25.79 27.87 NOTE
r-patched-solaris-sparc 1.6 359.90 NOTE
r-patched-solaris-x86 1.6 78.80 NOTE
r-release-linux-x86_64 1.6 2.00 25.56 27.56 NOTE
r-release-osx-x86_64-mavericks 1.6 NOTE
r-release-windows-ix86+x86_64 1.6 5.00 66.00 71.00 NOTE
r-oldrel-windows-ix86+x86_64 1.6 6.00 66.00 72.00 OK

Check Details

Version: 1.6
Check: R code for possible problems
Result: NOTE
    LPmerge: no visible global function definition for ‘sd’
    Undefined global functions or variables:
     sd
    Consider adding
     importFrom("stats", "sd")
    to your NAMESPACE file.
Flavors: r-devel-linux-x86_64-debian-clang, r-devel-linux-x86_64-debian-gcc, r-devel-windows-ix86+x86_64, r-patched-linux-x86_64, r-patched-solaris-sparc, r-patched-solaris-x86, r-release-linux-x86_64, r-release-osx-x86_64-mavericks, r-release-windows-ix86+x86_64

Version: 1.6
Flags: --no-stop-on-test-error
Check: R code for possible problems
Result: NOTE
    LPmerge: no visible global function definition for ‘sd’
    Undefined global functions or variables:
     sd
    Consider adding
     importFrom("stats", "sd")
    to your NAMESPACE file.
Flavors: r-devel-linux-x86_64-fedora-clang, r-devel-linux-x86_64-fedora-gcc, r-devel-macos-x86_64-clang