CRAN Package Check Results for Package LPmerge

Last updated on 2017-08-22 23:47:23.

Flavor Version Tinstall Tcheck Ttotal Status Flags
r-devel-linux-x86_64-debian-clang 1.6 2.17 30.28 32.45 NOTE
r-devel-linux-x86_64-debian-gcc 1.6 2.48 29.60 32.07 NOTE
r-devel-linux-x86_64-fedora-clang 1.6 83.03 NOTE
r-devel-linux-x86_64-fedora-gcc 1.6 81.58 NOTE
r-devel-windows-ix86+x86_64 1.6 6.00 71.00 77.00 NOTE
r-patched-linux-x86_64 1.6 2.32 29.79 32.12 NOTE
r-patched-solaris-x86 1.6 96.10 NOTE
r-release-linux-x86_64 1.6 2.44 29.48 31.92 NOTE
r-release-windows-ix86+x86_64 1.6 7.00 78.00 85.00 NOTE
r-release-osx-x86_64 1.6 ERROR
r-oldrel-windows-ix86+x86_64 1.6 6.00 45.00 51.00 NOTE
r-oldrel-osx-x86_64 1.6 NOTE

Check Details

Version: 1.6
Check: R code for possible problems
Result: NOTE
    LPmerge: no visible global function definition for ‘sd’
    Undefined global functions or variables:
     sd
    Consider adding
     importFrom("stats", "sd")
    to your NAMESPACE file.
Flavors: r-devel-linux-x86_64-debian-clang, r-devel-linux-x86_64-debian-gcc, r-devel-linux-x86_64-fedora-clang, r-devel-linux-x86_64-fedora-gcc, r-devel-windows-ix86+x86_64, r-patched-linux-x86_64, r-patched-solaris-x86, r-release-linux-x86_64, r-release-windows-ix86+x86_64, r-oldrel-windows-ix86+x86_64, r-oldrel-osx-x86_64

Version: 1.6
Check: package dependencies
Result: ERROR
    Package required but not available: ‘Rglpk’
    
    See section ‘The DESCRIPTION file’ in the ‘Writing R Extensions’
    manual.
Flavor: r-release-osx-x86_64