CRAN Package Check Results for Package LPmerge

Last updated on 2016-06-30 23:47:50.

Flavor Version Tinstall Tcheck Ttotal Status Flags
r-devel-linux-x86_64-debian-gcc 1.6 2.63 30.53 33.16 NOTE
r-devel-linux-x86_64-fedora-clang 1.6 60.64 NOTE
r-devel-linux-x86_64-fedora-gcc 1.6 57.86 NOTE
r-devel-osx-x86_64-clang 1.6 48.06 NOTE
r-devel-windows-ix86+x86_64 1.6 7.00 75.00 82.00 NOTE
r-patched-linux-x86_64 1.6 3.59 32.48 36.07 NOTE
r-patched-solaris-sparc 1.6 361.60 NOTE
r-patched-solaris-x86 1.6 79.50 NOTE
r-release-linux-x86_64 1.6 2.60 30.49 33.09 NOTE
r-release-osx-x86_64-mavericks 1.6 NOTE
r-release-windows-ix86+x86_64 1.6 9.00 55.00 64.00 NOTE
r-oldrel-windows-ix86+x86_64 1.6 10.00 70.00 80.00 OK

Check Details

Version: 1.6
Check: R code for possible problems
Result: NOTE
    LPmerge: no visible global function definition for ‘sd’
    Undefined global functions or variables:
     sd
    Consider adding
     importFrom("stats", "sd")
    to your NAMESPACE file.
Flavors: r-devel-linux-x86_64-debian-gcc, r-devel-linux-x86_64-fedora-clang, r-devel-linux-x86_64-fedora-gcc, r-devel-osx-x86_64-clang, r-devel-windows-ix86+x86_64, r-patched-linux-x86_64, r-patched-solaris-sparc, r-patched-solaris-x86, r-release-linux-x86_64, r-release-osx-x86_64-mavericks, r-release-windows-ix86+x86_64