CRAN Package Check Results for Package LPmerge

Last updated on 2018-05-22 22:48:36 CEST.

Flavor Version Tinstall Tcheck Ttotal Status Flags
r-devel-linux-x86_64-debian-clang 1.6 3.64 55.50 59.14 WARN
r-devel-linux-x86_64-debian-gcc 1.6 4.04 44.04 48.08 WARN
r-devel-linux-x86_64-fedora-clang 1.6 74.48 WARN
r-devel-linux-x86_64-fedora-gcc 1.6 70.73 WARN
r-devel-windows-ix86+x86_64 1.6 10.00 88.00 98.00 WARN
r-patched-linux-x86_64 1.6 2.92 46.94 49.86 WARN
r-patched-solaris-x86 1.6 94.20 WARN
r-release-linux-x86_64 1.6 3.58 46.78 50.36 WARN
r-release-windows-ix86+x86_64 1.6 10.00 61.00 71.00 WARN
r-release-osx-x86_64 1.6 ERROR
r-oldrel-windows-ix86+x86_64 1.6 8.00 77.00 85.00 WARN
r-oldrel-osx-x86_64 1.6 ERROR

Check Details

Version: 1.6
Check: R code for possible problems
Result: NOTE
    LPmerge: no visible global function definition for ‘sd’
    Undefined global functions or variables:
     sd
    Consider adding
     importFrom("stats", "sd")
    to your NAMESPACE file.
Flavors: r-devel-linux-x86_64-debian-clang, r-devel-linux-x86_64-debian-gcc, r-devel-linux-x86_64-fedora-clang, r-devel-linux-x86_64-fedora-gcc, r-devel-windows-ix86+x86_64, r-patched-linux-x86_64, r-patched-solaris-x86, r-release-linux-x86_64, r-release-windows-ix86+x86_64, r-oldrel-windows-ix86+x86_64

Version: 1.6
Check: examples
Result: WARN
    Found the following significant warnings:
    
     Warning: 'rBind' is deprecated.
     Warning: 'cBind' is deprecated.
    Deprecated functions may be defunct as soon as of the next release of
    R.
    See ?Deprecated.
Flavors: r-devel-linux-x86_64-debian-clang, r-devel-linux-x86_64-debian-gcc, r-devel-linux-x86_64-fedora-clang, r-devel-linux-x86_64-fedora-gcc, r-devel-windows-ix86+x86_64, r-patched-linux-x86_64, r-patched-solaris-x86, r-release-linux-x86_64, r-release-windows-ix86+x86_64, r-oldrel-windows-ix86+x86_64

Version: 1.6
Check: package dependencies
Result: ERROR
    Package required but not available: ‘Rglpk’
    
    See section ‘The DESCRIPTION file’ in the ‘Writing R Extensions’
    manual.
Flavors: r-release-osx-x86_64, r-oldrel-osx-x86_64