CRAN Package Check Results for Package LS2Wstat

Last updated on 2019-07-18 15:47:28 CEST.

Flavor Version Tinstall Tcheck Ttotal Status Flags
r-devel-linux-x86_64-debian-clang 2.1-1 12.52 99.82 112.34 OK
r-devel-linux-x86_64-debian-gcc 2.1-1 11.21 80.48 91.69 OK
r-devel-linux-x86_64-fedora-clang 2.1-1 139.23 OK
r-devel-linux-x86_64-fedora-gcc 2.1-1 140.25 OK
r-devel-windows-ix86+x86_64 2.1-1 31.00 103.00 134.00 OK
r-patched-linux-x86_64 2.1-1 11.75 98.62 110.37 OK
r-patched-solaris-x86 2.1-1 252.60 OK
r-release-linux-x86_64 2.1-1 12.45 99.94 112.39 OK
r-release-windows-ix86+x86_64 2.1-1 23.00 156.00 179.00 OK
r-release-osx-x86_64 2.1-1 FAIL
r-oldrel-windows-ix86+x86_64 2.1-1 14.00 141.00 155.00 OK
r-oldrel-osx-x86_64 2.1-1 OK

Check Details

Version: 2.1-1
Check: whether package can be installed
Result: FAIL
    
Flavor: r-release-osx-x86_64