CRAN Package Check Results for Package LS2Wstat

Last updated on 2019-05-22 04:46:39 CEST.

Flavor Version Tinstall Tcheck Ttotal Status Flags
r-devel-linux-x86_64-debian-clang 2.1-1 12.50 99.41 111.91 OK
r-devel-linux-x86_64-debian-gcc 2.1-1 9.61 78.42 88.03 OK
r-devel-linux-x86_64-fedora-clang 2.1-1 137.12 OK
r-devel-linux-x86_64-fedora-gcc 2.1-1 133.79 OK
r-devel-windows-ix86+x86_64 2.1-1 21.00 159.00 180.00 OK
r-patched-linux-x86_64 2.1-1 13.32 99.46 112.78 OK
r-patched-solaris-x86 2.1-1 262.20 OK
r-release-linux-x86_64 2.1-1 14.24 99.53 113.77 OK
r-release-windows-ix86+x86_64 2.1-1 29.00 109.00 138.00 OK
r-release-osx-x86_64 2.1-1 FAIL
r-oldrel-windows-ix86+x86_64 2.1-1 13.00 99.00 112.00 OK
r-oldrel-osx-x86_64 2.1-1 OK

Check Details

Version: 2.1-1
Check: whether package can be installed
Result: FAIL
    
Flavor: r-release-osx-x86_64