CRAN Package Check Results for Package LSC

Last updated on 2015-07-04 19:47:43.

Flavor Version Tinstall Tcheck Ttotal Status Flags
r-devel-linux-x86_64-debian-clang 0.1.5 3.73 39.14 42.87 NOTE
r-devel-linux-x86_64-debian-gcc 0.1.5 3.45 38.72 42.18 NOTE
r-devel-linux-x86_64-fedora-clang 0.1.5 92.35 NOTE
r-devel-linux-x86_64-fedora-gcc 0.1.5 86.98 NOTE
r-devel-osx-x86_64-clang 0.1.5 80.65 OK
r-devel-windows-ix86+x86_64 0.1.5 16.00 62.00 78.00 NOTE
r-patched-linux-x86_64 0.1.5 3.41 38.74 42.15 OK
r-patched-solaris-sparc 0.1.5 552.40 OK
r-patched-solaris-x86 0.1.5 126.10 OK
r-release-linux-x86_64 0.1.5 3.40 39.81 43.21 OK
r-release-osx-x86_64-mavericks 0.1.5 OK
r-release-windows-ix86+x86_64 0.1.5 14.00 61.00 75.00 OK
r-oldrel-windows-ix86+x86_64 0.1.5 17.00 89.00 106.00 OK

Check Details

Version: 0.1.5
Check: R code for possible problems
Result: NOTE
    LICORS2LSC: no visible global function definition for ‘ts’
    plot.LSC: no visible global function definition for ‘plot.new’
    plot_LSC_0plus1D: no visible global function definition for ‘loess’
    plot_LSC_0plus1D: no visible global function definition for ‘matplot’
    plot_LSC_1plus1D: no visible global function definition for
     ‘colorRampPalette’
    plot_LSC_1plus1D: no visible global function definition for ‘loess’
    plot_LSC_1plus1D: no visible global function definition for ‘layout’
    plot_LSC_1plus1D: no visible global function definition for ‘par’
    plot_LSC_1plus1D: no visible global function definition for ‘plot’
    plot_LSC_1plus1D: no visible global function definition for ‘lines’
    plot_LSC_1plus1D: no visible global function definition for ‘box’
    plot_LSC_1plus1D: no visible global function definition for ‘axis’
    plot_LSC_1plus1D: no visible global function definition for ‘mtext’
    plot_LSC_2plus1D: no visible global function definition for
     ‘colorRampPalette’
    plot_LSC_2plus1D: no visible binding for global variable ‘median’
    plot_LSC_2plus1D : <anonymous>: no visible global function definition
     for ‘sd’
    plot_LSC_2plus1D: no visible global function definition for ‘par’
    plot_LSC_2plus1D: no visible global function definition for ‘layout’
    plot_LSC_2plus1D: no visible global function definition for ‘mtext’
    plot_LSC_2plus1D: no visible global function definition for ‘plot.new’
    plot_LSC_2plus1D: no visible global function definition for ‘plot’
    plot_LSC_2plus1D: no visible global function definition for ‘lines’
    plot_LSC_2plus1D: no visible global function definition for ‘axis’
    plot_LSC_2plus1D: no visible global function definition for ‘box’
    plot_LSC_2plus1D: no visible global function definition for ‘grid’
    plot_LSC_2plus1D: no visible global function definition for ‘points’
    plot_LSC_2plus1D: no visible global function definition for ‘abline’
    plot_LSC_2plus1D: no visible binding for global variable
     ‘weighted.mean’
    plot_LSC_2plus1D: no visible binding for global variable ‘sd’
    plot_LSC_2plus1D: no visible global function definition for ‘density’
    Undefined global functions or variables:
     abline axis box colorRampPalette density grid layout lines loess
     matplot median mtext par plot plot.new points sd ts weighted.mean
Flavors: r-devel-linux-x86_64-debian-clang, r-devel-linux-x86_64-debian-gcc, r-devel-linux-x86_64-fedora-clang, r-devel-linux-x86_64-fedora-gcc, r-devel-windows-ix86+x86_64