CRAN Package Check Results for Package LSC

Last updated on 2015-08-02 19:47:29.

Flavor Version Tinstall Tcheck Ttotal Status Flags
r-devel-linux-x86_64-debian-clang 0.1.5 3.46 39.74 43.20 NOTE
r-devel-linux-x86_64-debian-gcc 0.1.5 3.40 38.95 42.35 NOTE
r-devel-linux-x86_64-fedora-clang 0.1.5 92.72 NOTE
r-devel-linux-x86_64-fedora-gcc 0.1.5 87.76 NOTE
r-devel-osx-x86_64-clang 0.1.5 80.80 OK
r-devel-windows-ix86+x86_64 0.1.5 11.00 69.00 80.00 NOTE
r-patched-linux-x86_64 0.1.5 3.45 38.86 42.31 OK
r-patched-solaris-sparc 0.1.5 576.50 OK
r-patched-solaris-x86 0.1.5 125.70 OK
r-release-linux-x86_64 0.1.5 3.42 41.04 44.46 OK
r-release-osx-x86_64-mavericks 0.1.5 OK
r-release-windows-ix86+x86_64 0.1.5 16.00 99.00 115.00 OK
r-oldrel-windows-ix86+x86_64 0.1.5 24.00 99.00 123.00 OK

Check Details

Version: 0.1.5
Check: R code for possible problems
Result: NOTE
    LICORS2LSC: no visible global function definition for ‘ts’
    plot.LSC: no visible global function definition for ‘plot.new’
    plot_LSC_0plus1D: no visible global function definition for ‘loess’
    plot_LSC_0plus1D: no visible global function definition for ‘matplot’
    plot_LSC_1plus1D: no visible global function definition for
     ‘colorRampPalette’
    plot_LSC_1plus1D: no visible global function definition for ‘loess’
    plot_LSC_1plus1D: no visible global function definition for ‘layout’
    plot_LSC_1plus1D: no visible global function definition for ‘par’
    plot_LSC_1plus1D: no visible global function definition for ‘plot’
    plot_LSC_1plus1D: no visible global function definition for ‘lines’
    plot_LSC_1plus1D: no visible global function definition for ‘box’
    plot_LSC_1plus1D: no visible global function definition for ‘axis’
    plot_LSC_1plus1D: no visible global function definition for ‘mtext’
    plot_LSC_2plus1D: no visible global function definition for
     ‘colorRampPalette’
    plot_LSC_2plus1D: no visible binding for global variable ‘median’
    plot_LSC_2plus1D : <anonymous>: no visible global function definition
     for ‘sd’
    plot_LSC_2plus1D: no visible global function definition for ‘par’
    plot_LSC_2plus1D: no visible global function definition for ‘layout’
    plot_LSC_2plus1D: no visible global function definition for ‘mtext’
    plot_LSC_2plus1D: no visible global function definition for ‘plot.new’
    plot_LSC_2plus1D: no visible global function definition for ‘plot’
    plot_LSC_2plus1D: no visible global function definition for ‘lines’
    plot_LSC_2plus1D: no visible global function definition for ‘axis’
    plot_LSC_2plus1D: no visible global function definition for ‘box’
    plot_LSC_2plus1D: no visible global function definition for ‘grid’
    plot_LSC_2plus1D: no visible global function definition for ‘points’
    plot_LSC_2plus1D: no visible global function definition for ‘abline’
    plot_LSC_2plus1D: no visible binding for global variable
     ‘weighted.mean’
    plot_LSC_2plus1D: no visible binding for global variable ‘sd’
    plot_LSC_2plus1D: no visible global function definition for ‘density’
    Undefined global functions or variables:
     abline axis box colorRampPalette density grid layout lines loess
     matplot median mtext par plot plot.new points sd ts weighted.mean
    Consider adding
     importFrom("grDevices", "colorRampPalette")
     importFrom("graphics", "abline", "axis", "box", "grid", "layout",
     "lines", "matplot", "mtext", "par", "plot", "plot.new",
     "points")
     importFrom("stats", "density", "loess", "median", "sd", "ts",
     "weighted.mean")
    to your NAMESPACE.
Flavors: r-devel-linux-x86_64-debian-clang, r-devel-linux-x86_64-debian-gcc, r-devel-linux-x86_64-fedora-clang, r-devel-linux-x86_64-fedora-gcc, r-devel-windows-ix86+x86_64