CRAN Package Check Results for Package LSC

Last updated on 2015-04-28 11:48:28.

Flavor Version Tinstall Tcheck Ttotal Status Flags
r-devel-linux-x86_64-debian-clang 0.1.5 3.56 39.84 43.39 OK
r-devel-linux-x86_64-debian-gcc 0.1.5 3.43 39.06 42.50 OK
r-devel-linux-x86_64-fedora-clang 0.1.5 95.79 OK
r-devel-linux-x86_64-fedora-gcc 0.1.5 89.62 OK
r-devel-osx-x86_64-clang 0.1.5 79.85 OK
r-devel-windows-ix86+x86_64 0.1.5 11.00 62.00 73.00 OK
r-patched-linux-x86_64 0.1.5 3.45 38.63 42.08 OK
r-patched-solaris-sparc 0.1.5 536.10 OK
r-patched-solaris-x86 0.1.5 125.00 OK
r-release-linux-x86_64 0.1.5 3.53 38.70 42.22 OK
r-release-osx-x86_64-mavericks 0.1.5 OK
r-release-osx-x86_64-snowleopard 0.1.5 ERROR
r-release-windows-ix86+x86_64 0.1.5 10.00 60.00 70.00 OK
r-oldrel-windows-ix86+x86_64 0.1.5 15.00 80.00 95.00 OK

Check Details

Version: 0.1.5
Check: package dependencies
Result: ERROR
    Packages required but not available: ‘LICORS’ ‘fields’
    
    See section ‘The DESCRIPTION file’ in the ‘Writing R Extensions’
    manual.
Flavor: r-release-osx-x86_64-snowleopard