CRAN Package Check Results for Package LSC

Last updated on 2015-05-27 19:47:12.

Flavor Version Tinstall Tcheck Ttotal Status Flags
r-devel-linux-x86_64-debian-clang 0.1.5 3.54 39.72 43.26 OK
r-devel-linux-x86_64-debian-gcc 0.1.5 3.62 39.24 42.86 OK
r-devel-linux-x86_64-fedora-clang 0.1.5 94.38 OK
r-devel-linux-x86_64-fedora-gcc 0.1.5 89.62 OK
r-devel-osx-x86_64-clang 0.1.5 80.90 OK
r-devel-windows-ix86+x86_64 0.1.5 10.00 65.00 75.00 OK
r-patched-linux-x86_64 0.1.5 3.80 39.02 42.82 OK
r-patched-solaris-sparc 0.1.5 552.40 OK
r-patched-solaris-x86 0.1.5 127.40 OK
r-release-linux-x86_64 0.1.5 3.48 38.85 42.32 OK
r-release-osx-x86_64-mavericks 0.1.5 OK
r-release-osx-x86_64-snowleopard 0.1.5 ERROR
r-release-windows-ix86+x86_64 0.1.5 10.00 63.00 73.00 OK
r-oldrel-windows-ix86+x86_64 0.1.5 17.00 88.00 105.00 OK

Check Details

Version: 0.1.5
Check: package dependencies
Result: ERROR
    Packages required but not available: ‘LICORS’ ‘fields’
    
    See section ‘The DESCRIPTION file’ in the ‘Writing R Extensions’
    manual.
Flavor: r-release-osx-x86_64-snowleopard