CRAN Package Check Results for Package LSC

Last updated on 2014-04-17 10:47:51.

Flavor Version Tinstall Tcheck Ttotal Status Flags
r-devel-linux-x86_64-debian-clang 0.1.5 4.97 49.41 54.38 OK
r-devel-linux-x86_64-debian-gcc 0.1.5 5.00 54.51 59.51 OK
r-devel-linux-x86_64-fedora-clang 0.1.5 136.15 OK
r-devel-linux-x86_64-fedora-gcc 0.1.5 129.48 OK
r-devel-macosx-x86_64-clang 0.1.5 110.55 OK
r-devel-macosx-x86_64-gcc 0.1.5 ERROR
r-devel-windows-ix86+x86_64 0.1.5 15.00 71.00 86.00 OK
r-patched-linux-x86_64 0.1.5 5.06 54.45 59.51 OK
r-patched-solaris-sparc 0.1.5 700.40 OK
r-patched-solaris-x86 0.1.5 168.50 OK
r-release-linux-ix86 0.1.5 9.00 85.00 94.00 OK
r-release-linux-x86_64 0.1.5 4.89 54.86 59.75 OK
r-release-macosx-x86_64 0.1.5 OK
r-release-windows-ix86+x86_64 0.1.5 16.00 74.00 90.00 OK
r-oldrel-windows-ix86+x86_64 0.1.5 14.00 69.00 83.00 OK

Check Details

Version: 0.1.5
Check: package dependencies
Result: ERROR
    Packages required but not available: ‘LICORS’ ‘fields’
    
    See the information on DESCRIPTION files in the chapter ‘Creating R
    packages’ of the ‘Writing R Extensions’ manual.
Flavor: r-devel-macosx-x86_64-gcc