CRAN Package Check Results for Package LSD

Last updated on 2015-09-02 11:48:30.

Flavor Version Tinstall Tcheck Ttotal Status Flags
r-devel-linux-x86_64-debian-clang 3.0 1.17 35.79 36.96 NOTE
r-devel-linux-x86_64-debian-gcc 3.0 0.78 37.37 38.15 NOTE
r-devel-linux-x86_64-fedora-clang 3.0 68.75 NOTE
r-devel-linux-x86_64-fedora-gcc 3.0 68.16 NOTE
r-devel-osx-x86_64-clang 3.0 57.92 NOTE
r-devel-windows-ix86+x86_64 3.0 3.00 63.00 66.00 NOTE
r-patched-linux-x86_64 3.0 0.85 36.48 37.33 NOTE
r-patched-solaris-sparc 3.0 534.60 NOTE
r-patched-solaris-x86 3.0 88.90 NOTE
r-release-linux-x86_64 3.0 0.85 38.18 39.03 NOTE
r-release-osx-x86_64-mavericks 3.0 NOTE
r-release-windows-ix86+x86_64 3.0 4.00 84.00 88.00 NOTE
r-oldrel-windows-ix86+x86_64 3.0 4.00 74.00 78.00 OK

Check Details

Version: 3.0
Check: DESCRIPTION meta-information
Result: NOTE
    Malformed Description field: should contain one or more complete sentences.
Flavors: r-devel-linux-x86_64-debian-clang, r-devel-linux-x86_64-debian-gcc, r-devel-linux-x86_64-fedora-clang, r-devel-linux-x86_64-fedora-gcc, r-devel-osx-x86_64-clang, r-devel-windows-ix86+x86_64, r-patched-linux-x86_64, r-patched-solaris-sparc, r-patched-solaris-x86, r-release-linux-x86_64, r-release-osx-x86_64-mavericks, r-release-windows-ix86+x86_64

Version: 3.0
Check: R code for possible problems
Result: NOTE
    LSD.align: no visible global function definition for ‘plot.new’
    LSD.align: no visible global function definition for ‘plot.window’
    LSD.align: no visible global function definition for ‘title’
    LSD.align: no visible global function definition for ‘axis’
    LSD.align: no visible global function definition for ‘box’
    LSD.align : <anonymous>: no visible global function definition for
     ‘rect’
    LSD.align : <anonymous>: no visible global function definition for
     ‘text’
    LSD.clusterplot: no visible global function definition for ‘plot.new’
    LSD.clusterplot: no visible global function definition for
     ‘plot.window’
    LSD.clusterplot: no visible global function definition for ‘title’
    LSD.clusterplot: no visible global function definition for ‘axis’
    LSD.clusterplot: no visible global function definition for ‘box’
    LSD.clusterplot: no visible global function definition for ‘par’
    LSD.colorpalette: no visible global function definition for
     ‘terrain.colors’
    LSD.colorpalette: no visible global function definition for
     ‘topo.colors’
    LSD.colorpalette: no visible global function definition for
     ‘heat.colors’
    LSD.colorpalette: no visible global function definition for ‘rainbow’
    LSD.colorpalette: no visible global function definition for ‘cm.colors’
    LSD.colorpalette: no visible global function definition for
     ‘colorRampPalette’
    LSD.comparisonplot: no visible global function definition for ‘par’
    LSD.comparisonplot: no visible global function definition for ‘hist’
    LSD.comparisonplot: no visible global function definition for ‘layout’
    LSD.comparisonplot: no visible global function definition for ‘density’
    LSD.comparisonplot: no visible global function definition for ‘abline’
    LSD.comparisonplot: no visible global function definition for ‘lines’
    LSD.comparisonplot: no visible global function definition for ‘barplot’
    LSD.comparisonplot: no visible global function definition for ‘boxplot’
    LSD.complementarycolor: no visible global function definition for
     ‘col2rgb’
    LSD.complementarycolor : <anonymous>: no visible global function
     definition for ‘rgb’
    LSD.convertcolor: no visible global function definition for ‘col2rgb’
    LSD.convertcolor : <anonymous>: no visible global function definition
     for ‘rgb’
    LSD.convertgrey: no visible global function definition for ‘col2rgb’
    LSD.convertgrey : <anonymous>: no visible global function definition
     for ‘rgb’
    LSD.daltonize: no visible global function definition for ‘col2rgb’
    LSD.daltonize : <anonymous>: no visible global function definition for
     ‘rgb’
    LSD.daltonize: no visible global function definition for ‘plot’
    LSD.daltonize: no visible global function definition for ‘rect’
    LSD.daltonize: no visible global function definition for ‘text’
    LSD.daltonize: no visible global function definition for ‘mtext’
    LSD.demotour : LSD.show: no visible global function definition for
     ‘text’
    LSD.demotour: no visible global function definition for ‘par’
    LSD.demotour: no visible global function definition for ‘devAskNewPage’
    LSD.demotour: no visible global function definition for ‘rnorm’
    LSD.demotour: no visible global function definition for ‘kmeans’
    LSD.demotour: no visible global function definition for ‘plot’
    LSD.demotour: no visible global function definition for ‘rect’
    LSD.demotour: no visible global function definition for ‘text’
    LSD.demotour: no visible global function definition for ‘mtext’
    LSD.demotour: no visible global function definition for ‘rf’
    LSD.densitylane: no visible global function definition for ‘rect’
    LSD.disco: no visible global function definition for ‘plot’
    LSD.disco: no visible global function definition for ‘rect’
    LSD.disco: no visible global function definition for ‘text’
    LSD.disco: no visible global function definition for ‘mtext’
    LSD.disco: no visible global function definition for ‘devAskNewPage’
    LSD.display.colorpalette: no visible global function definition for
     ‘plot’
    LSD.display.colorpalette: no visible global function definition for
     ‘rect’
    LSD.display.colorpalette: no visible global function definition for
     ‘text’
    LSD.display.colorpalette: no visible global function definition for
     ‘mtext’
    LSD.display.colorpalette: no visible global function definition for
     ‘devAskNewPage’
    LSD.distinctcolors : <anonymous>: no visible global function definition
     for ‘rgb’
    LSD.distinctcolors: no visible global function definition for ‘runif’
    LSD.distinctcolors: no visible global function definition for ‘hsv’
    LSD.distinctcolors: no visible global function definition for ‘plot’
    LSD.distinctcolors: no visible global function definition for ‘rect’
    LSD.distinctcolors: no visible global function definition for ‘text’
    LSD.distinctcolors: no visible global function definition for ‘mtext’
    LSD.ellipsescatter : ellipse.coordinates: no visible global function
     definition for ‘qchisq’
    LSD.ellipsescatter : add.ellipses: no visible global function
     definition for ‘points’
    LSD.ellipsescatter : add.ellipses: no visible global function
     definition for ‘cor’
    LSD.ellipsescatter : add.ellipses: no visible global function
     definition for ‘sd’
    LSD.ellipsescatter: no visible global function definition for ‘plot’
    LSD.ellipsescatter: no visible global function definition for ‘mtext’
    LSD.ellipsescatter: no visible global function definition for ‘legend’
    LSD.emptyplot: no visible global function definition for ‘plot.new’
    LSD.emptyplot: no visible global function definition for ‘plot.window’
    LSD.fusionplot: no visible global function definition for ‘plot.new’
    LSD.fusionplot: no visible global function definition for ‘plot.window’
    LSD.fusionplot: no visible global function definition for ‘title’
    LSD.fusionplot: no visible global function definition for ‘axis’
    LSD.fusionplot: no visible global function definition for ‘box’
    LSD.fusionplot: no visible global function definition for ‘par’
    LSD.heatbarplot: no visible global function definition for ‘barplot’
    LSD.heatbarplot : colorlane: no visible global function definition for
     ‘rect’
    LSD.heatbarplot: no visible global function definition for ‘rect’
    LSD.heatboxplot: no visible global function definition for ‘quantile’
    LSD.heatboxplot: no visible global function definition for ‘boxplot’
    LSD.heatboxplot: no visible global function definition for ‘mtext’
    LSD.heatboxplot: no visible global function definition for ‘density’
    LSD.heatboxplot: no visible global function definition for ‘rect’
    LSD.heathist: no visible global function definition for ‘hist’
    LSD.heathist: no visible global function definition for ‘density’
    LSD.heathist: no visible global function definition for ‘plot’
    LSD.heathist: no visible global function definition for ‘mtext’
    LSD.heathist: no visible global function definition for ‘par’
    LSD.heathist: no visible global function definition for ‘clip’
    LSD.heathist: no visible binding for global variable ‘clip’
    LSD.heathist: no visible global function definition for ‘lines’
    LSD.heathist: no visible global function definition for ‘rug’
    LSD.heathist: no visible global function definition for ‘box’
    LSD.heatpairs: no visible global function definition for ‘pairs’
    LSD.heatpairs : <anonymous>: no visible global function definition for
     ‘text’
    LSD.heatpairs : <anonymous>: no visible global function definition for
     ‘cor’
    LSD.heatpairs : <anonymous>: no visible global function definition for
     ‘abline’
    LSD.heatpairs : <anonymous>: no visible global function definition for
     ‘points’
    LSD.heatscatter: no visible global function definition for ‘plot’
    LSD.heatscatter: no visible global function definition for ‘mtext’
    LSD.heatscatterpoints : kde2d.adj : bandwidth.nrd.adj: no visible
     global function definition for ‘quantile’
    LSD.heatscatterpoints : kde2d.adj : bandwidth.nrd.adj: no visible
     global function definition for ‘var’
    LSD.heatscatterpoints : kde2d.adj: no visible global function
     definition for ‘dnorm’
    LSD.heatscatterpoints: no visible global function definition for
     ‘points’
    LSD.heatscatterpoints: no visible global function definition for
     ‘contour’
    LSD.intersphere : get.n.overlap: no visible global function definition
     for ‘combn’
    LSD.intersphere: no visible global function definition for ‘plot’
    LSD.intersphere: no visible global function definition for ‘mtext’
    LSD.intersphere : draw.circles: no visible global function definition
     for ‘polygon’
    LSD.intersphere : draw: no visible global function definition for
     ‘text’
    LSD.intersphere : <anonymous>: no visible global function definition
     for ‘combn’
    LSD.intersphere : <anonymous>: no visible global function definition
     for ‘text’
    LSD.linesplot: no visible global function definition for ‘plot’
    LSD.linesplot: no visible global function definition for ‘mtext’
    LSD.linesplot: no visible global function definition for ‘par’
    LSD.linesplot: no visible global function definition for ‘axis’
    LSD.linesplot: no visible global function definition for ‘segments’
    LSD.linesplot: no visible global function definition for ‘boxplot’
    LSD.makemovie : timeline: no visible global function definition for
     ‘splinefun’
    LSD.msdplot: no visible global function definition for ‘plot’
    LSD.msdplot: no visible global function definition for ‘mtext’
    LSD.msdplot: no visible global function definition for ‘axis’
    LSD.msdplot: no visible global function definition for ‘par’
    LSD.pie: no visible global function definition for ‘mtext’
    LSD.pie: no visible global function definition for ‘polygon’
    LSD.pie: no visible global function definition for ‘text’
    LSD.plotit: no visible global function definition for ‘jpeg’
    LSD.plotit: no visible global function definition for ‘png’
    LSD.plotit: no visible global function definition for ‘bmp’
    LSD.plotit: no visible global function definition for ‘tiff’
    LSD.plotit: no visible global function definition for ‘postscript’
    LSD.plotit: no visible global function definition for ‘pdf’
    LSD.plotit: no visible global function definition for ‘dev.off’
    LSD.plotit: no visible global function definition for ‘dev.new’
    LSD.plotmatrix: no visible global function definition for ‘plot’
    LSD.plotmatrix: no visible global function definition for ‘median’
    LSD.plotmatrix: no visible global function definition for ‘mtext’
    LSD.plotmatrix: no visible global function definition for ‘axis’
    LSD.plotmatrix : <anonymous>: no visible global function definition for
     ‘points’
    LSD.plotmatrix: no visible global function definition for ‘points’
    LSD.singleclusterplot : drawline: no visible global function definition
     for ‘lines’
    LSD.singleclusterplot: no visible binding for global variable
     ‘quantile’
    LSD.singleclusterplot: no visible global function definition for
     ‘polygon’
    LSD.singlefusionplot : quantf: no visible global function definition
     for ‘approxfun’
    LSD.singlefusionplot: no visible global function definition for
     ‘polygon’
    LSD.singlefusionplot: no visible global function definition for
     ‘points’
    LSD.singlefusionplot : drawline: no visible global function definition
     for ‘lines’
    LSD.singlemsdplot: no visible binding for global variable ‘sd’
    LSD.singlemsdplot: no visible global function definition for ‘polygon’
    LSD.singlemsdplot: no visible global function definition for ‘lines’
    LSD.singlemsdplot: no visible global function definition for ‘arrows’
    LSD.webdesign: no visible global function definition for ‘abline’
    LSD.webdesign: no visible global function definition for ‘text’
    align: no visible global function definition for ‘plot.new’
    align: no visible global function definition for ‘plot.window’
    align: no visible global function definition for ‘title’
    align: no visible global function definition for ‘axis’
    align: no visible global function definition for ‘box’
    align : <anonymous>: no visible global function definition for ‘rect’
    align : <anonymous>: no visible global function definition for ‘text’
    clusterplot: no visible global function definition for ‘plot.new’
    clusterplot: no visible global function definition for ‘plot.window’
    clusterplot: no visible global function definition for ‘title’
    clusterplot: no visible global function definition for ‘axis’
    clusterplot: no visible global function definition for ‘box’
    clusterplot: no visible global function definition for ‘par’
    colorpalette: no visible global function definition for
     ‘terrain.colors’
    colorpalette: no visible global function definition for ‘topo.colors’
    colorpalette: no visible global function definition for ‘heat.colors’
    colorpalette: no visible global function definition for ‘rainbow’
    colorpalette: no visible global function definition for ‘cm.colors’
    colorpalette: no visible global function definition for
     ‘colorRampPalette’
    comparisonplot: no visible global function definition for ‘par’
    comparisonplot: no visible global function definition for ‘hist’
    comparisonplot: no visible global function definition for ‘layout’
    comparisonplot: no visible global function definition for ‘density’
    comparisonplot: no visible global function definition for ‘abline’
    comparisonplot: no visible global function definition for ‘lines’
    comparisonplot: no visible global function definition for ‘barplot’
    comparisonplot: no visible global function definition for ‘boxplot’
    complementarycolor: no visible global function definition for ‘col2rgb’
    complementarycolor : <anonymous>: no visible global function definition
     for ‘rgb’
    convertcolor: no visible global function definition for ‘col2rgb’
    convertcolor : <anonymous>: no visible global function definition for
     ‘rgb’
    convertgrey: no visible global function definition for ‘col2rgb’
    convertgrey : <anonymous>: no visible global function definition for
     ‘rgb’
    daltonize: no visible global function definition for ‘col2rgb’
    daltonize : <anonymous>: no visible global function definition for
     ‘rgb’
    daltonize: no visible global function definition for ‘plot’
    daltonize: no visible global function definition for ‘rect’
    daltonize: no visible global function definition for ‘text’
    daltonize: no visible global function definition for ‘mtext’
    demotour : LSD.show: no visible global function definition for ‘text’
    demotour: no visible global function definition for ‘par’
    demotour: no visible global function definition for ‘devAskNewPage’
    demotour: no visible global function definition for ‘rnorm’
    demotour: no visible global function definition for ‘kmeans’
    demotour: no visible global function definition for ‘plot’
    demotour: no visible global function definition for ‘rect’
    demotour: no visible global function definition for ‘text’
    demotour: no visible global function definition for ‘mtext’
    demotour: no visible global function definition for ‘rf’
    densitylane: no visible global function definition for ‘rect’
    disco: no visible global function definition for ‘plot’
    disco: no visible global function definition for ‘rect’
    disco: no visible global function definition for ‘text’
    disco: no visible global function definition for ‘mtext’
    disco: no visible global function definition for ‘devAskNewPage’
    display.colorpalette: no visible global function definition for ‘plot’
    display.colorpalette: no visible global function definition for ‘rect’
    display.colorpalette: no visible global function definition for ‘text’
    display.colorpalette: no visible global function definition for ‘mtext’
    display.colorpalette: no visible global function definition for
     ‘devAskNewPage’
    distinctcolors : <anonymous>: no visible global function definition for
     ‘rgb’
    distinctcolors: no visible global function definition for ‘runif’
    distinctcolors: no visible global function definition for ‘hsv’
    distinctcolors: no visible global function definition for ‘plot’
    distinctcolors: no visible global function definition for ‘rect’
    distinctcolors: no visible global function definition for ‘text’
    distinctcolors: no visible global function definition for ‘mtext’
    ellipsescatter : ellipse.coordinates: no visible global function
     definition for ‘qchisq’
    ellipsescatter : add.ellipses: no visible global function definition
     for ‘points’
    ellipsescatter : add.ellipses: no visible global function definition
     for ‘cor’
    ellipsescatter : add.ellipses: no visible global function definition
     for ‘sd’
    ellipsescatter: no visible global function definition for ‘plot’
    ellipsescatter: no visible global function definition for ‘mtext’
    ellipsescatter: no visible global function definition for ‘legend’
    emptyplot: no visible global function definition for ‘plot.new’
    emptyplot: no visible global function definition for ‘plot.window’
    fusionplot: no visible global function definition for ‘plot.new’
    fusionplot: no visible global function definition for ‘plot.window’
    fusionplot: no visible global function definition for ‘title’
    fusionplot: no visible global function definition for ‘axis’
    fusionplot: no visible global function definition for ‘box’
    fusionplot: no visible global function definition for ‘par’
    heatbarplot: no visible global function definition for ‘barplot’
    heatbarplot : colorlane: no visible global function definition for
     ‘rect’
    heatbarplot: no visible global function definition for ‘rect’
    heatboxplot: no visible global function definition for ‘quantile’
    heatboxplot: no visible global function definition for ‘boxplot’
    heatboxplot: no visible global function definition for ‘mtext’
    heatboxplot: no visible global function definition for ‘density’
    heatboxplot: no visible global function definition for ‘rect’
    heathist: no visible global function definition for ‘hist’
    heathist: no visible global function definition for ‘density’
    heathist: no visible global function definition for ‘plot’
    heathist: no visible global function definition for ‘mtext’
    heathist: no visible global function definition for ‘par’
    heathist: no visible global function definition for ‘clip’
    heathist: no visible binding for global variable ‘clip’
    heathist: no visible global function definition for ‘lines’
    heathist: no visible global function definition for ‘rug’
    heathist: no visible global function definition for ‘box’
    heatpairs: no visible global function definition for ‘pairs’
    heatpairs : <anonymous>: no visible global function definition for
     ‘text’
    heatpairs : <anonymous>: no visible global function definition for
     ‘cor’
    heatpairs : <anonymous>: no visible global function definition for
     ‘abline’
    heatpairs : <anonymous>: no visible global function definition for
     ‘points’
    heatscatter: no visible global function definition for ‘plot’
    heatscatter: no visible global function definition for ‘mtext’
    heatscatterpoints : kde2d.adj : bandwidth.nrd.adj: no visible global
     function definition for ‘quantile’
    heatscatterpoints : kde2d.adj : bandwidth.nrd.adj: no visible global
     function definition for ‘var’
    heatscatterpoints : kde2d.adj: no visible global function definition
     for ‘dnorm’
    heatscatterpoints: no visible global function definition for ‘points’
    heatscatterpoints: no visible global function definition for ‘contour’
    intersphere : get.n.overlap: no visible global function definition for
     ‘combn’
    intersphere: no visible global function definition for ‘plot’
    intersphere: no visible global function definition for ‘mtext’
    intersphere : draw.circles: no visible global function definition for
     ‘polygon’
    intersphere : draw: no visible global function definition for ‘text’
    intersphere : <anonymous>: no visible global function definition for
     ‘combn’
    intersphere : <anonymous>: no visible global function definition for
     ‘text’
    linesplot: no visible global function definition for ‘plot’
    linesplot: no visible global function definition for ‘mtext’
    linesplot: no visible global function definition for ‘par’
    linesplot: no visible global function definition for ‘axis’
    linesplot: no visible global function definition for ‘segments’
    linesplot: no visible global function definition for ‘boxplot’
    makemovie : timeline: no visible global function definition for
     ‘splinefun’
    msdplot: no visible global function definition for ‘plot’
    msdplot: no visible global function definition for ‘mtext’
    msdplot: no visible global function definition for ‘axis’
    msdplot: no visible global function definition for ‘par’
    plotit: no visible global function definition for ‘jpeg’
    plotit: no visible global function definition for ‘png’
    plotit: no visible global function definition for ‘bmp’
    plotit: no visible global function definition for ‘tiff’
    plotit: no visible global function definition for ‘postscript’
    plotit: no visible global function definition for ‘pdf’
    plotit: no visible global function definition for ‘dev.off’
    plotit: no visible global function definition for ‘dev.new’
    plotmatrix: no visible global function definition for ‘plot’
    plotmatrix: no visible global function definition for ‘median’
    plotmatrix: no visible global function definition for ‘mtext’
    plotmatrix: no visible global function definition for ‘axis’
    plotmatrix : <anonymous>: no visible global function definition for
     ‘points’
    plotmatrix: no visible global function definition for ‘points’
    singleclusterplot : drawline: no visible global function definition for
     ‘lines’
    singleclusterplot: no visible binding for global variable ‘quantile’
    singleclusterplot: no visible global function definition for ‘polygon’
    singlefusionplot : quantf: no visible global function definition for
     ‘approxfun’
    singlefusionplot: no visible global function definition for ‘polygon’
    singlefusionplot: no visible global function definition for ‘points’
    singlefusionplot : drawline: no visible global function definition for
     ‘lines’
    singlemsdplot: no visible binding for global variable ‘sd’
    singlemsdplot: no visible global function definition for ‘polygon’
    singlemsdplot: no visible global function definition for ‘lines’
    singlemsdplot: no visible global function definition for ‘arrows’
    webdesign: no visible global function definition for ‘abline’
    webdesign: no visible global function definition for ‘text’
    Undefined global functions or variables:
     abline approxfun arrows axis barplot bmp box boxplot clip cm.colors
     col2rgb colorRampPalette combn contour cor density dev.new dev.off
     devAskNewPage dnorm heat.colors hist hsv jpeg kmeans layout legend
     lines median mtext pairs par pdf plot plot.new plot.window png points
     polygon postscript qchisq quantile rainbow rect rf rgb rnorm rug
     runif sd segments splinefun terrain.colors text tiff title
     topo.colors var
    Consider adding
     importFrom("grDevices", "bmp", "cm.colors", "col2rgb",
     "colorRampPalette", "dev.new", "dev.off", "devAskNewPage",
     "heat.colors", "hsv", "jpeg", "pdf", "png", "postscript",
     "rainbow", "rgb", "terrain.colors", "tiff", "topo.colors")
     importFrom("graphics", "abline", "arrows", "axis", "barplot", "box",
     "boxplot", "clip", "contour", "hist", "layout", "legend",
     "lines", "mtext", "pairs", "par", "plot", "plot.new",
     "plot.window", "points", "polygon", "rect", "rug",
     "segments", "text", "title")
     importFrom("stats", "approxfun", "cor", "density", "dnorm", "kmeans",
     "median", "qchisq", "quantile", "rf", "rnorm", "runif",
     "sd", "splinefun", "var")
     importFrom("utils", "combn")
    to your NAMESPACE.
Flavors: r-devel-linux-x86_64-debian-clang, r-devel-linux-x86_64-debian-gcc, r-devel-linux-x86_64-fedora-clang, r-devel-linux-x86_64-fedora-gcc, r-devel-windows-ix86+x86_64