CRAN Package Check Results for Package LSD

Last updated on 2015-04-19 11:51:11.

Flavor Version Tinstall Tcheck Ttotal Status Flags
r-devel-linux-x86_64-debian-clang 3.0 0.89 36.99 37.88 NOTE
r-devel-linux-x86_64-debian-gcc 3.0 0.86 37.07 37.92 NOTE
r-devel-linux-x86_64-fedora-clang 3.0 75.20 NOTE
r-devel-linux-x86_64-fedora-gcc 3.0 76.87 NOTE
r-devel-osx-x86_64-clang 3.0 64.79 NOTE
r-devel-windows-ix86+x86_64 3.0 4.00 63.00 67.00 NOTE
r-patched-linux-x86_64 3.0 0.85 36.68 37.54 NOTE
r-patched-solaris-sparc 3.0 523.30 NOTE
r-patched-solaris-x86 3.0 89.30 NOTE
r-release-linux-x86_64 3.0 0.86 36.86 37.71 NOTE
r-release-osx-x86_64-mavericks 3.0 NOTE
r-release-osx-x86_64-snowleopard 3.0 NOTE
r-release-windows-ix86+x86_64 3.0 3.00 73.00 76.00 NOTE
r-oldrel-windows-ix86+x86_64 3.0 4.00 74.00 78.00 OK

Check Details

Version: 3.0
Check: DESCRIPTION meta-information
Result: NOTE
    Malformed Description field: should contain one or more complete sentences.
Flavors: r-devel-linux-x86_64-debian-clang, r-devel-linux-x86_64-debian-gcc, r-devel-linux-x86_64-fedora-clang, r-devel-linux-x86_64-fedora-gcc, r-devel-osx-x86_64-clang, r-devel-windows-ix86+x86_64, r-patched-linux-x86_64, r-patched-solaris-sparc, r-patched-solaris-x86, r-release-linux-x86_64, r-release-osx-x86_64-mavericks, r-release-osx-x86_64-snowleopard, r-release-windows-ix86+x86_64