CRAN Package Check Results for Package LSD

Last updated on 2015-05-30 08:48:40.

Flavor Version Tinstall Tcheck Ttotal Status Flags
r-devel-linux-x86_64-debian-clang 3.0 0.92 36.83 37.75 NOTE
r-devel-linux-x86_64-debian-gcc 3.0 0.84 36.14 36.98 NOTE
r-devel-linux-x86_64-fedora-clang 3.0 77.22 NOTE
r-devel-linux-x86_64-fedora-gcc 3.0 69.08 NOTE
r-devel-osx-x86_64-clang 3.0 65.45 NOTE
r-devel-windows-ix86+x86_64 3.0 4.00 59.00 63.00 NOTE
r-patched-linux-x86_64 3.0 0.86 36.36 37.21 NOTE
r-patched-solaris-sparc 3.0 520.90 NOTE
r-patched-solaris-x86 3.0 89.90 NOTE
r-release-linux-x86_64 3.0 0.89 38.32 39.20 NOTE
r-release-osx-x86_64-mavericks 3.0 NOTE
r-release-osx-x86_64-snowleopard 3.0 NOTE
r-release-windows-ix86+x86_64 3.0 3.00 73.00 76.00 NOTE
r-oldrel-windows-ix86+x86_64 3.0 4.00 74.00 78.00 OK

Check Details

Version: 3.0
Check: DESCRIPTION meta-information
Result: NOTE
    Malformed Description field: should contain one or more complete sentences.
Flavors: r-devel-linux-x86_64-debian-clang, r-devel-linux-x86_64-debian-gcc, r-devel-linux-x86_64-fedora-clang, r-devel-linux-x86_64-fedora-gcc, r-devel-osx-x86_64-clang, r-devel-windows-ix86+x86_64, r-patched-linux-x86_64, r-patched-solaris-sparc, r-patched-solaris-x86, r-release-linux-x86_64, r-release-osx-x86_64-mavericks, r-release-osx-x86_64-snowleopard, r-release-windows-ix86+x86_64