CRAN Package Check Results for Package LSD

Last updated on 2015-03-31 03:48:34.

Flavor Version Tinstall Tcheck Ttotal Status Flags
r-devel-linux-x86_64-debian-clang 3.0 0.86 36.82 37.69 NOTE
r-devel-linux-x86_64-debian-gcc 3.0 0.85 36.55 37.40 NOTE
r-devel-linux-x86_64-fedora-clang 3.0 74.64 NOTE
r-devel-linux-x86_64-fedora-gcc 3.0 71.20 NOTE
r-devel-osx-x86_64-clang 3.0 65.88 NOTE
r-prerel-windows-ix86+x86_64 3.0 6.00 60.00 66.00 NOTE
r-prerel-linux-x86_64 3.0 0.82 36.60 37.42 NOTE
r-prerel-solaris-sparc 3.0 523.30 NOTE
r-prerel-solaris-x86 3.0 90.40 NOTE
r-release-linux-x86_64 3.0 0.92 43.07 43.99 OK
r-release-osx-x86_64-mavericks 3.0 OK
r-release-osx-x86_64-snowleopard 3.0 OK
r-release-windows-ix86+x86_64 3.0 4.00 74.00 78.00 OK
r-oldrel-windows-ix86+x86_64 3.0 4.00 66.00 70.00 OK

Check Details

Version: 3.0
Check: DESCRIPTION meta-information
Result: NOTE
    Malformed Description field: should contain one or more complete sentences.
Flavors: r-devel-linux-x86_64-debian-clang, r-devel-linux-x86_64-debian-gcc, r-devel-linux-x86_64-fedora-clang, r-devel-linux-x86_64-fedora-gcc, r-devel-osx-x86_64-clang, r-prerel-windows-ix86+x86_64, r-prerel-linux-x86_64, r-prerel-solaris-sparc, r-prerel-solaris-x86