CRAN Package Check Results for Package LSMRealOptions

Last updated on 2021-04-14 09:48:59 CEST.

Flavor Version Tinstall Tcheck Ttotal Status Flags
r-devel-linux-x86_64-debian-clang 0.1.0 3.08 286.39 289.47 NOTE
r-devel-linux-x86_64-debian-gcc 0.1.0 2.18 217.49 219.67 NOTE
r-devel-linux-x86_64-fedora-clang 0.1.0 356.11 NOTE
r-devel-linux-x86_64-fedora-gcc 0.1.0 366.18 NOTE
r-devel-windows-ix86+x86_64 0.1.0 6.00 407.00 413.00 NOTE
r-devel-windows-x86_64-gcc10-UCRT 0.1.0 NOTE
r-patched-linux-x86_64 0.1.0 3.13 285.32 288.45 OK
r-patched-solaris-x86 0.1.0 923.60 OK
r-release-linux-x86_64 0.1.0 2.49 287.04 289.53 OK
r-release-macos-x86_64 0.1.0 OK
r-release-windows-ix86+x86_64 0.1.0 5.00 398.00 403.00 OK
r-oldrel-macos-x86_64 0.1.0 OK
r-oldrel-windows-ix86+x86_64 0.1.0 5.00 319.00 324.00 OK

Check Details

Version: 0.1.0
Check: LazyData
Result: NOTE
     'LazyData' is specified without a 'data' directory
Flavors: r-devel-linux-x86_64-debian-clang, r-devel-linux-x86_64-debian-gcc, r-devel-linux-x86_64-fedora-clang, r-devel-linux-x86_64-fedora-gcc, r-devel-windows-ix86+x86_64, r-devel-windows-x86_64-gcc10-UCRT