CRAN Package Check Results for Package LSTS

Last updated on 2021-12-01 03:55:32 CET.

Flavor Version Tinstall Tcheck Ttotal Status Flags
r-devel-linux-x86_64-debian-clang 2.1 5.20 76.60 81.80 OK
r-devel-linux-x86_64-debian-gcc 2.1 4.10 61.34 65.44 OK
r-devel-linux-x86_64-fedora-clang 2.1 107.35 NOTE
r-devel-linux-x86_64-fedora-gcc 2.1 101.26 NOTE
r-devel-windows-x86_64-new-UL 2.1 14.00 108.00 122.00 OK
r-devel-windows-x86_64-new-TK 2.1 NOTE
r-devel-windows-x86_64-old 2.1 10.00 74.00 84.00 OK
r-patched-linux-x86_64 2.1 4.86 69.96 74.82 OK
r-patched-solaris-x86 2.1 126.20 NOTE
r-release-linux-x86_64 2.1 4.63 71.50 76.13 OK
r-release-macos-arm64 2.1 NOTE
r-release-macos-x86_64 2.1 NOTE
r-release-windows-ix86+x86_64 2.1 14.00 65.00 79.00 OK
r-oldrel-macos-x86_64 2.1 NOTE
r-oldrel-windows-ix86+x86_64 2.1 11.00 69.00 80.00 OK

Check Details

Version: 2.1
Check: dependencies in R code
Result: NOTE
    Namespace in Imports field not imported from: ‘Rdpack’
     All declared Imports should be used.
Flavors: r-devel-linux-x86_64-fedora-clang, r-devel-linux-x86_64-fedora-gcc, r-devel-windows-x86_64-new-TK, r-patched-solaris-x86, r-release-macos-arm64, r-release-macos-x86_64, r-oldrel-macos-x86_64