CRAN Package Check Results for Package LTPDvar

Last updated on 2017-11-24 14:49:44 CET.

Flavor Version Tinstall Tcheck Ttotal Status Flags
r-devel-linux-x86_64-debian-clang 1.2 0.95 49.47 50.42 NOTE
r-devel-linux-x86_64-debian-gcc 1.2 0.83 44.38 45.21 NOTE
r-devel-linux-x86_64-fedora-clang 1.2 32.48 NOTE
r-devel-linux-x86_64-fedora-gcc 1.2 31.71 NOTE
r-devel-windows-ix86+x86_64 1.2 4.00 41.00 45.00 NOTE
r-patched-linux-x86_64 1.2 1.12 52.40 53.52 NOTE
r-patched-solaris-x86 1.2 43.90 NOTE
r-release-linux-x86_64 1.2 0.91 53.19 54.10 NOTE
r-release-windows-ix86+x86_64 1.2 3.00 41.00 44.00 NOTE
r-release-osx-x86_64 1.2 NOTE
r-oldrel-windows-ix86+x86_64 1.2 2.00 40.00 42.00 NOTE
r-oldrel-osx-x86_64 1.2 NOTE

Check Details

Version: 1.2
Check: R code for possible problems
Result: NOTE
    OC : Lnapprox: no visible global function definition for ‘pnorm’
    OC : Lnapprox: no visible global function definition for ‘qnorm’
    OC : Lt: no visible global function definition for ‘pt’
    OC : Lt: no visible global function definition for ‘qnorm’
    OC : OC_emwa2: no visible global function definition for ‘pnorm’
    OC : OC_emwa2: no visible global function definition for ‘qnorm’
    OC: no visible global function definition for ‘pnorm’
    OC: no visible global function definition for ‘qnorm’
    cmBE : LAtHy: no visible global function definition for ‘phyper’
    cmBE: no visible global function definition for ‘uniroot’
    planAOQL : Gderivacex: no visible global function definition for
     ‘pnorm’
    planAOQL : Mnk: no visible global function definition for ‘uniroot’
    planAOQL : k0AOQL : delta: no visible global function definition for
     ‘pnorm’
    planAOQL : alpha0: no visible global function definition for ‘pnorm’
    planAOQL : alpha0: no visible global function definition for ‘qnorm’
    planAOQL : fMSmodq2: no visible global function definition for
     ‘optimize’
    planAOQL : kAOQL: no visible global function definition for ‘uniroot’
    planLTPD : nAPPROXL : k0L : g: no visible global function definition
     for ‘qnorm’
    planLTPD : nAPPROXL : k0L : h: no visible global function definition
     for ‘qnorm’
    planLTPD : nAPPROXL : k0L: no visible global function definition for
     ‘qnorm’
    planLTPD : nAPPROXL : alpha0: no visible global function definition for
     ‘pnorm’
    planLTPD : nAPPROXL : alpha0: no visible global function definition for
     ‘qnorm’
    planLTPD : nAPPROXL: no visible global function definition for
     ‘uniroot’
    planLTPD : kEWMA: no visible global function definition for ‘uniroot’
    Undefined global functions or variables:
     optimize phyper pnorm pt qnorm uniroot
    Consider adding
     importFrom("stats", "optimize", "phyper", "pnorm", "pt", "qnorm",
     "uniroot")
    to your NAMESPACE file.
Flavors: r-devel-linux-x86_64-debian-clang, r-devel-linux-x86_64-debian-gcc, r-devel-linux-x86_64-fedora-clang, r-devel-linux-x86_64-fedora-gcc, r-devel-windows-ix86+x86_64, r-patched-linux-x86_64, r-patched-solaris-x86, r-release-linux-x86_64, r-release-windows-ix86+x86_64, r-release-osx-x86_64, r-oldrel-windows-ix86+x86_64, r-oldrel-osx-x86_64