CRAN Package Check Results for Package LTRCforests

Last updated on 2022-12-07 16:49:28 CET.

Flavor Version Tinstall Tcheck Ttotal Status Flags
r-devel-linux-x86_64-debian-clang 0.5.5 35.18 120.04 155.22 WARN
r-devel-linux-x86_64-debian-gcc 0.5.5 27.21 91.11 118.32 WARN
r-devel-linux-x86_64-fedora-clang 0.5.5 213.70 WARN
r-devel-linux-x86_64-fedora-gcc 0.5.5 204.47 WARN
r-devel-windows-x86_64 0.5.5 64.00 159.00 223.00 OK
r-patched-linux-x86_64 0.5.5 31.63 114.76 146.39 OK
r-release-linux-x86_64 0.5.5 28.05 116.11 144.16 OK
r-release-macos-arm64 0.5.5 53.00 NOTE
r-release-macos-x86_64 0.5.5 98.00 OK
r-release-windows-x86_64 0.5.5 54.00 139.00 193.00 OK
r-oldrel-macos-arm64 0.5.5 58.00 NOTE
r-oldrel-macos-x86_64 0.5.5 88.00 OK
r-oldrel-windows-ix86+x86_64 0.5.5 75.00 182.00 257.00 OK

Check Details

Version: 0.5.5
Check: whether package can be installed
Result: WARN
    Found the following significant warnings:
     ./LTRCforests.h:449:24: warning: a function declaration without a prototype is deprecated in all versions of C [-Wstrict-prototypes]
     ./LTRCforests.h:450:27: warning: a function declaration without a prototype is deprecated in all versions of C [-Wstrict-prototypes]
     ./LTRCforests.h:728:20: warning: a function declaration without a prototype is deprecated in all versions of C [-Wstrict-prototypes]
     ./LTRCforests.h:753:27: warning: a function declaration without a prototype is deprecated in all versions of C [-Wstrict-prototypes]
     ./LTRCforests.h:1201:33: warning: a function declaration without a prototype is deprecated in all versions of C [-Wstrict-prototypes]
     ./LTRCforests.h:1844:39: warning: a function declaration without a prototype is deprecated in all versions of C [-Wstrict-prototypes]
     ./LTRCforests.h:1845:36: warning: a function declaration without a prototype is deprecated in all versions of C [-Wstrict-prototypes]
     ./LTRCforests.h:1857:17: warning: a function declaration without a prototype is deprecated in all versions of C [-Wstrict-prototypes]
     ./LTRCforests.h:1864:22: warning: a function declaration without a prototype is deprecated in all versions of C [-Wstrict-prototypes]
     ./LTRCforests.h:1877:33: warning: a function declaration without a prototype is deprecated in all versions of C [-Wstrict-prototypes]
     ./LTRCforests.h:1878:35: warning: a function declaration without a prototype is deprecated in all versions of C [-Wstrict-prototypes]
     ./LTRCforests.h:1879:34: warning: a function declaration without a prototype is deprecated in all versions of C [-Wstrict-prototypes]
     ./LTRCforests.h:1880:36: warning: a function declaration without a prototype is deprecated in all versions of C [-Wstrict-prototypes]
     ./LTRCforests.h:1881:34: warning: a function declaration without a prototype is deprecated in all versions of C [-Wstrict-prototypes]
     ./LTRCforests.h:1882:36: warning: a function declaration without a prototype is deprecated in all versions of C [-Wstrict-prototypes]
     ./LTRCforests.h:1951:23: warning: a function declaration without a prototype is deprecated in all versions of C [-Wstrict-prototypes]
     ./LTRCforests.h:2163:12: warning: a function declaration without a prototype is deprecated in all versions of C [-Wstrict-prototypes]
     ./LTRCforests.h:2165:24: warning: a function declaration without a prototype is deprecated in all versions of C [-Wstrict-prototypes]
     ./LTRCforests.h:2181:23: warning: a function declaration without a prototype is deprecated in all versions of C [-Wstrict-prototypes]
     LTRCforests.c:1485:24: warning: a function declaration without a prototype is deprecated in all versions of C [-Wstrict-prototypes]
     LTRCforests.c:1582:27: warning: a function declaration without a prototype is deprecated in all versions of C [-Wstrict-prototypes]
     LTRCforests.c:5806:20: warning: a function declaration without a prototype is deprecated in all versions of C [-Wstrict-prototypes]
     LTRCforests.c:6060:27: warning: a function declaration without a prototype is deprecated in all versions of C [-Wstrict-prototypes]
     ./splitCustom.h:22:29: warning: a function declaration without a prototype is deprecated in all versions of C [-Wstrict-prototypes]
     LTRCforests.c:11915:33: warning: a function declaration without a prototype is deprecated in all versions of C [-Wstrict-prototypes]
     LTRCforests.c:22014:39: warning: a function declaration without a prototype is deprecated in all versions of C [-Wstrict-prototypes]
     LTRCforests.c:22320:17: warning: a function declaration without a prototype is deprecated in all versions of C [-Wstrict-prototypes]
     LTRCforests.c:22729:33: warning: a function declaration without a prototype is deprecated in all versions of C [-Wstrict-prototypes]
     LTRCforests.c:22764:35: warning: a function declaration without a prototype is deprecated in all versions of C [-Wstrict-prototypes]
     LTRCforests.c:22778:34: warning: a function declaration without a prototype is deprecated in all versions of C [-Wstrict-prototypes]
     LTRCforests.c:22815:36: warning: a function declaration without a prototype is deprecated in all versions of C [-Wstrict-prototypes]
     LTRCforests.c:22823:34: warning: a function declaration without a prototype is deprecated in all versions of C [-Wstrict-prototypes]
     LTRCforests.c:22846:36: warning: a function declaration without a prototype is deprecated in all versions of C [-Wstrict-prototypes]
     LTRCforests.c:22855:22: warning: a function declaration without a prototype is deprecated in all versions of C [-Wstrict-prototypes]
     LTRCforests.c:23736:23: warning: a function declaration without a prototype is deprecated in all versions of C [-Wstrict-prototypes]
     LTRCforests.c:27175:12: warning: a function declaration without a prototype is deprecated in all versions of C [-Wstrict-prototypes]
     LTRCforests.c:27188:24: warning: a function declaration without a prototype is deprecated in all versions of C [-Wstrict-prototypes]
     LTRCforests.c:27372:23: warning: a function declaration without a prototype is deprecated in all versions of C [-Wstrict-prototypes]
     splitCustom.c:22:29: warning: a function declaration without a prototype is deprecated in all versions of C [-Wstrict-prototypes]
Flavors: r-devel-linux-x86_64-debian-clang, r-devel-linux-x86_64-fedora-clang

Version: 0.5.5
Check: compiled code
Result: WARN
    File 'LTRCforests/libs/LTRCforests.so':
     Found '__vsprintf_chk', possibly from 'vsprintf' (C)
     Object: 'LTRCforests.o'
    
    Compiled code should not call entry points which might terminate R nor
    write to stdout/stderr instead of to the console, nor use Fortran I/O
    nor system RNGs nor [v]sprintf.
    
    See 'Writing portable packages' in the 'Writing R Extensions' manual.
Flavors: r-devel-linux-x86_64-debian-clang, r-devel-linux-x86_64-debian-gcc, r-devel-linux-x86_64-fedora-gcc

Version: 0.5.5
Check: whether package can be installed
Result: WARN
    Found the following significant warnings:
     LTRCforests.h:449:1: warning: function declaration isn’t a prototype [-Wstrict-prototypes]
     LTRCforests.h:450:1: warning: function declaration isn’t a prototype [-Wstrict-prototypes]
     LTRCforests.h:728:1: warning: function declaration isn’t a prototype [-Wstrict-prototypes]
     LTRCforests.h:753:1: warning: function declaration isn’t a prototype [-Wstrict-prototypes]
     LTRCforests.h:1201:1: warning: function declaration isn’t a prototype [-Wstrict-prototypes]
     LTRCforests.h:1844:1: warning: function declaration isn’t a prototype [-Wstrict-prototypes]
     LTRCforests.h:1845:1: warning: function declaration isn’t a prototype [-Wstrict-prototypes]
     LTRCforests.h:1857:1: warning: function declaration isn’t a prototype [-Wstrict-prototypes]
     LTRCforests.h:1864:1: warning: function declaration isn’t a prototype [-Wstrict-prototypes]
     LTRCforests.h:1877:1: warning: function declaration isn’t a prototype [-Wstrict-prototypes]
     LTRCforests.h:1878:1: warning: function declaration isn’t a prototype [-Wstrict-prototypes]
     LTRCforests.h:1879:1: warning: function declaration isn’t a prototype [-Wstrict-prototypes]
     LTRCforests.h:1880:1: warning: function declaration isn’t a prototype [-Wstrict-prototypes]
     LTRCforests.h:1881:1: warning: function declaration isn’t a prototype [-Wstrict-prototypes]
     LTRCforests.h:1882:1: warning: function declaration isn’t a prototype [-Wstrict-prototypes]
     LTRCforests.h:1951:1: warning: function declaration isn’t a prototype [-Wstrict-prototypes]
     LTRCforests.h:2163:1: warning: function declaration isn’t a prototype [-Wstrict-prototypes]
     LTRCforests.h:2165:1: warning: function declaration isn’t a prototype [-Wstrict-prototypes]
     LTRCforests.h:2181:1: warning: function declaration isn’t a prototype [-Wstrict-prototypes]
     LTRCforests.c:1485:6: warning: function declaration isn’t a prototype [-Wstrict-prototypes]
     LTRCforests.c:1582:6: warning: function declaration isn’t a prototype [-Wstrict-prototypes]
     LTRCforests.c:5806:6: warning: function declaration isn’t a prototype [-Wstrict-prototypes]
     LTRCforests.c:6060:13: warning: function declaration isn’t a prototype [-Wstrict-prototypes]
     splitCustom.h:22:1: warning: function declaration isn’t a prototype [-Wstrict-prototypes]
     LTRCforests.c:11915:16: warning: function declaration isn’t a prototype [-Wstrict-prototypes]
     LTRCforests.c:22014:6: warning: function declaration isn’t a prototype [-Wstrict-prototypes]
     LTRCforests.c:22320:6: warning: function declaration isn’t a prototype [-Wstrict-prototypes]
     LTRCforests.c:22729:6: warning: function declaration isn’t a prototype [-Wstrict-prototypes]
     LTRCforests.c:22764:6: warning: function declaration isn’t a prototype [-Wstrict-prototypes]
     LTRCforests.c:22778:6: warning: function declaration isn’t a prototype [-Wstrict-prototypes]
     LTRCforests.c:22815:6: warning: function declaration isn’t a prototype [-Wstrict-prototypes]
     LTRCforests.c:22823:6: warning: function declaration isn’t a prototype [-Wstrict-prototypes]
     LTRCforests.c:22846:6: warning: function declaration isn’t a prototype [-Wstrict-prototypes]
     LTRCforests.c:22855:6: warning: function declaration isn’t a prototype [-Wstrict-prototypes]
     LTRCforests.c:23736:11: warning: function declaration isn’t a prototype [-Wstrict-prototypes]
     LTRCforests.c:27175:6: warning: function declaration isn’t a prototype [-Wstrict-prototypes]
     LTRCforests.c:27188:6: warning: function declaration isn’t a prototype [-Wstrict-prototypes]
     LTRCforests.c:27372:6: warning: function declaration isn’t a prototype [-Wstrict-prototypes]
     splitCustom.c:22:6: warning: function declaration isn’t a prototype [-Wstrict-prototypes]
Flavors: r-devel-linux-x86_64-debian-gcc, r-devel-linux-x86_64-fedora-gcc

Version: 0.5.5
Check: compiled code
Result: WARN
    File ‘LTRCforests/libs/LTRCforests.so’:
     Found ‘vsprintf’, possibly from ‘vsprintf’ (C)
     Object: ‘LTRCforests.o’
    
    Compiled code should not call entry points which might terminate R nor
    write to stdout/stderr instead of to the console, nor use Fortran I/O
    nor system RNGs nor [v]sprintf.
    
    See ‘Writing portable packages’ in the ‘Writing R Extensions’ manual.
Flavor: r-devel-linux-x86_64-fedora-clang

Version: 0.5.5
Check: package dependencies
Result: NOTE
    Package suggested but not available for checking: ‘LTRCtrees’
Flavors: r-release-macos-arm64, r-oldrel-macos-arm64

Version: 0.5.5
Check: Rd cross-references
Result: NOTE
    Package unavailable to check Rd xrefs: ‘LTRCtrees’
Flavors: r-release-macos-arm64, r-oldrel-macos-arm64