CRAN Package Check Results for Package LTRCtrees

Last updated on 2024-05-25 09:48:27 CEST.

Flavor Version Tinstall Tcheck Ttotal Status Flags
r-devel-linux-x86_64-debian-clang 1.1.1 2.05 71.39 73.44 NOTE
r-devel-linux-x86_64-debian-gcc 1.1.1 2.24 48.42 50.66 NOTE
r-devel-linux-x86_64-fedora-clang 1.1.1 89.52 NOTE
r-devel-linux-x86_64-fedora-gcc 1.1.1 97.13 NOTE
r-devel-windows-x86_64 1.1.1 3.00 66.00 69.00 NOTE
r-patched-linux-x86_64 1.1.1 2.99 68.11 71.10 NOTE
r-release-linux-x86_64 1.1.1 2.91 67.65 70.56 NOTE
r-release-macos-arm64 1.1.1 32.00 NOTE
r-release-macos-x86_64 1.1.1 68.00 NOTE
r-release-windows-x86_64 1.1.1 4.00 68.00 72.00 NOTE
r-oldrel-macos-arm64 1.1.1 34.00 NOTE
r-oldrel-macos-x86_64 1.1.1 73.00 NOTE
r-oldrel-windows-x86_64 1.1.1 4.00 74.00 78.00 NOTE

Check Details

Version: 1.1.1
Check: LazyData
Result: NOTE 'LazyData' is specified without a 'data' directory Flavors: r-devel-linux-x86_64-debian-clang, r-devel-linux-x86_64-debian-gcc, r-devel-linux-x86_64-fedora-clang, r-devel-linux-x86_64-fedora-gcc, r-devel-windows-x86_64, r-patched-linux-x86_64, r-release-linux-x86_64, r-release-macos-arm64, r-release-macos-x86_64, r-release-windows-x86_64, r-oldrel-macos-arm64, r-oldrel-macos-x86_64, r-oldrel-windows-x86_64

Version: 1.1.1
Check: dependencies in R code
Result: NOTE Namespaces in Imports field not imported from: ‘Icens’ ‘interval’ All declared Imports should be used. Flavors: r-devel-linux-x86_64-fedora-clang, r-devel-linux-x86_64-fedora-gcc