CRAN Package Check Results for Package LVMMCOR

Last updated on 2014-07-25 10:52:00.

Flavor Version Tinstall Tcheck Ttotal Status Flags
r-devel-linux-x86_64-debian-clang 0.01.1 0.76 13.92 14.68 NOTE
r-devel-linux-x86_64-debian-gcc 0.01.1 0.74 13.76 14.50 NOTE
r-devel-linux-x86_64-fedora-clang 0.01.1 29.54 NOTE
r-devel-linux-x86_64-fedora-gcc 0.01.1 29.79 NOTE
r-devel-osx-x86_64-clang 0.01.1 31.50 NOTE
r-devel-windows-ix86+x86_64 0.01.1 3.00 24.00 27.00 NOTE
r-patched-linux-x86_64 0.01.1 0.77 13.96 14.73 NOTE
r-patched-solaris-sparc 0.01.1 176.20 NOTE
r-patched-solaris-x86 0.01.1 41.40 NOTE
r-release-linux-ix86 0.01.1 1.08 20.80 21.89 NOTE
r-release-linux-x86_64 0.01.1 0.80 14.40 15.20 NOTE
r-release-osx-x86_64-mavericks 0.01.1 NOTE
r-release-osx-x86_64-snowleopard 0.01.1 OK
r-release-windows-ix86+x86_64 0.01.1 3.00 25.00 28.00 NOTE
r-oldrel-windows-ix86+x86_64 0.01.1 3.00 26.00 29.00 NOTE

Check Details

Version: 0.01.1
Check: dependencies in R code
Result: NOTE
    Packages in Depends field not imported from:
     ‘MASS’ ‘nlme’
     These packages need to be imported from (in the NAMESPACE file)
     for when this namespace is loaded but not attached.
    See the information on DESCRIPTION files in the chapter ‘Creating R
    packages’ of the ‘Writing R Extensions’ manual.
Flavors: r-devel-linux-x86_64-debian-clang, r-devel-linux-x86_64-debian-gcc, r-devel-linux-x86_64-fedora-clang, r-devel-linux-x86_64-fedora-gcc, r-devel-osx-x86_64-clang, r-devel-windows-ix86+x86_64, r-patched-linux-x86_64, r-patched-solaris-sparc, r-patched-solaris-x86, r-release-linux-ix86, r-release-linux-x86_64, r-release-osx-x86_64-mavericks, r-release-windows-ix86+x86_64, r-oldrel-windows-ix86+x86_64