CRAN Package Check Results for Package LVMMCOR

Last updated on 2014-09-19 23:46:52.

Flavor Version Tinstall Tcheck Ttotal Status Flags
r-devel-linux-x86_64-debian-clang 0.01.1 0.75 14.13 14.88 NOTE
r-devel-linux-x86_64-debian-gcc 0.01.1 0.73 13.70 14.44 NOTE
r-devel-linux-x86_64-fedora-clang 0.01.1 28.73 NOTE
r-devel-linux-x86_64-fedora-gcc 0.01.1 27.93 NOTE
r-devel-osx-x86_64-clang 0.01.1 31.56 NOTE
r-devel-windows-ix86+x86_64 0.01.1 3.00 23.00 26.00 NOTE
r-patched-linux-x86_64 0.01.1 0.77 14.73 15.50 NOTE
r-patched-solaris-sparc 0.01.1 196.30 NOTE
r-patched-solaris-x86 0.01.1 41.80 NOTE
r-release-linux-ix86 0.01.1 1.12 21.00 22.12 NOTE
r-release-linux-x86_64 0.01.1 0.79 14.93 15.72 NOTE
r-release-osx-x86_64-mavericks 0.01.1 NOTE
r-release-osx-x86_64-snowleopard 0.01.1 OK
r-release-windows-ix86+x86_64 0.01.1 4.00 26.00 30.00 NOTE
r-oldrel-windows-ix86+x86_64 0.01.1 3.00 27.00 30.00 NOTE

Check Details

Version: 0.01.1
Check: dependencies in R code
Result: NOTE
    Packages in Depends field not imported from:
     ‘MASS’ ‘nlme’
     These packages need to be imported from (in the NAMESPACE file)
     for when this namespace is loaded but not attached.
    See the information on DESCRIPTION files in the chapter ‘Creating R
    packages’ of the ‘Writing R Extensions’ manual.
Flavors: r-devel-linux-x86_64-debian-clang, r-devel-linux-x86_64-debian-gcc, r-devel-linux-x86_64-fedora-clang, r-devel-linux-x86_64-fedora-gcc, r-devel-osx-x86_64-clang, r-devel-windows-ix86+x86_64, r-patched-linux-x86_64, r-patched-solaris-sparc, r-patched-solaris-x86, r-release-linux-ix86, r-release-linux-x86_64, r-release-osx-x86_64-mavericks, r-release-windows-ix86+x86_64, r-oldrel-windows-ix86+x86_64

Version: 0.01.1
Check: R code for possible problems
Result: NOTE
    LVMMCOR.default: no visible global function definition for ‘fdHess’
    LVMMCOR.default: no visible global function definition for ‘ginv’
Flavors: r-devel-linux-x86_64-debian-clang, r-devel-linux-x86_64-debian-gcc, r-devel-linux-x86_64-fedora-clang, r-devel-linux-x86_64-fedora-gcc, r-devel-osx-x86_64-clang, r-devel-windows-ix86+x86_64