CRAN Package Check Results for Package LVMMCOR

Last updated on 2014-11-26 23:48:44.

Flavor Version Tinstall Tcheck Ttotal Status Flags
r-devel-linux-x86_64-debian-clang 0.01.1 0.78 14.12 14.90 NOTE
r-devel-linux-x86_64-debian-gcc 0.01.1 0.76 14.19 14.96 NOTE
r-devel-linux-x86_64-fedora-clang 0.01.1 31.37 NOTE
r-devel-linux-x86_64-fedora-gcc 0.01.1 30.30 NOTE
r-devel-osx-x86_64-clang 0.01.1 32.30 NOTE
r-devel-windows-ix86+x86_64 0.01.1 4.00 24.00 28.00 NOTE
r-patched-linux-x86_64 0.01.1 0.80 14.86 15.67 NOTE
r-patched-solaris-sparc 0.01.1 176.30 NOTE
r-patched-solaris-x86 0.01.1 42.80 NOTE
r-release-linux-ix86 0.01.1 1.07 20.49 21.56 NOTE
r-release-linux-x86_64 0.01.1 0.79 14.74 15.52 NOTE
r-release-osx-x86_64-mavericks 0.01.1 NOTE
r-release-osx-x86_64-snowleopard 0.01.1 OK
r-release-windows-ix86+x86_64 0.01.1 4.00 24.00 28.00 NOTE
r-oldrel-windows-ix86+x86_64 0.01.1 4.00 26.00 30.00 NOTE

Check Details

Version: 0.01.1
Check: dependencies in R code
Result: NOTE
    Packages in Depends field not imported from:
     ‘MASS’ ‘nlme’
     These packages need to be imported from (in the NAMESPACE file)
     for when this namespace is loaded but not attached.
    See the information on DESCRIPTION files in the chapter ‘Creating R
    packages’ of the ‘Writing R Extensions’ manual.
Flavors: r-devel-linux-x86_64-debian-clang, r-devel-linux-x86_64-debian-gcc, r-devel-linux-x86_64-fedora-clang, r-devel-linux-x86_64-fedora-gcc, r-devel-osx-x86_64-clang, r-devel-windows-ix86+x86_64, r-patched-linux-x86_64, r-patched-solaris-sparc, r-patched-solaris-x86, r-release-linux-ix86, r-release-linux-x86_64, r-release-osx-x86_64-mavericks, r-release-windows-ix86+x86_64, r-oldrel-windows-ix86+x86_64

Version: 0.01.1
Check: R code for possible problems
Result: NOTE
    LVMMCOR.default: no visible global function definition for ‘fdHess’
    LVMMCOR.default: no visible global function definition for ‘ginv’
Flavors: r-devel-linux-x86_64-debian-clang, r-devel-linux-x86_64-debian-gcc, r-devel-linux-x86_64-fedora-clang, r-devel-linux-x86_64-fedora-gcc, r-devel-osx-x86_64-clang, r-devel-windows-ix86+x86_64, r-patched-linux-x86_64, r-patched-solaris-sparc, r-patched-solaris-x86, r-release-linux-ix86, r-release-linux-x86_64, r-release-windows-ix86+x86_64