CRAN Package Check Results for Package LVMMCOR

Last updated on 2016-02-07 03:50:40.

Flavor Version Tinstall Tcheck Ttotal Status Flags
r-devel-linux-x86_64-debian-gcc 0.01.1 0.78 11.57 12.35 NOTE
r-devel-linux-x86_64-fedora-clang 0.01.1 22.98 NOTE
r-devel-linux-x86_64-fedora-gcc 0.01.1 21.59 NOTE
r-devel-osx-x86_64-clang 0.01.1 26.45 NOTE
r-devel-windows-ix86+x86_64 0.01.1 5.00 27.00 32.00 NOTE
r-patched-linux-x86_64 0.01.1 0.80 12.63 13.43 NOTE
r-patched-solaris-sparc 0.01.1 154.40 NOTE
r-patched-solaris-x86 0.01.1 33.10 NOTE
r-release-linux-x86_64 0.01.1 0.70 12.39 13.09 NOTE
r-release-osx-x86_64-mavericks 0.01.1 NOTE
r-release-windows-ix86+x86_64 0.01.1 3.00 26.00 29.00 NOTE
r-oldrel-windows-ix86+x86_64 0.01.1 6.00 31.00 37.00 NOTE

Check Details

Version: 0.01.1
Check: DESCRIPTION meta-information
Result: NOTE
    Malformed Description field: should contain one or more complete sentences.
Flavors: r-devel-linux-x86_64-debian-gcc, r-devel-linux-x86_64-fedora-clang, r-devel-linux-x86_64-fedora-gcc, r-devel-osx-x86_64-clang, r-devel-windows-ix86+x86_64, r-patched-linux-x86_64, r-patched-solaris-sparc, r-patched-solaris-x86, r-release-linux-x86_64, r-release-osx-x86_64-mavericks, r-release-windows-ix86+x86_64

Version: 0.01.1
Check: dependencies in R code
Result: NOTE
    Packages in Depends field not imported from:
     ‘MASS’ ‘nlme’
     These packages need to be imported from (in the NAMESPACE file)
     for when this namespace is loaded but not attached.
Flavors: r-devel-linux-x86_64-debian-gcc, r-devel-linux-x86_64-fedora-clang, r-devel-linux-x86_64-fedora-gcc, r-devel-osx-x86_64-clang, r-devel-windows-ix86+x86_64, r-patched-linux-x86_64, r-patched-solaris-sparc, r-patched-solaris-x86, r-release-linux-x86_64, r-release-osx-x86_64-mavericks, r-release-windows-ix86+x86_64, r-oldrel-windows-ix86+x86_64

Version: 0.01.1
Check: S3 generic/method consistency
Result: NOTE
    Found the following apparent S3 methods exported but not registered:
     LVMMCOR.default
    See section ‘Registering S3 methods’ in the ‘Writing R Extensions’
    manual.
Flavors: r-devel-linux-x86_64-debian-gcc, r-devel-linux-x86_64-fedora-clang, r-devel-linux-x86_64-fedora-gcc, r-devel-osx-x86_64-clang, r-patched-linux-x86_64, r-patched-solaris-sparc, r-patched-solaris-x86, r-release-linux-x86_64

Version: 0.01.1
Check: R code for possible problems
Result: NOTE
    LVMMCOR.default : f: no visible global function definition for ‘pnorm’
    LVMMCOR.default : f: no visible global function definition for ‘dnorm’
    LVMMCOR.default: no visible global function definition for ‘nlminb’
    LVMMCOR.default: no visible global function definition for ‘fdHess’
    LVMMCOR.default: no visible global function definition for ‘ginv’
    Undefined global functions or variables:
     dnorm fdHess ginv nlminb pnorm
    Consider adding
     importFrom("stats", "dnorm", "nlminb", "pnorm")
    to your NAMESPACE file.
Flavors: r-devel-linux-x86_64-debian-gcc, r-devel-linux-x86_64-fedora-clang, r-devel-linux-x86_64-fedora-gcc, r-devel-osx-x86_64-clang, r-devel-windows-ix86+x86_64

Version: 0.01.1
Check: R code for possible problems
Result: NOTE
    LVMMCOR.default: no visible global function definition for ‘fdHess’
    LVMMCOR.default: no visible global function definition for ‘ginv’
Flavors: r-patched-linux-x86_64, r-patched-solaris-sparc, r-patched-solaris-x86, r-release-linux-x86_64, r-release-osx-x86_64-mavericks, r-release-windows-ix86+x86_64, r-oldrel-windows-ix86+x86_64