CRAN Package Check Results for Package LVMMCOR

Last updated on 2018-02-24 23:49:04 CET.

Flavor Version Tinstall Tcheck Ttotal Status Flags
r-devel-linux-x86_64-debian-clang 0.01.1 0.95 21.93 22.88 NOTE
r-devel-linux-x86_64-debian-gcc 0.01.1 0.98 19.68 20.66 NOTE
r-devel-linux-x86_64-fedora-clang 0.01.1 28.06 NOTE
r-devel-linux-x86_64-fedora-gcc 0.01.1 26.64 NOTE
r-devel-windows-ix86+x86_64 0.01.1 4.00 44.00 48.00 NOTE
r-patched-linux-x86_64 0.01.1 1.17 22.38 23.55 NOTE
r-patched-solaris-x86 0.01.1 36.50 NOTE
r-release-linux-x86_64 0.01.1 1.20 22.37 23.57 NOTE
r-release-windows-ix86+x86_64 0.01.1 4.00 44.00 48.00 NOTE
r-release-osx-x86_64 0.01.1 NOTE
r-oldrel-windows-ix86+x86_64 0.01.1 3.00 41.00 44.00 NOTE
r-oldrel-osx-x86_64 0.01.1 NOTE

Check Details

Version: 0.01.1
Check: DESCRIPTION meta-information
Result: NOTE
    Malformed Description field: should contain one or more complete sentences.
Flavors: r-devel-linux-x86_64-debian-clang, r-devel-linux-x86_64-debian-gcc, r-devel-linux-x86_64-fedora-clang, r-devel-linux-x86_64-fedora-gcc, r-devel-windows-ix86+x86_64, r-patched-linux-x86_64, r-patched-solaris-x86, r-release-linux-x86_64, r-release-windows-ix86+x86_64, r-release-osx-x86_64, r-oldrel-windows-ix86+x86_64, r-oldrel-osx-x86_64

Version: 0.01.1
Check: dependencies in R code
Result: NOTE
    Packages in Depends field not imported from:
     ‘MASS’ ‘nlme’
     These packages need to be imported from (in the NAMESPACE file)
     for when this namespace is loaded but not attached.
Flavors: r-devel-linux-x86_64-debian-clang, r-devel-linux-x86_64-debian-gcc, r-devel-linux-x86_64-fedora-clang, r-devel-linux-x86_64-fedora-gcc, r-devel-windows-ix86+x86_64, r-patched-linux-x86_64, r-patched-solaris-x86, r-release-linux-x86_64, r-release-windows-ix86+x86_64, r-release-osx-x86_64, r-oldrel-windows-ix86+x86_64, r-oldrel-osx-x86_64

Version: 0.01.1
Check: S3 generic/method consistency
Result: NOTE
    Found the following apparent S3 methods exported but not registered:
     LVMMCOR.default
    See section ‘Registering S3 methods’ in the ‘Writing R Extensions’
    manual.
Flavors: r-devel-linux-x86_64-debian-clang, r-devel-linux-x86_64-debian-gcc, r-devel-linux-x86_64-fedora-clang, r-devel-linux-x86_64-fedora-gcc, r-patched-linux-x86_64, r-patched-solaris-x86, r-release-linux-x86_64

Version: 0.01.1
Check: R code for possible problems
Result: NOTE
    LVMMCOR.default : f: no visible global function definition for ‘pnorm’
    LVMMCOR.default : f: no visible global function definition for ‘dnorm’
    LVMMCOR.default: no visible global function definition for ‘nlminb’
    LVMMCOR.default: no visible global function definition for ‘fdHess’
    LVMMCOR.default: no visible global function definition for ‘ginv’
    Undefined global functions or variables:
     dnorm fdHess ginv nlminb pnorm
    Consider adding
     importFrom("stats", "dnorm", "nlminb", "pnorm")
    to your NAMESPACE file.
Flavors: r-devel-linux-x86_64-debian-clang, r-devel-linux-x86_64-debian-gcc, r-devel-linux-x86_64-fedora-clang, r-devel-linux-x86_64-fedora-gcc, r-devel-windows-ix86+x86_64, r-patched-linux-x86_64, r-patched-solaris-x86, r-release-linux-x86_64, r-release-windows-ix86+x86_64, r-release-osx-x86_64, r-oldrel-windows-ix86+x86_64, r-oldrel-osx-x86_64