CRAN Package Check Results for Package LVMMCOR

Last updated on 2014-04-20 17:46:59.

Flavor Version Tinstall Tcheck Ttotal Status Flags
r-devel-linux-x86_64-debian-clang 0.01.1 0.82 15.07 15.90 NOTE
r-devel-linux-x86_64-debian-gcc 0.01.1 0.90 14.87 15.77 NOTE
r-devel-linux-x86_64-fedora-clang 0.01.1 30.54 NOTE
r-devel-linux-x86_64-fedora-gcc 0.01.1 28.54 NOTE
r-devel-macosx-x86_64-clang 0.01.1 32.13 NOTE
r-devel-macosx-x86_64-gcc 0.01.1 NOTE
r-devel-windows-ix86+x86_64 0.01.1 3.00 23.00 26.00 NOTE
r-patched-linux-x86_64 0.01.1 0.84 14.99 15.84 NOTE
r-patched-solaris-sparc 0.01.1 176.20 NOTE
r-patched-solaris-x86 0.01.1 42.60 NOTE
r-release-linux-ix86 NOTE
r-release-linux-x86_64 0.01.1 0.84 14.92 15.76 NOTE
r-release-macosx-x86_64 0.01.1 OK
r-release-windows-ix86+x86_64 0.01.1 4.00 25.00 29.00 NOTE
r-oldrel-windows-ix86+x86_64 0.01.1 3.00 27.00 30.00 NOTE

Check Details

Version: 0.01.1
Check: dependencies in R code
Result: NOTE
    Packages in Depends field not imported from:
     ‘MASS’ ‘nlme’
     These packages need to be imported from (in the NAMESPACE file)
     for when this namespace is loaded but not attached.
    See the information on DESCRIPTION files in the chapter ‘Creating R
    packages’ of the ‘Writing R Extensions’ manual.
Flavors: r-devel-linux-x86_64-debian-clang, r-devel-linux-x86_64-debian-gcc, r-devel-linux-x86_64-fedora-clang, r-devel-linux-x86_64-fedora-gcc, r-devel-macosx-x86_64-clang, r-devel-macosx-x86_64-gcc, r-devel-windows-ix86+x86_64, r-patched-linux-x86_64, r-patched-solaris-sparc, r-patched-solaris-x86, r-release-linux-ix86, r-release-linux-x86_64, r-release-windows-ix86+x86_64, r-oldrel-windows-ix86+x86_64