CRAN Package Check Results for Package LVMMCOR

Last updated on 2014-10-26 02:47:16.

Flavor Version Tinstall Tcheck Ttotal Status Flags
r-devel-linux-x86_64-debian-clang 0.01.1 0.78 14.66 15.44 NOTE
r-devel-linux-x86_64-debian-gcc 0.01.1 0.78 14.26 15.04 NOTE
r-devel-linux-x86_64-fedora-clang 0.01.1 30.08 NOTE
r-devel-linux-x86_64-fedora-gcc 0.01.1 28.23 NOTE
r-devel-osx-x86_64-clang 0.01.1 31.43 NOTE
r-devel-windows-ix86+x86_64 0.01.1 3.00 25.00 28.00 NOTE
r-patched-linux-x86_64 0.01.1 0.82 14.77 15.59 NOTE
r-patched-solaris-sparc 0.01.1 176.30 NOTE
r-patched-solaris-x86 0.01.1 42.40 NOTE
r-release-linux-ix86 0.01.1 1.10 21.20 22.29 NOTE
r-release-linux-x86_64 0.01.1 0.80 15.06 15.86 NOTE
r-release-osx-x86_64-mavericks 0.01.1 NOTE
r-release-osx-x86_64-snowleopard 0.01.1 OK
r-release-windows-ix86+x86_64 0.01.1 3.00 24.00 27.00 NOTE
r-oldrel-windows-ix86+x86_64 0.01.1 3.00 25.00 28.00 NOTE

Check Details

Version: 0.01.1
Check: dependencies in R code
Result: NOTE
    Packages in Depends field not imported from:
     ‘MASS’ ‘nlme’
     These packages need to be imported from (in the NAMESPACE file)
     for when this namespace is loaded but not attached.
    See the information on DESCRIPTION files in the chapter ‘Creating R
    packages’ of the ‘Writing R Extensions’ manual.
Flavors: r-devel-linux-x86_64-debian-clang, r-devel-linux-x86_64-debian-gcc, r-devel-linux-x86_64-fedora-clang, r-devel-linux-x86_64-fedora-gcc, r-devel-osx-x86_64-clang, r-devel-windows-ix86+x86_64, r-patched-linux-x86_64, r-patched-solaris-sparc, r-patched-solaris-x86, r-release-linux-ix86, r-release-linux-x86_64, r-release-osx-x86_64-mavericks, r-release-windows-ix86+x86_64, r-oldrel-windows-ix86+x86_64

Version: 0.01.1
Check: R code for possible problems
Result: NOTE
    LVMMCOR.default: no visible global function definition for ‘fdHess’
    LVMMCOR.default: no visible global function definition for ‘ginv’
Flavors: r-devel-linux-x86_64-debian-clang, r-devel-linux-x86_64-debian-gcc, r-devel-linux-x86_64-fedora-clang, r-devel-linux-x86_64-fedora-gcc, r-devel-osx-x86_64-clang, r-devel-windows-ix86+x86_64, r-patched-linux-x86_64, r-patched-solaris-sparc, r-patched-solaris-x86