CRAN Package Check Results for Package LVMMCOR

Last updated on 2014-08-23 02:49:58.

Flavor Version Tinstall Tcheck Ttotal Status Flags
r-devel-linux-x86_64-debian-clang 0.01.1 0.75 13.86 14.61 NOTE
r-devel-linux-x86_64-debian-gcc 0.01.1 0.74 13.40 14.14 NOTE
r-devel-linux-x86_64-fedora-clang 0.01.1 28.16 NOTE
r-devel-linux-x86_64-fedora-gcc 0.01.1 28.60 NOTE
r-devel-osx-x86_64-clang 0.01.1 30.15 NOTE
r-devel-windows-ix86+x86_64 0.01.1 3.00 25.00 28.00 NOTE
r-patched-linux-x86_64 0.01.1 0.90 14.21 15.10 NOTE
r-patched-solaris-sparc 0.01.1 196.30 NOTE
r-patched-solaris-x86 0.01.1 41.90 NOTE
r-release-linux-ix86 0.01.1 1.10 20.92 22.02 NOTE
r-release-linux-x86_64 0.01.1 0.81 14.71 15.52 NOTE
r-release-osx-x86_64-mavericks 0.01.1 NOTE
r-release-osx-x86_64-snowleopard 0.01.1 OK
r-release-windows-ix86+x86_64 0.01.1 3.00 27.00 30.00 NOTE
r-oldrel-windows-ix86+x86_64 0.01.1 3.00 28.00 31.00 NOTE

Check Details

Version: 0.01.1
Check: dependencies in R code
Result: NOTE
    Packages in Depends field not imported from:
     ‘MASS’ ‘nlme’
     These packages need to be imported from (in the NAMESPACE file)
     for when this namespace is loaded but not attached.
    See the information on DESCRIPTION files in the chapter ‘Creating R
    packages’ of the ‘Writing R Extensions’ manual.
Flavors: r-devel-linux-x86_64-debian-clang, r-devel-linux-x86_64-debian-gcc, r-devel-linux-x86_64-fedora-clang, r-devel-linux-x86_64-fedora-gcc, r-devel-osx-x86_64-clang, r-devel-windows-ix86+x86_64, r-patched-linux-x86_64, r-patched-solaris-sparc, r-patched-solaris-x86, r-release-linux-ix86, r-release-linux-x86_64, r-release-osx-x86_64-mavericks, r-release-windows-ix86+x86_64, r-oldrel-windows-ix86+x86_64

Version: 0.01.1
Check: R code for possible problems
Result: NOTE
    LVMMCOR.default: no visible global function definition for ‘fdHess’
    LVMMCOR.default: no visible global function definition for ‘ginv’
Flavors: r-devel-linux-x86_64-debian-clang, r-devel-linux-x86_64-debian-gcc, r-devel-linux-x86_64-fedora-clang, r-devel-linux-x86_64-fedora-gcc, r-devel-osx-x86_64-clang