CRAN Package Check Results for Package LaF

Last updated on 2016-12-11 06:57:28.

Flavor Version Tinstall Tcheck Ttotal Status Flags
r-devel-linux-x86_64-debian-clang 0.6.2 41.11 23.21 64.33 NOTE
r-devel-linux-x86_64-debian-gcc 0.6.2 39.82 22.78 62.61 NOTE
r-devel-linux-x86_64-fedora-clang 0.6.2 136.07 NOTE --no-stop-on-test-error
r-devel-linux-x86_64-fedora-gcc 0.6.2 119.68 NOTE --no-stop-on-test-error
r-devel-macos-x86_64-clang 0.6.2 90.57 NOTE --no-stop-on-test-error
r-devel-windows-ix86+x86_64 0.6.2 146.00 57.00 203.00 NOTE
r-patched-linux-x86_64 0.6.2 33.69 19.64 53.33 NOTE
r-patched-solaris-sparc 0.6.2 606.30 NOTE
r-patched-solaris-x86 0.6.2 121.30 NOTE
r-release-linux-x86_64 0.6.2 33.97 19.59 53.56 NOTE
r-release-osx-x86_64-mavericks 0.6.2 NOTE
r-release-windows-ix86+x86_64 0.6.2 174.00 48.00 222.00 NOTE
r-oldrel-windows-ix86+x86_64 0.6.2 184.00 55.00 239.00 OK

Check Details

Version: 0.6.2
Check: R code for possible problems
Result: NOTE
    detect_dm_csv: no visible global function definition for ‘read.table’
    Undefined global functions or variables:
     read.table
    Consider adding
     importFrom("utils", "read.table")
    to your NAMESPACE file.
Flavors: r-devel-linux-x86_64-debian-clang, r-devel-linux-x86_64-debian-gcc, r-devel-windows-ix86+x86_64, r-patched-linux-x86_64, r-patched-solaris-sparc, r-patched-solaris-x86, r-release-linux-x86_64, r-release-osx-x86_64-mavericks, r-release-windows-ix86+x86_64

Version: 0.6.2
Flags: --no-stop-on-test-error
Check: R code for possible problems
Result: NOTE
    detect_dm_csv: no visible global function definition for ‘read.table’
    Undefined global functions or variables:
     read.table
    Consider adding
     importFrom("utils", "read.table")
    to your NAMESPACE file.
Flavors: r-devel-linux-x86_64-fedora-clang, r-devel-linux-x86_64-fedora-gcc, r-devel-macos-x86_64-clang