CRAN Package Check Results for Package LaF

Last updated on 2015-08-28 08:47:00.

Flavor Version Tinstall Tcheck Ttotal Status Flags
r-devel-linux-x86_64-debian-clang 0.6.2 35.53 19.51 55.04 NOTE
r-devel-linux-x86_64-debian-gcc 0.6.2 35.00 19.12 54.12 NOTE
r-devel-linux-x86_64-fedora-clang 0.6.2 120.61 NOTE
r-devel-linux-x86_64-fedora-gcc 0.6.2 103.57 NOTE
r-devel-osx-x86_64-clang 0.6.2 84.00 OK
r-devel-windows-ix86+x86_64 0.6.2 174.00 69.00 243.00 NOTE
r-patched-linux-x86_64 0.6.2 35.58 20.25 55.82 OK
r-patched-solaris-sparc 0.6.2 615.20 OK
r-patched-solaris-x86 0.6.2 123.80 OK
r-release-linux-x86_64 0.6.2 35.39 20.13 55.52 OK
r-release-osx-x86_64-mavericks 0.6.2 OK
r-release-windows-ix86+x86_64 0.6.2 171.00 73.00 244.00 OK
r-oldrel-windows-ix86+x86_64 0.6.2 171.00 70.00 241.00 OK

Check Details

Version: 0.6.2
Check: R code for possible problems
Result: NOTE
    detect_dm_csv: no visible global function definition for ‘read.table’
    Undefined global functions or variables:
     read.table
    Consider adding
     importFrom("utils", "read.table")
    to your NAMESPACE.
Flavors: r-devel-linux-x86_64-debian-clang, r-devel-linux-x86_64-debian-gcc, r-devel-linux-x86_64-fedora-clang, r-devel-linux-x86_64-fedora-gcc, r-devel-windows-ix86+x86_64