CRAN Package Check Results for Package LaF

Last updated on 2014-12-22 19:48:24.

Flavor Version Tinstall Tcheck Ttotal Status Flags
r-devel-linux-x86_64-debian-clang 0.6.1 32.31 22.04 54.35 NOTE
r-devel-linux-x86_64-debian-gcc 0.6.1 33.38 21.48 54.86 NOTE
r-devel-linux-x86_64-fedora-clang 0.6.1 125.17 NOTE
r-devel-linux-x86_64-fedora-gcc 0.6.1 109.41 NOTE
r-devel-osx-x86_64-clang 0.6.1 87.48 NOTE
r-devel-windows-ix86+x86_64 0.6.1 116.00 49.00 165.00 NOTE
r-patched-linux-x86_64 0.6.1 33.54 22.17 55.70 NOTE
r-patched-solaris-sparc 0.6.1 685.90 NOTE
r-patched-solaris-x86 0.6.1 133.10 NOTE
r-release-linux-ix86 0.6.1 40.50 29.50 70.00 NOTE
r-release-linux-x86_64 0.6.1 33.89 22.34 56.24 NOTE
r-release-osx-x86_64-mavericks 0.6.1 OK
r-release-osx-x86_64-snowleopard 0.6.1 OK
r-release-windows-ix86+x86_64 0.6.1 119.00 50.00 169.00 NOTE
r-oldrel-windows-ix86+x86_64 0.6.1 119.00 52.00 171.00 OK

Check Details

Version: 0.6.1
Check: R code for possible problems
Result: NOTE
    read_dm: no visible global function definition for ‘yaml.load_file’
    write_dm: no visible global function definition for ‘as.yaml’
Flavors: r-devel-linux-x86_64-debian-clang, r-devel-linux-x86_64-debian-gcc, r-devel-linux-x86_64-fedora-clang, r-devel-linux-x86_64-fedora-gcc, r-devel-osx-x86_64-clang, r-devel-windows-ix86+x86_64, r-patched-linux-x86_64, r-patched-solaris-sparc, r-patched-solaris-x86, r-release-linux-ix86, r-release-linux-x86_64, r-release-windows-ix86+x86_64