CRAN Package Check Results for Package LaF

Last updated on 2016-06-25 06:47:18.

Flavor Version Tinstall Tcheck Ttotal Status Flags
r-devel-linux-x86_64-debian-gcc 0.6.2 50.07 20.06 70.13 NOTE
r-devel-linux-x86_64-fedora-clang 0.6.2 128.10 NOTE
r-devel-linux-x86_64-fedora-gcc 0.6.2 103.24 NOTE
r-devel-osx-x86_64-clang 0.6.2 82.26 NOTE
r-devel-windows-ix86+x86_64 0.6.2 195.00 72.00 267.00 NOTE
r-patched-linux-x86_64 0.6.2 32.60 20.38 52.98 NOTE
r-patched-solaris-x86 0.6.2 119.40 NOTE
r-release-linux-x86_64 0.6.2 33.27 20.73 54.00 NOTE
r-release-osx-x86_64-mavericks 0.6.2 NOTE
r-release-windows-ix86+x86_64 0.6.2 184.00 49.00 233.00 NOTE
r-oldrel-windows-ix86+x86_64 0.6.2 200.00 87.00 287.00 OK

Check Details

Version: 0.6.2
Check: R code for possible problems
Result: NOTE
    detect_dm_csv: no visible global function definition for ‘read.table’
    Undefined global functions or variables:
     read.table
    Consider adding
     importFrom("utils", "read.table")
    to your NAMESPACE file.
Flavors: r-devel-linux-x86_64-debian-gcc, r-devel-linux-x86_64-fedora-clang, r-devel-linux-x86_64-fedora-gcc, r-devel-osx-x86_64-clang, r-devel-windows-ix86+x86_64, r-patched-linux-x86_64, r-patched-solaris-sparc, r-patched-solaris-x86, r-release-linux-x86_64, r-release-osx-x86_64-mavericks, r-release-windows-ix86+x86_64

Version: 0.6.2
Check: installed package size
Result: NOTE
     installed size is 6.1Mb
     sub-directories of 1Mb or more:
     libs 5.4Mb
Flavors: r-patched-solaris-sparc, r-patched-solaris-x86