CRAN Package Check Results for Package LaF

Last updated on 2017-05-24 10:48:14.

Flavor Version Tinstall Tcheck Ttotal Status Flags
r-devel-linux-x86_64-debian-clang 0.6.3 45.84 23.97 69.81 NOTE
r-devel-linux-x86_64-debian-gcc 0.6.3 43.58 23.64 67.23 NOTE
r-devel-linux-x86_64-fedora-clang 0.6.3 142.80 NOTE --no-stop-on-test-error
r-devel-linux-x86_64-fedora-gcc 0.6.3 128.63 NOTE --no-stop-on-test-error
r-devel-windows-ix86+x86_64 0.6.3 153.00 68.00 221.00 OK
r-patched-linux-x86_64 0.6.3 34.08 22.78 56.86 NOTE
r-patched-solaris-sparc 0.6.3 642.90 OK
r-patched-solaris-x86 0.6.3 128.50 OK --no-stop-on-test-error
r-release-linux-x86_64 0.6.3 36.77 23.02 59.79 NOTE
r-release-windows-ix86+x86_64 0.6.3 142.00 93.00 235.00 OK
r-release-osx-x86_64 0.6.3 OK
r-oldrel-windows-ix86+x86_64 0.6.3 195.00 73.00 268.00 OK
r-oldrel-osx-x86_64 0.6.3 OK

Check Details

Version: 0.6.3
Check: compiled code
Result: NOTE
    File ‘LaF/libs/LaF.so’:
     Found no calls to: ‘R_registerRoutines’, ‘R_useDynamicSymbols’
    
    It is good practice to register native routines and to disable symbol
    search.
    
    See ‘Writing portable packages’ in the ‘Writing R Extensions’ manual.
Flavors: r-devel-linux-x86_64-debian-clang, r-devel-linux-x86_64-debian-gcc, r-patched-linux-x86_64, r-release-linux-x86_64

Version: 0.6.3
Flags: --no-stop-on-test-error
Check: compiled code
Result: NOTE
    File ‘LaF/libs/LaF.so’:
     Found no calls to: ‘R_registerRoutines’, ‘R_useDynamicSymbols’
    
    It is good practice to register native routines and to disable symbol
    search.
    
    See ‘Writing portable packages’ in the ‘Writing R Extensions’ manual.
Flavors: r-devel-linux-x86_64-fedora-clang, r-devel-linux-x86_64-fedora-gcc