CRAN Package Check Results for Package LaF

Last updated on 2016-07-29 20:49:33.

Flavor Version Tinstall Tcheck Ttotal Status Flags
r-devel-linux-x86_64-debian-clang 0.6.2 46.86 19.76 66.62 NOTE
r-devel-linux-x86_64-debian-gcc 0.6.2 46.06 19.64 65.70 NOTE
r-devel-linux-x86_64-fedora-clang 0.6.2 130.51 NOTE
r-devel-linux-x86_64-fedora-gcc 0.6.2 103.05 NOTE
r-devel-osx-x86_64-clang 0.6.2 82.99 NOTE
r-devel-windows-ix86+x86_64 0.6.2 172.00 48.00 220.00 NOTE
r-patched-linux-x86_64 0.6.2 36.76 23.44 60.20 NOTE
r-patched-solaris-sparc 0.6.2 606.30 NOTE
r-patched-solaris-x86 0.6.2 118.00 NOTE
r-release-linux-x86_64 0.6.2 36.63 24.00 60.62 NOTE
r-release-osx-x86_64-mavericks 0.6.2 NOTE
r-release-windows-ix86+x86_64 0.6.2 183.00 61.00 244.00 NOTE
r-oldrel-windows-ix86+x86_64 0.6.2 176.00 75.00 251.00 OK

Check Details

Version: 0.6.2
Check: R code for possible problems
Result: NOTE
    detect_dm_csv: no visible global function definition for ‘read.table’
    Undefined global functions or variables:
     read.table
    Consider adding
     importFrom("utils", "read.table")
    to your NAMESPACE file.
Flavors: r-devel-linux-x86_64-debian-clang, r-devel-linux-x86_64-debian-gcc, r-devel-linux-x86_64-fedora-clang, r-devel-linux-x86_64-fedora-gcc, r-devel-osx-x86_64-clang, r-devel-windows-ix86+x86_64, r-patched-linux-x86_64, r-patched-solaris-sparc, r-patched-solaris-x86, r-release-linux-x86_64, r-release-osx-x86_64-mavericks, r-release-windows-ix86+x86_64