CRAN Package Check Results for Package LaF

Last updated on 2016-02-11 03:47:10.

Flavor Version Tinstall Tcheck Ttotal Status Flags
r-devel-linux-x86_64-debian-gcc 0.6.2 32.03 17.70 49.73 NOTE
r-devel-linux-x86_64-fedora-clang 0.6.2 124.54 NOTE
r-devel-linux-x86_64-fedora-gcc 0.6.2 102.65 NOTE
r-devel-osx-x86_64-clang 0.6.2 95.18 NOTE
r-devel-windows-ix86+x86_64 0.6.2 189.00 67.00 256.00 NOTE
r-patched-linux-x86_64 0.6.2 32.53 20.47 53.00 OK
r-patched-solaris-sparc 0.6.2 598.60 OK
r-patched-solaris-x86 0.6.2 116.80 OK
r-release-linux-x86_64 0.6.2 32.26 20.44 52.69 OK
r-release-osx-x86_64-mavericks 0.6.2 OK
r-release-windows-ix86+x86_64 0.6.2 167.00 55.00 222.00 OK
r-oldrel-windows-ix86+x86_64 0.6.2 178.00 61.00 239.00 OK

Check Details

Version: 0.6.2
Check: R code for possible problems
Result: NOTE
    detect_dm_csv: no visible global function definition for ‘read.table’
    Undefined global functions or variables:
     read.table
    Consider adding
     importFrom("utils", "read.table")
    to your NAMESPACE file.
Flavors: r-devel-linux-x86_64-debian-gcc, r-devel-linux-x86_64-fedora-clang, r-devel-linux-x86_64-fedora-gcc, r-devel-osx-x86_64-clang, r-devel-windows-ix86+x86_64