CRAN Package Check Results for Package LaF

Last updated on 2014-08-31 05:50:11.

Flavor Version Tinstall Tcheck Ttotal Status Flags
r-devel-linux-x86_64-debian-clang 0.6.1 30.45 20.26 50.72 NOTE
r-devel-linux-x86_64-debian-gcc 0.6.1 33.47 19.80 53.27 NOTE
r-devel-linux-x86_64-fedora-clang 0.6.1 119.82 NOTE
r-devel-linux-x86_64-fedora-gcc 0.6.1 109.29 NOTE
r-devel-osx-x86_64-clang 0.6.1 97.52 NOTE
r-devel-windows-ix86+x86_64 0.6.1 116.00 46.00 162.00 NOTE
r-patched-linux-x86_64 0.6.1 33.78 20.64 54.42 OK
r-patched-solaris-sparc 0.6.1 680.00 OK
r-patched-solaris-x86 0.6.1 136.20 OK
r-release-linux-ix86 0.6.1 43.59 30.44 74.03 OK
r-release-linux-x86_64 0.6.1 34.14 21.20 55.34 OK
r-release-osx-x86_64-mavericks 0.6.1 OK
r-release-osx-x86_64-snowleopard 0.6.1 OK
r-release-windows-ix86+x86_64 0.6.1 162.00 49.00 211.00 OK
r-oldrel-windows-ix86+x86_64 0.6.1 85.00 55.00 140.00 OK

Check Details

Version: 0.6.1
Check: R code for possible problems
Result: NOTE
    read_dm: no visible global function definition for ‘yaml.load_file’
    write_dm: no visible global function definition for ‘as.yaml’
Flavors: r-devel-linux-x86_64-debian-clang, r-devel-linux-x86_64-debian-gcc, r-devel-linux-x86_64-fedora-clang, r-devel-linux-x86_64-fedora-gcc, r-devel-osx-x86_64-clang, r-devel-windows-ix86+x86_64