CRAN Package Check Results for Package LaF

Last updated on 2017-04-23 23:51:08.

Flavor Version Tinstall Tcheck Ttotal Status Flags
r-devel-linux-x86_64-debian-clang 0.6.3 44.13 24.58 68.70 NOTE
r-devel-linux-x86_64-debian-gcc 0.6.3 40.22 23.60 63.82 NOTE
r-devel-linux-x86_64-fedora-clang 0.6.3 143.57 NOTE --no-stop-on-test-error
r-devel-linux-x86_64-fedora-gcc 0.6.3 120.74 NOTE --no-stop-on-test-error
r-devel-windows-ix86+x86_64 0.6.3 191.00 71.00 262.00 OK
r-patched-linux-x86_64 0.6.3 34.02 22.92 56.93 NOTE
r-patched-solaris-sparc 0.6.3 642.90 OK
r-patched-solaris-x86 0.6.3 130.60 OK
r-release-linux-x86_64 0.6.3 33.62 22.87 56.49 NOTE
r-release-windows-ix86+x86_64 0.6.3 150.00 63.00 213.00 OK
r-release-osx-x86_64 0.6.3 OK
r-oldrel-windows-ix86+x86_64 0.6.3 149.00 59.00 208.00 OK
r-oldrel-osx-x86_64 0.6.3 OK

Check Details

Version: 0.6.3
Check: compiled code
Result: NOTE
    File ‘LaF/libs/LaF.so’:
     Found no calls to: ‘R_registerRoutines’, ‘R_useDynamicSymbols’
    
    It is good practice to register native routines and to disable symbol
    search.
    
    See ‘Writing portable packages’ in the ‘Writing R Extensions’ manual.
Flavors: r-devel-linux-x86_64-debian-clang, r-devel-linux-x86_64-debian-gcc, r-patched-linux-x86_64, r-release-linux-x86_64

Version: 0.6.3
Flags: --no-stop-on-test-error
Check: compiled code
Result: NOTE
    File ‘LaF/libs/LaF.so’:
     Found no calls to: ‘R_registerRoutines’, ‘R_useDynamicSymbols’
    
    It is good practice to register native routines and to disable symbol
    search.
    
    See ‘Writing portable packages’ in the ‘Writing R Extensions’ manual.
Flavors: r-devel-linux-x86_64-fedora-clang, r-devel-linux-x86_64-fedora-gcc