CRAN Package Check Results for Package LaF

Last updated on 2016-09-27 08:47:55.

Flavor Version Tinstall Tcheck Ttotal Status Flags
r-devel-linux-x86_64-debian-clang 0.6.2 40.33 19.63 59.96 NOTE
r-devel-linux-x86_64-debian-gcc 0.6.2 40.69 20.43 61.13 NOTE
r-devel-linux-x86_64-fedora-clang 0.6.2 128.53 NOTE
r-devel-linux-x86_64-fedora-gcc 0.6.2 115.55 NOTE
r-devel-macos-x86_64-clang 0.6.2 83.47 NOTE
r-devel-windows-ix86+x86_64 0.6.2 182.00 68.00 250.00 NOTE
r-patched-linux-x86_64 0.6.2 33.27 19.95 53.22 NOTE
r-patched-solaris-sparc 0.6.2 606.30 NOTE
r-patched-solaris-x86 0.6.2 118.30 NOTE
r-release-linux-x86_64 0.6.2 34.52 20.95 55.47 NOTE
r-release-osx-x86_64-mavericks 0.6.2 NOTE
r-release-windows-ix86+x86_64 0.6.2 173.00 70.00 243.00 NOTE
r-oldrel-windows-ix86+x86_64 0.6.2 229.00 80.00 309.00 OK

Check Details

Version: 0.6.2
Check: R code for possible problems
Result: NOTE
    detect_dm_csv: no visible global function definition for ‘read.table’
    Undefined global functions or variables:
     read.table
    Consider adding
     importFrom("utils", "read.table")
    to your NAMESPACE file.
Flavors: r-devel-linux-x86_64-debian-clang, r-devel-linux-x86_64-debian-gcc, r-devel-linux-x86_64-fedora-clang, r-devel-linux-x86_64-fedora-gcc, r-devel-macos-x86_64-clang, r-devel-windows-ix86+x86_64, r-patched-linux-x86_64, r-patched-solaris-sparc, r-patched-solaris-x86, r-release-linux-x86_64, r-release-osx-x86_64-mavericks, r-release-windows-ix86+x86_64