CRAN Package Check Results for Package LaF

Last updated on 2014-10-26 01:48:08.

Flavor Version Tinstall Tcheck Ttotal Status Flags
r-devel-linux-x86_64-debian-clang 0.6.1 30.77 22.00 52.77 NOTE
r-devel-linux-x86_64-debian-gcc 0.6.1 34.00 21.78 55.78 NOTE
r-devel-linux-x86_64-fedora-clang 0.6.1 126.52 NOTE
r-devel-linux-x86_64-fedora-gcc 0.6.1 111.20 NOTE
r-devel-osx-x86_64-clang 0.6.1 93.11 NOTE
r-devel-windows-ix86+x86_64 0.6.1 119.00 48.00 167.00 NOTE
r-patched-linux-x86_64 0.6.1 33.74 22.43 56.17 NOTE
r-patched-solaris-sparc 0.6.1 639.00 NOTE
r-patched-solaris-x86 0.6.1 134.30 NOTE
r-release-linux-ix86 0.6.1 42.77 30.80 73.57 OK
r-release-linux-x86_64 0.6.1 33.79 22.23 56.02 OK
r-release-osx-x86_64-mavericks 0.6.1 OK
r-release-osx-x86_64-snowleopard 0.6.1 OK
r-release-windows-ix86+x86_64 0.6.1 114.00 46.00 160.00 OK
r-oldrel-windows-ix86+x86_64 0.6.1 146.00 52.00 198.00 OK

Check Details

Version: 0.6.1
Check: R code for possible problems
Result: NOTE
    read_dm: no visible global function definition for ‘yaml.load_file’
    write_dm: no visible global function definition for ‘as.yaml’
Flavors: r-devel-linux-x86_64-debian-clang, r-devel-linux-x86_64-debian-gcc, r-devel-linux-x86_64-fedora-clang, r-devel-linux-x86_64-fedora-gcc, r-devel-osx-x86_64-clang, r-devel-windows-ix86+x86_64, r-patched-linux-x86_64, r-patched-solaris-sparc, r-patched-solaris-x86