CRAN Package Check Results for Package LaF

Last updated on 2017-06-24 09:55:24.

Flavor Version Tinstall Tcheck Ttotal Status Flags
r-devel-linux-x86_64-debian-clang 0.6.3 45.72 23.18 68.90 NOTE
r-devel-linux-x86_64-debian-gcc 0.6.3 43.65 23.04 66.69 NOTE
r-devel-linux-x86_64-fedora-clang 0.6.3 148.64 NOTE
r-devel-linux-x86_64-fedora-gcc 0.6.3 126.73 NOTE
r-devel-windows-ix86+x86_64 0.6.3 150.00 85.00 235.00 OK
r-patched-linux-x86_64 0.6.3 36.90 22.47 59.37 NOTE
r-patched-solaris-sparc 0.6.3 642.90 OK
r-patched-solaris-x86 0.6.3 131.00 OK
r-release-linux-x86_64 0.6.3 36.89 23.20 60.10 NOTE
r-release-windows-ix86+x86_64 0.6.3 162.00 88.00 250.00 OK
r-release-osx-x86_64 0.6.3 OK
r-oldrel-windows-ix86+x86_64 0.6.3 218.00 73.00 291.00 OK
r-oldrel-osx-x86_64 0.6.3 OK

Check Details

Version: 0.6.3
Check: compiled code
Result: NOTE
    File ‘LaF/libs/LaF.so’:
     Found no calls to: ‘R_registerRoutines’, ‘R_useDynamicSymbols’
    
    It is good practice to register native routines and to disable symbol
    search.
    
    See ‘Writing portable packages’ in the ‘Writing R Extensions’ manual.
Flavors: r-devel-linux-x86_64-debian-clang, r-devel-linux-x86_64-debian-gcc, r-devel-linux-x86_64-fedora-clang, r-devel-linux-x86_64-fedora-gcc, r-patched-linux-x86_64, r-release-linux-x86_64