CRAN Package Check Results for Package LaF

Last updated on 2017-08-22 04:46:55.

Flavor Version Tinstall Tcheck Ttotal Status Flags
r-devel-linux-x86_64-debian-clang 0.6.3 45.25 24.16 69.41 NOTE
r-devel-linux-x86_64-debian-gcc 0.6.3 45.55 23.48 69.04 NOTE
r-devel-linux-x86_64-fedora-clang 0.6.3 149.17 NOTE
r-devel-linux-x86_64-fedora-gcc 0.6.3 131.87 NOTE
r-devel-windows-ix86+x86_64 0.6.3 197.00 81.00 278.00 OK
r-patched-linux-x86_64 0.6.3 43.34 22.94 66.28 NOTE
r-patched-solaris-x86 0.6.3 136.80 OK
r-release-linux-x86_64 0.6.3 43.31 23.56 66.88 NOTE
r-release-windows-ix86+x86_64 0.6.3 140.00 87.00 227.00 OK
r-release-osx-x86_64 0.6.3 OK
r-oldrel-windows-ix86+x86_64 0.6.3 134.00 58.00 192.00 OK
r-oldrel-osx-x86_64 0.6.3 OK

Check Details

Version: 0.6.3
Check: compiled code
Result: NOTE
    File ‘LaF/libs/LaF.so’:
     Found no calls to: ‘R_registerRoutines’, ‘R_useDynamicSymbols’
    
    It is good practice to register native routines and to disable symbol
    search.
    
    See ‘Writing portable packages’ in the ‘Writing R Extensions’ manual.
Flavors: r-devel-linux-x86_64-debian-clang, r-devel-linux-x86_64-debian-gcc, r-devel-linux-x86_64-fedora-clang, r-devel-linux-x86_64-fedora-gcc, r-patched-linux-x86_64, r-release-linux-x86_64