CRAN Package Check Results for Package LaF

Last updated on 2016-04-30 06:47:31.

Flavor Version Tinstall Tcheck Ttotal Status Flags
r-devel-linux-x86_64-debian-gcc 0.6.2 32.43 19.20 51.63 NOTE
r-devel-linux-x86_64-fedora-clang 0.6.2 123.60 NOTE
r-devel-linux-x86_64-fedora-gcc 0.6.2 104.75 NOTE
r-devel-osx-x86_64-clang 0.6.2 99.52 NOTE
r-devel-windows-ix86+x86_64 0.6.2 125.00 48.00 173.00 NOTE
r-patched-linux-x86_64 0.6.2 32.60 19.74 52.34 NOTE
r-patched-solaris-sparc 0.6.2 585.90 NOTE
r-patched-solaris-x86 0.6.2 120.40 NOTE
r-release-linux-x86_64 0.6.2 32.74 21.90 54.63 OK
r-release-osx-x86_64-mavericks 0.6.2 OK
r-release-windows-ix86+x86_64 0.6.2 126.00 56.00 182.00 OK
r-oldrel-windows-ix86+x86_64 0.6.2 172.00 76.00 248.00 OK

Check Details

Version: 0.6.2
Check: R code for possible problems
Result: NOTE
    detect_dm_csv: no visible global function definition for ‘read.table’
    Undefined global functions or variables:
     read.table
    Consider adding
     importFrom("utils", "read.table")
    to your NAMESPACE file.
Flavors: r-devel-linux-x86_64-debian-gcc, r-devel-linux-x86_64-fedora-clang, r-devel-linux-x86_64-fedora-gcc, r-devel-osx-x86_64-clang, r-devel-windows-ix86+x86_64, r-patched-linux-x86_64, r-patched-solaris-sparc, r-patched-solaris-x86