CRAN Package Check Results for Package LaF

Last updated on 2017-03-22 23:53:19.

Flavor Version Tinstall Tcheck Ttotal Status Flags
r-devel-linux-x86_64-debian-clang 0.6.3 43.62 22.90 66.52 NOTE
r-devel-linux-x86_64-debian-gcc 0.6.3 39.97 22.81 62.78 NOTE
r-devel-linux-x86_64-fedora-clang 0.6.3 143.38 NOTE --no-stop-on-test-error
r-devel-linux-x86_64-fedora-gcc 0.6.3 121.40 NOTE --no-stop-on-test-error
r-devel-macos-x86_64-clang 0.6.3 90.58 NOTE --no-stop-on-test-error
r-devel-windows-ix86+x86_64 0.6.3 142.00 62.00 204.00 OK
r-patched-linux-x86_64 0.6.3 34.42 20.70 55.12 OK
r-patched-solaris-sparc 0.6.3 642.90 OK
r-patched-solaris-x86 0.6.3 132.80 OK
r-release-linux-x86_64 0.6.3 33.68 20.61 54.29 OK
r-release-osx-x86_64-mavericks 0.6.3 OK
r-release-windows-ix86+x86_64 0.6.3 256.00 54.00 310.00 OK
r-oldrel-windows-ix86+x86_64 0.6.3 188.00 72.00 260.00 OK

Check Details

Version: 0.6.3
Check: compiled code
Result: NOTE
    File ‘LaF/libs/LaF.so’:
     Found no calls to: ‘R_registerRoutines’, ‘R_useDynamicSymbols’
    
    It is good practice to register native routines and to disable symbol
    search.
    
    See ‘Writing portable packages’ in the ‘Writing R Extensions’ manual.
Flavors: r-devel-linux-x86_64-debian-clang, r-devel-linux-x86_64-debian-gcc

Version: 0.6.3
Flags: --no-stop-on-test-error
Check: compiled code
Result: NOTE
    File ‘LaF/libs/LaF.so’:
     Found no calls to: ‘R_registerRoutines’, ‘R_useDynamicSymbols’
    
    It is good practice to register native routines and to disable symbol
    search.
    
    See ‘Writing portable packages’ in the ‘Writing R Extensions’ manual.
Flavors: r-devel-linux-x86_64-fedora-clang, r-devel-linux-x86_64-fedora-gcc, r-devel-macos-x86_64-clang