CRAN Package Check Results for Package LaF

Last updated on 2014-09-02 22:47:41.

Flavor Version Tinstall Tcheck Ttotal Status Flags
r-devel-linux-x86_64-debian-clang 0.6.1 29.33 20.36 49.68 NOTE
r-devel-linux-x86_64-debian-gcc 0.6.1 33.54 20.84 54.38 NOTE
r-devel-linux-x86_64-fedora-clang 0.6.1 123.12 NOTE
r-devel-linux-x86_64-fedora-gcc 0.6.1 109.29 NOTE
r-devel-osx-x86_64-clang 0.6.1 93.12 NOTE
r-devel-windows-ix86+x86_64 0.6.1 116.00 47.00 163.00 NOTE
r-patched-linux-x86_64 0.6.1 35.11 21.36 56.48 OK
r-patched-solaris-sparc 0.6.1 680.00 OK
r-patched-solaris-x86 0.6.1 136.00 OK
r-release-linux-ix86 0.6.1 42.73 30.35 73.08 OK
r-release-linux-x86_64 0.6.1 34.70 21.24 55.93 OK
r-release-osx-x86_64-mavericks 0.6.1 OK
r-release-osx-x86_64-snowleopard 0.6.1 OK
r-release-windows-ix86+x86_64 0.6.1 162.00 49.00 211.00 OK
r-oldrel-windows-ix86+x86_64 0.6.1 85.00 55.00 140.00 OK

Check Details

Version: 0.6.1
Check: R code for possible problems
Result: NOTE
    read_dm: no visible global function definition for ‘yaml.load_file’
    write_dm: no visible global function definition for ‘as.yaml’
Flavors: r-devel-linux-x86_64-debian-clang, r-devel-linux-x86_64-debian-gcc, r-devel-linux-x86_64-fedora-clang, r-devel-linux-x86_64-fedora-gcc, r-devel-osx-x86_64-clang, r-devel-windows-ix86+x86_64