CRAN Package Check Results for Package LaF

Last updated on 2015-07-31 11:49:14.

Flavor Version Tinstall Tcheck Ttotal Status Flags
r-devel-linux-x86_64-debian-clang 0.6.2 34.88 20.31 55.18 NOTE
r-devel-linux-x86_64-debian-gcc 0.6.2 49.98 19.72 69.70 NOTE
r-devel-linux-x86_64-fedora-clang 0.6.2 125.74 NOTE
r-devel-linux-x86_64-fedora-gcc 0.6.2 105.71 NOTE
r-devel-osx-x86_64-clang 0.6.2 91.34 OK
r-devel-windows-ix86+x86_64 0.6.2 179.00 48.00 227.00 NOTE
r-patched-linux-x86_64 0.6.2 36.32 20.06 56.39 OK
r-patched-solaris-sparc 0.6.2 615.20 OK
r-patched-solaris-x86 0.6.2 123.70 OK
r-release-linux-x86_64 0.6.2 35.05 19.84 54.89 OK
r-release-osx-x86_64-mavericks 0.6.2 OK
r-release-windows-ix86+x86_64 0.6.2 176.00 54.00 230.00 OK
r-oldrel-windows-ix86+x86_64 0.6.2 123.00 59.00 182.00 OK

Check Details

Version: 0.6.2
Check: R code for possible problems
Result: NOTE
    detect_dm_csv: no visible global function definition for ‘read.table’
    Undefined global functions or variables:
     read.table
    Consider adding
     importFrom("utils", "read.table")
    to your NAMESPACE.
Flavors: r-devel-linux-x86_64-debian-clang, r-devel-linux-x86_64-debian-gcc, r-devel-linux-x86_64-fedora-clang, r-devel-linux-x86_64-fedora-gcc, r-devel-windows-ix86+x86_64