CRAN Package Check Results for Package LaF

Last updated on 2016-05-25 03:48:32.

Flavor Version Tinstall Tcheck Ttotal Status Flags
r-devel-linux-x86_64-debian-gcc 0.6.2 48.00 19.52 67.52 NOTE
r-devel-linux-x86_64-fedora-clang 0.6.2 124.19 NOTE
r-devel-linux-x86_64-fedora-gcc 0.6.2 107.55 NOTE
r-devel-osx-x86_64-clang 0.6.2 101.78 NOTE
r-devel-windows-ix86+x86_64 0.6.2 123.00 50.00 173.00 NOTE
r-patched-linux-x86_64 0.6.2 33.86 19.91 53.77 NOTE
r-patched-solaris-sparc 0.6.2 595.00 NOTE
r-patched-solaris-x86 0.6.2 119.30 NOTE
r-release-linux-x86_64 0.6.2 35.24 19.41 54.65 NOTE
r-release-osx-x86_64-mavericks 0.6.2 NOTE
r-release-windows-ix86+x86_64 0.6.2 123.00 50.00 173.00 NOTE
r-oldrel-windows-ix86+x86_64 0.6.2 141.00 61.00 202.00 OK

Check Details

Version: 0.6.2
Check: R code for possible problems
Result: NOTE
    detect_dm_csv: no visible global function definition for ‘read.table’
    Undefined global functions or variables:
     read.table
    Consider adding
     importFrom("utils", "read.table")
    to your NAMESPACE file.
Flavors: r-devel-linux-x86_64-debian-gcc, r-devel-linux-x86_64-fedora-clang, r-devel-linux-x86_64-fedora-gcc, r-devel-osx-x86_64-clang, r-devel-windows-ix86+x86_64, r-patched-linux-x86_64, r-patched-solaris-sparc, r-patched-solaris-x86, r-release-linux-x86_64, r-release-osx-x86_64-mavericks, r-release-windows-ix86+x86_64