CRAN Package Check Results for Package LaF

Last updated on 2017-02-26 10:48:03.

Flavor Version Tinstall Tcheck Ttotal Status Flags
r-devel-linux-x86_64-debian-clang 0.6.3 41.57 23.25 64.82 NOTE
r-devel-linux-x86_64-debian-gcc 0.6.3 40.49 22.73 63.23 NOTE
r-devel-linux-x86_64-fedora-clang 0.6.3 139.64 NOTE --no-stop-on-test-error
r-devel-linux-x86_64-fedora-gcc 0.6.3 124.07 NOTE --no-stop-on-test-error
r-devel-macos-x86_64-clang 0.6.3 92.24 NOTE --no-stop-on-test-error
r-devel-windows-ix86+x86_64 0.6.3 201.00 87.00 288.00 OK
r-patched-linux-x86_64 0.6.3 33.92 20.04 53.96 OK
r-patched-solaris-sparc 0.6.3 566.20 OK
r-patched-solaris-x86 0.6.3 119.80 OK
r-release-linux-x86_64 0.6.3 34.78 20.75 55.53 OK
r-release-osx-x86_64-mavericks 0.6.3 OK
r-release-windows-ix86+x86_64 0.6.3 194.00 78.00 272.00 OK
r-oldrel-windows-ix86+x86_64 0.6.3 242.00 58.00 300.00 OK

Check Details

Version: 0.6.3
Check: compiled code
Result: NOTE
    File ‘LaF/libs/LaF.so’:
     Found no calls to: ‘R_registerRoutines’, ‘R_useDynamicSymbols’
    
    It is good practice to register native routines and to disable symbol
    search.
    
    See ‘Writing portable packages’ in the ‘Writing R Extensions’ manual.
Flavors: r-devel-linux-x86_64-debian-clang, r-devel-linux-x86_64-debian-gcc

Version: 0.6.3
Flags: --no-stop-on-test-error
Check: compiled code
Result: NOTE
    File ‘LaF/libs/LaF.so’:
     Found no calls to: ‘R_registerRoutines’, ‘R_useDynamicSymbols’
    
    It is good practice to register native routines and to disable symbol
    search.
    
    See ‘Writing portable packages’ in the ‘Writing R Extensions’ manual.
Flavors: r-devel-linux-x86_64-fedora-clang, r-devel-linux-x86_64-fedora-gcc, r-devel-macos-x86_64-clang