CRAN Package Check Results for Package LabRS

Last updated on 2020-09-23 01:57:35 CEST.

Flavor Version Tinstall Tcheck Ttotal Status Flags
r-devel-linux-x86_64-debian-clang 0.1.0 2.18 24.82 27.00 NOTE
r-devel-linux-x86_64-debian-gcc 0.1.0 1.95 19.67 21.62 NOTE
r-devel-linux-x86_64-fedora-clang 0.1.0 44.26 NOTE
r-devel-linux-x86_64-fedora-gcc 0.1.0 33.29 NOTE
r-devel-windows-ix86+x86_64 0.1.0 6.00 47.00 53.00 OK
r-patched-linux-x86_64 0.1.0 2.11 24.67 26.78 NOTE
r-patched-solaris-x86 0.1.0 51.10 NOTE
r-release-linux-x86_64 0.1.0 2.29 24.67 26.96 NOTE
r-release-macos-x86_64 0.1.0 OK
r-release-windows-ix86+x86_64 0.1.0 6.00 45.00 51.00 OK
r-oldrel-macos-x86_64 0.1.0 OK
r-oldrel-windows-ix86+x86_64 0.1.0 3.00 42.00 45.00 OK

Check Details

Version: 0.1.0
Check: for non-standard things in the check directory
Result: NOTE
    Found the following files/directories:
     'MYSLID.csv' 'tabelle.csv'
Flavors: r-devel-linux-x86_64-debian-clang, r-devel-linux-x86_64-debian-gcc, r-devel-linux-x86_64-fedora-clang, r-devel-linux-x86_64-fedora-gcc, r-patched-linux-x86_64, r-patched-solaris-x86, r-release-linux-x86_64

Version: 0.1.0
Check: Rd cross-references
Result: NOTE
    Undeclared packages ‘carData’, ‘factoextra’, ‘labstatR’ in Rd xrefs
Flavor: r-devel-linux-x86_64-fedora-clang