CRAN Package Check Results for Package Lahman

Last updated on 2015-01-25 21:48:21.

Flavor Version Tinstall Tcheck Ttotal Status Flags
r-devel-linux-x86_64-debian-clang 3.0-1 5.72 33.26 38.98 NOTE
r-devel-linux-x86_64-debian-gcc 3.0-1 5.72 30.46 36.18 NOTE
r-devel-linux-x86_64-fedora-clang 3.0-1 76.88 NOTE
r-devel-linux-x86_64-fedora-gcc 3.0-1 75.79 NOTE
r-devel-osx-x86_64-clang 3.0-1 73.29 NOTE
r-devel-windows-ix86+x86_64 3.0-1 13.00 50.00 63.00 NOTE
r-patched-linux-x86_64 3.0-1 6.36 31.95 38.32 NOTE
r-patched-solaris-sparc 3.0-1 469.90 NOTE
r-patched-solaris-x86 3.0-1 105.90 NOTE
r-release-linux-ix86 3.0-1 9.34 40.79 50.13 NOTE
r-release-linux-x86_64 3.0-1 7.99 32.35 40.34 NOTE
r-release-osx-x86_64-mavericks 3.0-1 NOTE
r-release-osx-x86_64-snowleopard 3.0-1 NOTE
r-release-windows-ix86+x86_64 3.0-1 12.00 51.00 63.00 NOTE
r-oldrel-windows-ix86+x86_64 3.0-1 15.00 55.00 70.00 NOTE

Check Details

Version: 3.0-1
Check: installed package size
Result: NOTE
     installed size is 7.5Mb
     sub-directories of 1Mb or more:
     data 7.2Mb
Flavors: r-devel-linux-x86_64-debian-clang, r-devel-linux-x86_64-debian-gcc, r-devel-linux-x86_64-fedora-clang, r-devel-linux-x86_64-fedora-gcc, r-devel-osx-x86_64-clang, r-devel-windows-ix86+x86_64, r-patched-linux-x86_64, r-patched-solaris-sparc, r-patched-solaris-x86, r-release-linux-ix86, r-release-linux-x86_64, r-release-osx-x86_64-mavericks, r-release-osx-x86_64-snowleopard, r-release-windows-ix86+x86_64, r-oldrel-windows-ix86+x86_64

Version: 3.0-1
Check: dependencies in R code
Result: NOTE
    'library' or 'require' call to ‘plyr’ in package code.
     Please use :: or requireNamespace() instead.
     See section 'Suggested packages' in the 'Writing R Extensions' manual.
Flavors: r-devel-linux-x86_64-debian-clang, r-devel-linux-x86_64-debian-gcc, r-devel-linux-x86_64-fedora-clang, r-devel-linux-x86_64-fedora-gcc, r-devel-osx-x86_64-clang, r-devel-windows-ix86+x86_64