CRAN Package Check Results for Package Lahman

Last updated on 2016-04-29 19:49:50.

Flavor Version Tinstall Tcheck Ttotal Status Flags
r-devel-linux-x86_64-debian-gcc 4.0-1 5.98 27.81 33.80 NOTE
r-devel-linux-x86_64-fedora-clang 4.0-1 62.61 NOTE
r-devel-linux-x86_64-fedora-gcc 4.0-1 60.94 NOTE
r-devel-osx-x86_64-clang 4.0-1 72.85 NOTE
r-devel-windows-ix86+x86_64 4.0-1 12.00 57.00 69.00 NOTE
r-patched-linux-x86_64 4.0-1 6.15 27.85 34.00 NOTE
r-patched-solaris-sparc 4.0-1 415.40 NOTE
r-patched-solaris-x86 4.0-1 89.10 NOTE
r-release-linux-x86_64 4.0-1 6.32 30.53 36.85 NOTE
r-release-osx-x86_64-mavericks 4.0-1 NOTE
r-release-windows-ix86+x86_64 4.0-1 11.00 58.00 69.00 NOTE
r-oldrel-windows-ix86+x86_64 4.0-1 16.00 74.00 90.00 NOTE

Check Details

Version: 4.0-1
Check: installed package size
Result: NOTE
     installed size is 7.5Mb
     sub-directories of 1Mb or more:
     data 7.3Mb
Flavors: r-devel-linux-x86_64-debian-gcc, r-devel-linux-x86_64-fedora-clang, r-devel-linux-x86_64-fedora-gcc, r-devel-osx-x86_64-clang, r-devel-windows-ix86+x86_64, r-patched-linux-x86_64, r-patched-solaris-sparc, r-patched-solaris-x86, r-release-linux-x86_64, r-release-osx-x86_64-mavericks, r-release-windows-ix86+x86_64, r-oldrel-windows-ix86+x86_64