CRAN Package Check Results for Package Lahman

Last updated on 2014-11-29 07:51:12.

Flavor Version Tinstall Tcheck Ttotal Status Flags
r-devel-linux-x86_64-debian-clang 3.0-1 5.73 30.84 36.57 NOTE
r-devel-linux-x86_64-debian-gcc 3.0-1 5.69 30.56 36.26 NOTE
r-devel-linux-x86_64-fedora-clang 3.0-1 80.77 NOTE
r-devel-linux-x86_64-fedora-gcc 3.0-1 76.12 NOTE
r-devel-osx-x86_64-clang 3.0-1 73.44 NOTE
r-devel-windows-ix86+x86_64 3.0-1 11.00 47.00 58.00 NOTE
r-patched-linux-x86_64 3.0-1 6.13 33.36 39.49 NOTE
r-patched-solaris-sparc 3.0-1 420.90 NOTE
r-patched-solaris-x86 3.0-1 108.30 NOTE
r-release-linux-ix86 3.0-1 9.44 40.84 50.27 NOTE
r-release-linux-x86_64 3.0-1 6.25 32.18 38.43 NOTE
r-release-osx-x86_64-mavericks 3.0-1 NOTE
r-release-osx-x86_64-snowleopard 3.0-1 NOTE
r-release-windows-ix86+x86_64 3.0-1 12.00 47.00 59.00 NOTE
r-oldrel-windows-ix86+x86_64 3.0-1 13.00 51.00 64.00 NOTE

Check Details

Version: 3.0-1
Check: installed package size
Result: NOTE
     installed size is 7.5Mb
     sub-directories of 1Mb or more:
     data 7.2Mb
Flavors: r-devel-linux-x86_64-debian-clang, r-devel-linux-x86_64-debian-gcc, r-devel-linux-x86_64-fedora-clang, r-devel-linux-x86_64-fedora-gcc, r-devel-osx-x86_64-clang, r-devel-windows-ix86+x86_64, r-patched-linux-x86_64, r-patched-solaris-sparc, r-patched-solaris-x86, r-release-linux-ix86, r-release-linux-x86_64, r-release-osx-x86_64-mavericks, r-release-osx-x86_64-snowleopard, r-release-windows-ix86+x86_64, r-oldrel-windows-ix86+x86_64