CRAN Package Check Results for Package Lahman

Last updated on 2017-08-18 23:47:39.

Flavor Version Tinstall Tcheck Ttotal Status Flags
r-devel-linux-x86_64-debian-clang 6.0-0 7.71 48.60 56.30 OK
r-devel-linux-x86_64-debian-gcc 6.0-0 8.12 46.75 54.88 OK
r-devel-linux-x86_64-fedora-clang 6.0-0 56.49 NOTE
r-devel-linux-x86_64-fedora-gcc 6.0-0 56.58 NOTE
r-devel-windows-ix86+x86_64 6.0-0 17.00 83.00 100.00 NOTE
r-patched-linux-x86_64 6.0-0 7.71 46.99 54.70 OK
r-patched-solaris-x86 6.0-0 143.10 NOTE
r-release-linux-x86_64 6.0-0 7.98 47.21 55.18 OK
r-release-windows-ix86+x86_64 6.0-0 19.00 109.00 128.00 NOTE
r-release-osx-x86_64 6.0-0 NOTE
r-oldrel-windows-ix86+x86_64 6.0-0 16.00 93.00 109.00 NOTE
r-oldrel-osx-x86_64 6.0-0 NOTE

Check Details

Version: 6.0-0
Check: installed package size
Result: NOTE
     installed size is 7.5Mb
     sub-directories of 1Mb or more:
     data 7.2Mb
Flavors: r-devel-linux-x86_64-fedora-clang, r-devel-linux-x86_64-fedora-gcc, r-devel-windows-ix86+x86_64, r-patched-solaris-x86, r-release-windows-ix86+x86_64, r-release-osx-x86_64, r-oldrel-windows-ix86+x86_64, r-oldrel-osx-x86_64