CRAN Package Check Results for Package Lahman

Last updated on 2016-02-10 09:47:25.

Flavor Version Tinstall Tcheck Ttotal Status Flags
r-devel-linux-x86_64-debian-gcc 4.0-1 6.09 26.87 32.96 NOTE
r-devel-linux-x86_64-fedora-clang 4.0-1 62.24 NOTE
r-devel-linux-x86_64-fedora-gcc 4.0-1 59.87 NOTE
r-devel-osx-x86_64-clang 4.0-1 73.69 NOTE
r-devel-windows-ix86+x86_64 4.0-1 15.00 52.00 67.00 NOTE
r-patched-linux-x86_64 4.0-1 6.32 28.55 34.88 NOTE
r-patched-solaris-sparc 4.0-1 412.90 NOTE
r-patched-solaris-x86 4.0-1 85.20 NOTE
r-release-linux-x86_64 4.0-1 6.06 27.98 34.04 NOTE
r-release-osx-x86_64-mavericks 4.0-1 NOTE
r-release-windows-ix86+x86_64 4.0-1 14.00 56.00 70.00 NOTE
r-oldrel-windows-ix86+x86_64 4.0-1 16.00 61.00 77.00 NOTE

Check Details

Version: 4.0-1
Check: installed package size
Result: NOTE
     installed size is 7.5Mb
     sub-directories of 1Mb or more:
     data 7.3Mb
Flavors: r-devel-linux-x86_64-debian-gcc, r-devel-linux-x86_64-fedora-clang, r-devel-linux-x86_64-fedora-gcc, r-devel-osx-x86_64-clang, r-devel-windows-ix86+x86_64, r-patched-linux-x86_64, r-patched-solaris-sparc, r-patched-solaris-x86, r-release-linux-x86_64, r-release-osx-x86_64-mavericks, r-release-windows-ix86+x86_64, r-oldrel-windows-ix86+x86_64