CRAN Package Check Results for Package Lahman

Last updated on 2015-08-30 04:48:27.

Flavor Version Tinstall Tcheck Ttotal Status Flags
r-devel-linux-x86_64-debian-clang 3.0-1 5.69 27.74 33.43 NOTE
r-devel-linux-x86_64-debian-gcc 3.0-1 5.48 27.04 32.52 NOTE
r-devel-linux-x86_64-fedora-clang 3.0-1 63.59 NOTE
r-devel-linux-x86_64-fedora-gcc 3.0-1 62.46 NOTE
r-devel-osx-x86_64-clang 3.0-1 60.83 NOTE
r-devel-windows-ix86+x86_64 3.0-1 17.00 53.00 70.00 NOTE
r-patched-linux-x86_64 3.0-1 5.57 29.64 35.21 NOTE
r-patched-solaris-sparc 3.0-1 461.40 NOTE
r-patched-solaris-x86 3.0-1 96.40 NOTE
r-release-linux-x86_64 3.0-1 5.53 29.95 35.48 NOTE
r-release-osx-x86_64-mavericks 3.0-1 NOTE
r-release-windows-ix86+x86_64 3.0-1 14.00 52.00 66.00 NOTE
r-oldrel-windows-ix86+x86_64 3.0-1 17.00 55.00 72.00 NOTE

Check Details

Version: 3.0-1
Check: installed package size
Result: NOTE
     installed size is 7.5Mb
     sub-directories of 1Mb or more:
     data 7.2Mb
Flavors: r-devel-linux-x86_64-debian-clang, r-devel-linux-x86_64-debian-gcc, r-devel-linux-x86_64-fedora-clang, r-devel-linux-x86_64-fedora-gcc, r-devel-osx-x86_64-clang, r-devel-windows-ix86+x86_64, r-patched-linux-x86_64, r-patched-solaris-sparc, r-patched-solaris-x86, r-release-linux-x86_64, r-release-osx-x86_64-mavericks, r-release-windows-ix86+x86_64, r-oldrel-windows-ix86+x86_64

Version: 3.0-1
Check: dependencies in R code
Result: NOTE
    'library' or 'require' call to ‘plyr’ in package code.
     Please use :: or requireNamespace() instead.
     See section 'Suggested packages' in the 'Writing R Extensions' manual.
Flavors: r-devel-linux-x86_64-debian-clang, r-devel-linux-x86_64-debian-gcc, r-devel-linux-x86_64-fedora-clang, r-devel-linux-x86_64-fedora-gcc, r-devel-osx-x86_64-clang, r-devel-windows-ix86+x86_64, r-patched-linux-x86_64, r-patched-solaris-sparc, r-patched-solaris-x86, r-release-linux-x86_64, r-release-osx-x86_64-mavericks, r-release-windows-ix86+x86_64, r-oldrel-windows-ix86+x86_64