CRAN Package Check Results for Package Lahman

Last updated on 2017-02-25 07:49:11.

Flavor Version Tinstall Tcheck Ttotal Status Flags
r-devel-linux-x86_64-debian-clang 5.0-0 7.78 45.68 53.46 OK
r-devel-linux-x86_64-debian-gcc 5.0-0 8.25 43.42 51.67 OK
r-devel-linux-x86_64-fedora-clang 5.0-0 90.81 NOTE --no-stop-on-test-error
r-devel-linux-x86_64-fedora-gcc 5.0-0 92.38 NOTE --no-stop-on-test-error
r-devel-macos-x86_64-clang 5.0-0 75.13 NOTE --no-stop-on-test-error
r-devel-windows-ix86+x86_64 5.0-0 20.00 102.00 122.00 NOTE
r-patched-linux-x86_64 5.0-0 8.11 37.84 45.95 OK
r-patched-solaris-sparc 5.0-0 481.40 NOTE
r-patched-solaris-x86 5.0-0 136.80 NOTE
r-release-linux-x86_64 5.0-0 8.16 37.85 46.02 OK
r-release-osx-x86_64-mavericks 5.0-0 NOTE
r-release-windows-ix86+x86_64 5.0-0 18.00 75.00 93.00 NOTE
r-oldrel-windows-ix86+x86_64 5.0-0 19.00 90.00 109.00 NOTE

Check Details

Version: 5.0-0
Flags: --no-stop-on-test-error
Check: installed package size
Result: NOTE
     installed size is 7.6Mb
     sub-directories of 1Mb or more:
     data 7.4Mb
Flavors: r-devel-linux-x86_64-fedora-clang, r-devel-linux-x86_64-fedora-gcc, r-devel-macos-x86_64-clang

Version: 5.0-0
Check: installed package size
Result: NOTE
     installed size is 7.6Mb
     sub-directories of 1Mb or more:
     data 7.4Mb
Flavors: r-devel-windows-ix86+x86_64, r-patched-solaris-sparc, r-patched-solaris-x86, r-release-osx-x86_64-mavericks, r-release-windows-ix86+x86_64, r-oldrel-windows-ix86+x86_64