CRAN Package Check Results for Package Lahman

Last updated on 2017-03-27 06:48:16.

Flavor Version Tinstall Tcheck Ttotal Status Flags
r-devel-linux-x86_64-debian-clang 5.0-0 7.95 44.81 52.76 OK
r-devel-linux-x86_64-debian-gcc 5.0-0 7.83 43.17 51.00 OK
r-devel-linux-x86_64-fedora-clang 5.0-0 88.75 NOTE --no-stop-on-test-error
r-devel-linux-x86_64-fedora-gcc 5.0-0 88.15 NOTE --no-stop-on-test-error
r-devel-macos-x86_64-clang 5.0-0 74.97 NOTE --no-stop-on-test-error
r-patched-linux-x86_64 5.0-0 7.92 47.32 55.24 OK
r-patched-solaris-sparc 5.0-0 539.20 NOTE
r-patched-solaris-x86 5.0-0 159.10 NOTE
r-release-linux-x86_64 5.0-0 8.03 37.65 45.69 OK
r-release-osx-x86_64-mavericks 5.0-0 NOTE
r-release-windows-ix86+x86_64 5.0-0 18.00 82.00 100.00 NOTE
r-oldrel-windows-ix86+x86_64 5.0-0 15.00 64.00 79.00 NOTE

Check Details

Version: 5.0-0
Flags: --no-stop-on-test-error
Check: installed package size
Result: NOTE
     installed size is 7.6Mb
     sub-directories of 1Mb or more:
     data 7.4Mb
Flavors: r-devel-linux-x86_64-fedora-clang, r-devel-linux-x86_64-fedora-gcc, r-devel-macos-x86_64-clang

Version: 5.0-0
Check: installed package size
Result: NOTE
     installed size is 7.6Mb
     sub-directories of 1Mb or more:
     data 7.4Mb
Flavors: r-patched-solaris-sparc, r-patched-solaris-x86, r-release-osx-x86_64-mavericks, r-release-windows-ix86+x86_64, r-oldrel-windows-ix86+x86_64