Last updated on 2022-07-07 03:55:31 CEST.
Flavor | Version | Tinstall | Tcheck | Ttotal | Status | Flags |
---|---|---|---|---|---|---|
r-devel-linux-x86_64-debian-clang | 10.0-1 | 41.86 | 91.57 | 133.43 | OK | |
r-devel-linux-x86_64-debian-gcc | 10.0-1 | 38.62 | 68.79 | 107.41 | OK | |
r-devel-linux-x86_64-fedora-clang | 10.0-1 | 189.85 | NOTE | |||
r-devel-linux-x86_64-fedora-gcc | 10.0-1 | 188.12 | OK | |||
r-devel-windows-x86_64 | 10.0-1 | 62.00 | 146.00 | 208.00 | NOTE | |
r-patched-linux-x86_64 | 10.0-1 | 45.58 | 86.09 | 131.67 | OK | |
r-release-linux-x86_64 | 10.0-1 | 43.32 | 86.22 | 129.54 | OK | |
r-release-macos-arm64 | 10.0-1 | 85.00 | NOTE | |||
r-release-macos-x86_64 | 10.0-1 | 98.00 | NOTE | |||
r-release-windows-x86_64 | 10.0-1 | 53.00 | 146.00 | 199.00 | NOTE | |
r-oldrel-macos-arm64 | 10.0-1 | 78.00 | NOTE | |||
r-oldrel-macos-x86_64 | 10.0-1 | 101.00 | NOTE | |||
r-oldrel-windows-ix86+x86_64 | 10.0-1 | 63.00 | 140.00 | 203.00 | NOTE |
Version: 10.0-1
Check: installed package size
Result: NOTE
installed size is 6.4Mb
sub-directories of 1Mb or more:
data 5.5Mb
Flavors: r-devel-linux-x86_64-fedora-clang, r-devel-windows-x86_64, r-release-macos-arm64, r-release-macos-x86_64, r-release-windows-x86_64, r-oldrel-macos-arm64, r-oldrel-macos-x86_64, r-oldrel-windows-ix86+x86_64
Version: 10.0-1
Check: Rd cross-references
Result: NOTE
Undeclared package ‘plyr’ in Rd xrefs
Flavor: r-devel-linux-x86_64-fedora-clang