CRAN Package Check Results for Package Lahman

Last updated on 2016-12-07 19:48:31.

Flavor Version Tinstall Tcheck Ttotal Status Flags
r-devel-linux-x86_64-debian-clang 5.0-0 8.15 47.21 55.36 OK
r-devel-linux-x86_64-debian-gcc 5.0-0 8.55 44.17 52.72 OK
r-devel-linux-x86_64-fedora-clang 5.0-0 99.06 NOTE --no-stop-on-test-error
r-devel-linux-x86_64-fedora-gcc 5.0-0 92.86 NOTE --no-stop-on-test-error
r-devel-macos-x86_64-clang 5.0-0 75.83 NOTE
r-devel-windows-ix86+x86_64 5.0-0 19.00 80.00 99.00 NOTE
r-patched-linux-x86_64 5.0-0 8.51 38.12 46.64 OK
r-patched-solaris-sparc 5.0-0 441.20 NOTE
r-patched-solaris-x86 5.0-0 136.00 NOTE
r-release-linux-x86_64 5.0-0 8.02 38.96 46.98 OK
r-release-osx-x86_64-mavericks 5.0-0 NOTE
r-release-windows-ix86+x86_64 5.0-0 13.00 69.00 82.00 NOTE
r-oldrel-windows-ix86+x86_64 5.0-0 21.00 87.00 108.00 NOTE

Check Details

Version: 5.0-0
Flags: --no-stop-on-test-error
Check: installed package size
Result: NOTE
     installed size is 7.6Mb
     sub-directories of 1Mb or more:
     data 7.4Mb
Flavors: r-devel-linux-x86_64-fedora-clang, r-devel-linux-x86_64-fedora-gcc

Version: 5.0-0
Check: installed package size
Result: NOTE
     installed size is 7.6Mb
     sub-directories of 1Mb or more:
     data 7.3Mb
Flavors: r-devel-macos-x86_64-clang, r-devel-windows-ix86+x86_64, r-patched-solaris-sparc, r-patched-solaris-x86, r-release-osx-x86_64-mavericks, r-release-windows-ix86+x86_64, r-oldrel-windows-ix86+x86_64