CRAN Package Check Results for Package Lahman

Last updated on 2014-12-20 03:49:34.

Flavor Version Tinstall Tcheck Ttotal Status Flags
r-devel-linux-x86_64-debian-clang 3.0-1 6.16 30.96 37.12 NOTE
r-devel-linux-x86_64-debian-gcc 3.0-1 5.72 30.39 36.11 NOTE
r-devel-linux-x86_64-fedora-clang 3.0-1 77.72 NOTE
r-devel-linux-x86_64-fedora-gcc 3.0-1 65.97 NOTE
r-devel-osx-x86_64-clang 3.0-1 73.36 NOTE
r-devel-windows-ix86+x86_64 3.0-1 12.00 50.00 62.00 NOTE
r-patched-linux-x86_64 3.0-1 6.04 32.03 38.07 NOTE
r-patched-solaris-sparc 3.0-1 420.90 NOTE
r-patched-solaris-x86 3.0-1 106.30 NOTE
r-release-linux-ix86 3.0-1 9.38 40.91 50.29 NOTE
r-release-linux-x86_64 3.0-1 7.31 32.11 39.42 NOTE
r-release-osx-x86_64-mavericks 3.0-1 NOTE
r-release-osx-x86_64-snowleopard 3.0-1 NOTE
r-release-windows-ix86+x86_64 3.0-1 12.00 53.00 65.00 NOTE
r-oldrel-windows-ix86+x86_64 3.0-1 15.00 52.00 67.00 NOTE

Check Details

Version: 3.0-1
Check: installed package size
Result: NOTE
     installed size is 7.5Mb
     sub-directories of 1Mb or more:
     data 7.2Mb
Flavors: r-devel-linux-x86_64-debian-clang, r-devel-linux-x86_64-debian-gcc, r-devel-linux-x86_64-fedora-clang, r-devel-linux-x86_64-fedora-gcc, r-devel-osx-x86_64-clang, r-devel-windows-ix86+x86_64, r-patched-linux-x86_64, r-patched-solaris-sparc, r-patched-solaris-x86, r-release-linux-ix86, r-release-linux-x86_64, r-release-osx-x86_64-mavericks, r-release-osx-x86_64-snowleopard, r-release-windows-ix86+x86_64, r-oldrel-windows-ix86+x86_64