CRAN Package Check Results for Package Lahman

Last updated on 2016-08-24 14:48:04.

Flavor Version Tinstall Tcheck Ttotal Status Flags
r-devel-linux-x86_64-debian-clang 4.0-1 6.05 28.51 34.56 NOTE
r-devel-linux-x86_64-debian-gcc 4.0-1 5.84 28.28 34.12 NOTE
r-devel-linux-x86_64-fedora-clang 4.0-1 63.33 NOTE
r-devel-linux-x86_64-fedora-gcc 4.0-1 60.36 NOTE
r-devel-osx-x86_64-clang 4.0-1 52.64 NOTE
r-devel-windows-ix86+x86_64 4.0-1 15.00 53.00 68.00 NOTE
r-patched-linux-x86_64 4.0-1 7.78 29.10 36.88 NOTE
r-patched-solaris-sparc 4.0-1 418.10 NOTE
r-patched-solaris-x86 4.0-1 85.10 NOTE
r-release-linux-x86_64 4.0-1 5.96 28.23 34.19 NOTE
r-release-osx-x86_64-mavericks 4.0-1 NOTE
r-release-windows-ix86+x86_64 4.0-1 14.00 73.00 87.00 NOTE
r-oldrel-windows-ix86+x86_64 4.0-1 16.00 69.00 85.00 NOTE

Check Details

Version: 4.0-1
Check: installed package size
Result: NOTE
     installed size is 7.5Mb
     sub-directories of 1Mb or more:
     data 7.3Mb
Flavors: r-devel-linux-x86_64-debian-clang, r-devel-linux-x86_64-debian-gcc, r-devel-linux-x86_64-fedora-clang, r-devel-linux-x86_64-fedora-gcc, r-devel-osx-x86_64-clang, r-devel-windows-ix86+x86_64, r-patched-linux-x86_64, r-patched-solaris-sparc, r-patched-solaris-x86, r-release-linux-x86_64, r-release-osx-x86_64-mavericks, r-release-windows-ix86+x86_64, r-oldrel-windows-ix86+x86_64