CRAN Package Check Results for Package Lahman

Last updated on 2018-06-20 07:47:44 CEST.

Flavor Version Tinstall Tcheck Ttotal Status Flags
r-devel-linux-x86_64-debian-clang 6.0-0 9.70 64.60 74.30 OK
r-devel-linux-x86_64-debian-gcc 6.0-0 9.42 47.65 57.07 OK
r-devel-linux-x86_64-fedora-clang 6.0-0 89.16 NOTE
r-devel-linux-x86_64-fedora-gcc 6.0-0 87.78 OK
r-devel-windows-ix86+x86_64 6.0-0 18.00 76.00 94.00 NOTE
r-patched-linux-x86_64 6.0-0 10.75 62.55 73.30 OK
r-patched-solaris-x86 6.0-0 155.00 NOTE
r-release-linux-x86_64 6.0-0 10.86 61.47 72.33 OK
r-release-windows-ix86+x86_64 6.0-0 15.00 106.00 121.00 NOTE
r-release-osx-x86_64 6.0-0 NOTE
r-oldrel-windows-ix86+x86_64 6.0-0 14.00 80.00 94.00 NOTE
r-oldrel-osx-x86_64 6.0-0 NOTE

Check Details

Version: 6.0-0
Check: installed package size
Result: NOTE
     installed size is 7.5Mb
     sub-directories of 1Mb or more:
     data 7.2Mb
Flavors: r-devel-linux-x86_64-fedora-clang, r-devel-windows-ix86+x86_64, r-patched-solaris-x86, r-release-windows-ix86+x86_64, r-release-osx-x86_64, r-oldrel-windows-ix86+x86_64, r-oldrel-osx-x86_64