CRAN Package Check Results for Package Lahman

Last updated on 2016-06-29 21:46:49.

Flavor Version Tinstall Tcheck Ttotal Status Flags
r-devel-linux-x86_64-debian-gcc 4.0-1 5.92 29.01 34.93 NOTE
r-devel-linux-x86_64-fedora-clang 4.0-1 62.62 NOTE
r-devel-linux-x86_64-fedora-gcc 4.0-1 60.70 NOTE
r-devel-osx-x86_64-clang 4.0-1 52.46 NOTE
r-devel-windows-ix86+x86_64 4.0-1 12.00 51.00 63.00 NOTE
r-patched-linux-x86_64 4.0-1 6.05 28.78 34.84 NOTE
r-patched-solaris-sparc 4.0-1 418.10 NOTE
r-patched-solaris-x86 4.0-1 88.30 NOTE
r-release-linux-x86_64 4.0-1 5.90 28.64 34.54 NOTE
r-release-osx-x86_64-mavericks 4.0-1 NOTE
r-release-windows-ix86+x86_64 4.0-1 16.00 53.00 69.00 NOTE
r-oldrel-windows-ix86+x86_64 4.0-1 15.00 53.00 68.00 NOTE

Check Details

Version: 4.0-1
Check: installed package size
Result: NOTE
     installed size is 7.5Mb
     sub-directories of 1Mb or more:
     data 7.3Mb
Flavors: r-devel-linux-x86_64-debian-gcc, r-devel-linux-x86_64-fedora-clang, r-devel-linux-x86_64-fedora-gcc, r-devel-osx-x86_64-clang, r-devel-windows-ix86+x86_64, r-patched-linux-x86_64, r-patched-solaris-sparc, r-patched-solaris-x86, r-release-linux-x86_64, r-release-osx-x86_64-mavericks, r-release-windows-ix86+x86_64, r-oldrel-windows-ix86+x86_64