CRAN Package Check Results for Package Lahman

Last updated on 2018-02-25 21:56:03 CET.

Flavor Version Tinstall Tcheck Ttotal Status Flags
r-devel-linux-x86_64-debian-clang 6.0-0 8.71 63.82 72.53 OK
r-devel-linux-x86_64-debian-gcc 6.0-0 9.56 46.60 56.16 OK
r-devel-linux-x86_64-fedora-clang 6.0-0 89.15 NOTE
r-devel-linux-x86_64-fedora-gcc 6.0-0 88.93 NOTE
r-devel-windows-ix86+x86_64 6.0-0 18.00 98.00 116.00 NOTE
r-patched-linux-x86_64 6.0-0 8.85 72.24 81.09 OK
r-patched-solaris-x86 6.0-0 164.20 NOTE
r-release-linux-x86_64 6.0-0 11.26 76.43 87.69 OK
r-release-windows-ix86+x86_64 6.0-0 20.00 110.00 130.00 NOTE
r-release-osx-x86_64 6.0-0 NOTE
r-oldrel-windows-ix86+x86_64 6.0-0 15.00 76.00 91.00 NOTE
r-oldrel-osx-x86_64 6.0-0 NOTE

Check Details

Version: 6.0-0
Check: installed package size
Result: NOTE
     installed size is 7.5Mb
     sub-directories of 1Mb or more:
     data 7.2Mb
Flavors: r-devel-linux-x86_64-fedora-clang, r-devel-linux-x86_64-fedora-gcc, r-devel-windows-ix86+x86_64, r-patched-solaris-x86, r-release-windows-ix86+x86_64, r-release-osx-x86_64, r-oldrel-windows-ix86+x86_64, r-oldrel-osx-x86_64