CRAN Package Check Results for Package Lahman

Last updated on 2017-12-13 01:54:45 CET.

Flavor Version Tinstall Tcheck Ttotal Status Flags
r-devel-linux-x86_64-debian-clang 6.0-0 10.15 73.42 83.57 OK
r-devel-linux-x86_64-debian-gcc 6.0-0 9.21 54.83 64.04 OK
r-devel-linux-x86_64-fedora-clang 6.0-0 93.02 NOTE
r-devel-linux-x86_64-fedora-gcc 6.0-0 91.80 NOTE
r-devel-windows-ix86+x86_64 6.0-0 19.00 103.00 122.00 NOTE
r-patched-linux-x86_64 6.0-0 9.97 74.08 84.05 OK
r-patched-solaris-x86 6.0-0 152.00 NOTE
r-release-linux-x86_64 6.0-0 10.64 73.61 84.25 OK
r-release-windows-ix86+x86_64 6.0-0 16.00 92.00 108.00 NOTE
r-release-osx-x86_64 6.0-0 NOTE
r-oldrel-windows-ix86+x86_64 6.0-0 14.00 101.00 115.00 NOTE
r-oldrel-osx-x86_64 6.0-0 NOTE

Check Details

Version: 6.0-0
Check: installed package size
Result: NOTE
     installed size is 7.5Mb
     sub-directories of 1Mb or more:
     data 7.2Mb
Flavors: r-devel-linux-x86_64-fedora-clang, r-devel-linux-x86_64-fedora-gcc, r-devel-windows-ix86+x86_64, r-patched-solaris-x86, r-release-windows-ix86+x86_64, r-release-osx-x86_64, r-oldrel-windows-ix86+x86_64, r-oldrel-osx-x86_64