CRAN Package Check Results for Package Lahman

Last updated on 2014-09-17 21:46:37.

Flavor Version Tinstall Tcheck Ttotal Status Flags
r-devel-linux-x86_64-debian-clang 3.0-1 6.03 30.88 36.91 NOTE
r-devel-linux-x86_64-debian-gcc 3.0-1 5.85 30.19 36.04 NOTE
r-devel-linux-x86_64-fedora-clang 3.0-1 41.99 NOTE
r-devel-linux-x86_64-fedora-gcc 3.0-1 40.03 NOTE
r-devel-osx-x86_64-clang 3.0-1 44.07 NOTE
r-devel-windows-ix86+x86_64 3.0-1 11.00 47.00 58.00 NOTE
r-patched-linux-x86_64 2.0-3 5.98 31.36 37.34 NOTE
r-patched-solaris-sparc 3.0-1 420.90 NOTE
r-patched-solaris-x86 3.0-1 106.10 NOTE
r-release-linux-ix86 3.0-1 9.65 43.58 53.23 NOTE
r-release-linux-x86_64 3.0-1 6.48 33.03 39.51 NOTE
r-release-osx-x86_64-mavericks 3.0-1 NOTE
r-release-windows-ix86+x86_64 3.0-1 12.00 51.00 63.00 NOTE
r-oldrel-windows-ix86+x86_64 3.0-1 15.00 56.00 71.00 NOTE

Check Details

Version: 3.0-1
Check: installed package size
Result: NOTE
     installed size is 7.5Mb
     sub-directories of 1Mb or more:
     data 7.2Mb
Flavors: r-devel-linux-x86_64-debian-clang, r-devel-linux-x86_64-debian-gcc, r-devel-linux-x86_64-fedora-clang, r-devel-linux-x86_64-fedora-gcc, r-devel-osx-x86_64-clang, r-devel-windows-ix86+x86_64, r-patched-solaris-sparc, r-patched-solaris-x86, r-release-linux-ix86, r-release-linux-x86_64, r-release-osx-x86_64-mavericks, r-release-windows-ix86+x86_64, r-oldrel-windows-ix86+x86_64

Version: 2.0-3
Check: installed package size
Result: NOTE
     installed size is 7.4Mb
     sub-directories of 1Mb or more:
     data 7.2Mb
Flavor: r-patched-linux-x86_64