CRAN Package Check Results for Package Lahman

Last updated on 2017-10-18 03:48:19.

Flavor Version Tinstall Tcheck Ttotal Status Flags
r-devel-linux-x86_64-debian-clang 6.0-0 7.58 52.12 59.70 OK
r-devel-linux-x86_64-debian-gcc 6.0-0 8.37 47.06 55.43 OK
r-devel-linux-x86_64-fedora-clang 6.0-0 98.98 NOTE
r-devel-linux-x86_64-fedora-gcc 6.0-0 102.76 NOTE
r-devel-windows-ix86+x86_64 6.0-0 12.00 86.00 98.00 NOTE
r-patched-linux-x86_64 6.0-0 7.98 46.91 54.89 OK
r-patched-solaris-x86 6.0-0 154.40 NOTE
r-release-linux-x86_64 6.0-0 7.78 48.42 56.20 OK
r-release-windows-ix86+x86_64 6.0-0 21.00 104.00 125.00 NOTE
r-release-osx-x86_64 6.0-0 NOTE
r-oldrel-windows-ix86+x86_64 6.0-0 19.00 99.00 118.00 NOTE
r-oldrel-osx-x86_64 6.0-0 NOTE

Check Details

Version: 6.0-0
Check: installed package size
Result: NOTE
     installed size is 7.5Mb
     sub-directories of 1Mb or more:
     data 7.2Mb
Flavors: r-devel-linux-x86_64-fedora-clang, r-devel-linux-x86_64-fedora-gcc, r-devel-windows-ix86+x86_64, r-patched-solaris-x86, r-release-windows-ix86+x86_64, r-release-osx-x86_64, r-oldrel-windows-ix86+x86_64, r-oldrel-osx-x86_64