CRAN Package Check Results for Package Lahman

Last updated on 2016-09-30 20:47:37.

Flavor Version Tinstall Tcheck Ttotal Status Flags
r-devel-linux-x86_64-debian-clang 5.0-0 7.43 38.82 46.25 NOTE
r-devel-linux-x86_64-debian-gcc 5.0-0 8.32 36.78 45.10 NOTE
r-devel-linux-x86_64-fedora-clang 5.0-0 90.02 NOTE
r-devel-linux-x86_64-fedora-gcc 5.0-0 83.08 NOTE
r-devel-macos-x86_64-clang 5.0-0 65.73 NOTE
r-devel-windows-ix86+x86_64 5.0-0 21.00 88.00 109.00 NOTE
r-patched-linux-x86_64 5.0-0 8.26 35.89 44.15 NOTE
r-patched-solaris-sparc 5.0-0 441.20 NOTE
r-patched-solaris-x86 5.0-0 136.90 NOTE
r-release-linux-x86_64 5.0-0 8.12 36.17 44.29 NOTE
r-release-osx-x86_64-mavericks 5.0-0 NOTE
r-release-windows-ix86+x86_64 5.0-0 15.00 64.00 79.00 NOTE
r-oldrel-windows-ix86+x86_64 5.0-0 20.00 86.00 106.00 NOTE

Check Details

Version: 5.0-0
Check: installed package size
Result: NOTE
     installed size is 7.6Mb
     sub-directories of 1Mb or more:
     data 7.4Mb
Flavors: r-devel-linux-x86_64-debian-clang, r-devel-linux-x86_64-debian-gcc, r-devel-linux-x86_64-fedora-clang, r-devel-linux-x86_64-fedora-gcc, r-devel-macos-x86_64-clang, r-devel-windows-ix86+x86_64, r-patched-linux-x86_64, r-patched-solaris-sparc, r-patched-solaris-x86, r-release-linux-x86_64, r-release-osx-x86_64-mavericks, r-release-windows-ix86+x86_64, r-oldrel-windows-ix86+x86_64