CRAN Package Check Results for Package Lahman

Last updated on 2017-01-16 22:55:09.

Flavor Version Tinstall Tcheck Ttotal Status Flags
r-devel-linux-x86_64-debian-clang 5.0-0 8.19 43.40 51.59 OK
r-devel-linux-x86_64-debian-gcc 5.0-0 8.27 45.22 53.48 OK
r-devel-linux-x86_64-fedora-clang 5.0-0 90.43 NOTE --no-stop-on-test-error
r-devel-linux-x86_64-fedora-gcc 5.0-0 91.41 NOTE --no-stop-on-test-error
r-devel-macos-x86_64-clang 5.0-0 74.88 NOTE --no-stop-on-test-error
r-devel-windows-ix86+x86_64 5.0-0 18.00 85.00 103.00 NOTE
r-patched-linux-x86_64 5.0-0 8.26 37.46 45.73 OK
r-patched-solaris-sparc 5.0-0 481.40 NOTE
r-patched-solaris-x86 5.0-0 136.70 NOTE
r-release-linux-x86_64 5.0-0 8.67 36.85 45.53 OK
r-release-osx-x86_64-mavericks 5.0-0 NOTE
r-release-windows-ix86+x86_64 5.0-0 18.00 91.00 109.00 NOTE
r-oldrel-windows-ix86+x86_64 5.0-0 15.00 74.00 89.00 NOTE

Check Details

Version: 5.0-0
Flags: --no-stop-on-test-error
Check: installed package size
Result: NOTE
     installed size is 7.6Mb
     sub-directories of 1Mb or more:
     data 7.4Mb
Flavors: r-devel-linux-x86_64-fedora-clang, r-devel-linux-x86_64-fedora-gcc, r-devel-macos-x86_64-clang

Version: 5.0-0
Check: installed package size
Result: NOTE
     installed size is 7.6Mb
     sub-directories of 1Mb or more:
     data 7.4Mb
Flavors: r-devel-windows-ix86+x86_64, r-patched-solaris-sparc, r-patched-solaris-x86, r-release-osx-x86_64-mavericks, r-release-windows-ix86+x86_64, r-oldrel-windows-ix86+x86_64