CRAN Package Check Results for Package Lahman

Last updated on 2014-08-22 07:50:33.

Flavor Version Tinstall Tcheck Ttotal Status Flags
r-devel-linux-x86_64-debian-clang 2.0-3 5.97 30.62 36.59 NOTE
r-devel-linux-x86_64-debian-gcc 2.0-3 6.19 30.85 37.04 NOTE
r-devel-linux-x86_64-fedora-clang 2.0-3 73.74 NOTE
r-devel-linux-x86_64-fedora-gcc 2.0-3 74.45 NOTE
r-devel-osx-x86_64-clang 2.0-3 71.06 NOTE
r-devel-windows-ix86+x86_64 2.0-3 12.00 49.00 61.00 NOTE
r-patched-linux-x86_64 2.0-3 5.98 31.47 37.45 NOTE
r-patched-solaris-sparc 2.0-3 490.70 NOTE
r-patched-solaris-x86 2.0-3 106.40 NOTE
r-release-linux-ix86 2.0-3 9.84 42.55 52.39 NOTE
r-release-linux-x86_64 2.0-3 6.27 32.34 38.62 NOTE
r-release-osx-x86_64-mavericks 2.0-3 NOTE
r-release-windows-ix86+x86_64 2.0-3 11.00 47.00 58.00 NOTE
r-oldrel-windows-ix86+x86_64 2.0-3 11.00 50.00 61.00 NOTE

Check Details

Version: 2.0-3
Check: installed package size
Result: NOTE
     installed size is 7.4Mb
     sub-directories of 1Mb or more:
     data 7.2Mb
Flavors: r-devel-linux-x86_64-debian-clang, r-devel-linux-x86_64-debian-gcc, r-devel-linux-x86_64-fedora-clang, r-devel-linux-x86_64-fedora-gcc, r-devel-osx-x86_64-clang, r-devel-windows-ix86+x86_64, r-patched-linux-x86_64, r-patched-solaris-sparc, r-patched-solaris-x86, r-release-linux-ix86, r-release-linux-x86_64, r-release-osx-x86_64-mavericks, r-release-windows-ix86+x86_64, r-oldrel-windows-ix86+x86_64

Version: 2.0-3
Check: R code for possible problems
Result: NOTE
    Label: no visible binding for global variable ‘battingLabels’
    Label: no visible binding for global variable ‘pitchingLabels’
    Label: no visible binding for global variable ‘fieldingLabels’
    battingStats: no visible binding for global variable ‘Batting’
    battingStats: no visible global function definition for ‘mutate’
    playerInfo: no visible binding for global variable ‘Master’
    teamInfo: no visible binding for global variable ‘Teams’
Flavors: r-devel-linux-x86_64-fedora-clang, r-devel-linux-x86_64-fedora-gcc, r-devel-osx-x86_64-clang