CRAN Package Check Results for Package Lahman

Last updated on 2015-03-26 19:47:42.

Flavor Version Tinstall Tcheck Ttotal Status Flags
r-devel-linux-x86_64-debian-clang 3.0-1 5.90 28.30 34.20 NOTE
r-devel-linux-x86_64-debian-gcc 3.0-1 5.73 28.33 34.06 NOTE
r-devel-linux-x86_64-fedora-clang 3.0-1 67.33 NOTE
r-devel-linux-x86_64-fedora-gcc 3.0-1 65.11 NOTE
r-devel-osx-x86_64-clang 3.0-1 71.71 NOTE
r-prerel-windows-ix86+x86_64 3.0-1 11.00 45.00 56.00 NOTE
r-prerel-linux-x86_64 3.0-1 5.52 28.07 33.59 NOTE
r-prerel-solaris-sparc 3.0-1 472.20 NOTE
r-prerel-solaris-x86 3.0-1 94.30 NOTE
r-release-linux-x86_64 3.0-1 8.36 32.49 40.84 NOTE
r-release-osx-x86_64-mavericks 3.0-1 NOTE
r-release-osx-x86_64-snowleopard 3.0-1 NOTE
r-release-windows-ix86+x86_64 3.0-1 13.00 52.00 65.00 NOTE
r-oldrel-windows-ix86+x86_64 3.0-1 14.00 52.00 66.00 NOTE

Check Details

Version: 3.0-1
Check: installed package size
Result: NOTE
     installed size is 7.5Mb
     sub-directories of 1Mb or more:
     data 7.2Mb
Flavors: r-devel-linux-x86_64-debian-clang, r-devel-linux-x86_64-debian-gcc, r-devel-linux-x86_64-fedora-clang, r-devel-linux-x86_64-fedora-gcc, r-devel-osx-x86_64-clang, r-prerel-windows-ix86+x86_64, r-prerel-linux-x86_64, r-prerel-solaris-sparc, r-prerel-solaris-x86, r-release-linux-x86_64, r-release-osx-x86_64-mavericks, r-release-osx-x86_64-snowleopard, r-release-windows-ix86+x86_64, r-oldrel-windows-ix86+x86_64

Version: 3.0-1
Check: dependencies in R code
Result: NOTE
    'library' or 'require' call to ‘plyr’ in package code.
     Please use :: or requireNamespace() instead.
     See section 'Suggested packages' in the 'Writing R Extensions' manual.
Flavors: r-devel-linux-x86_64-debian-clang, r-devel-linux-x86_64-debian-gcc, r-devel-linux-x86_64-fedora-clang, r-devel-linux-x86_64-fedora-gcc, r-devel-osx-x86_64-clang, r-prerel-windows-ix86+x86_64, r-prerel-linux-x86_64, r-prerel-solaris-sparc, r-prerel-solaris-x86, r-release-linux-x86_64, r-release-windows-ix86+x86_64