CRAN Package Check Results for Package Lahman

Last updated on 2017-04-29 23:50:29.

Flavor Version Tinstall Tcheck Ttotal Status Flags
r-devel-linux-x86_64-debian-clang 5.0-0 7.66 47.91 55.57 OK
r-devel-linux-x86_64-debian-gcc 5.0-0 7.76 44.53 52.28 OK
r-devel-linux-x86_64-fedora-clang 5.0-0 90.81 NOTE --no-stop-on-test-error
r-devel-linux-x86_64-fedora-gcc 5.0-0 87.83 NOTE --no-stop-on-test-error
r-devel-windows-ix86+x86_64 5.0-0 19.00 105.00 124.00 NOTE
r-patched-linux-x86_64 5.0-0 8.33 44.43 52.76 OK
r-patched-solaris-sparc 5.0-0 539.20 NOTE
r-patched-solaris-x86 5.0-0 156.80 NOTE
r-release-linux-x86_64 5.0-0 8.17 44.26 52.42 OK
r-release-windows-ix86+x86_64 5.0-0 19.00 107.00 126.00 NOTE
r-release-osx-x86_64 5.0-0 NOTE
r-oldrel-windows-ix86+x86_64 5.0-0 19.00 92.00 111.00 NOTE
r-oldrel-osx-x86_64 5.0-0 NOTE

Check Details

Version: 5.0-0
Flags: --no-stop-on-test-error
Check: installed package size
Result: NOTE
     installed size is 7.6Mb
     sub-directories of 1Mb or more:
     data 7.4Mb
Flavors: r-devel-linux-x86_64-fedora-clang, r-devel-linux-x86_64-fedora-gcc

Version: 5.0-0
Check: installed package size
Result: NOTE
     installed size is 7.6Mb
     sub-directories of 1Mb or more:
     data 7.4Mb
Flavors: r-devel-windows-ix86+x86_64, r-patched-solaris-sparc, r-patched-solaris-x86, r-release-windows-ix86+x86_64, r-release-osx-x86_64, r-oldrel-windows-ix86+x86_64, r-oldrel-osx-x86_64