CRAN Package Check Results for Package Lahman

Last updated on 2014-07-24 19:49:04.

Flavor Version Tinstall Tcheck Ttotal Status Flags
r-devel-linux-x86_64-debian-clang 2.0-3 6.46 31.67 38.14 NOTE
r-devel-linux-x86_64-debian-gcc 2.0-3 6.15 31.66 37.81 NOTE
r-devel-linux-x86_64-fedora-clang 2.0-3 80.38 NOTE
r-devel-linux-x86_64-fedora-gcc 2.0-3 79.83 NOTE
r-devel-osx-x86_64-clang 2.0-3 73.81 NOTE
r-devel-windows-ix86+x86_64 2.0-3 11.00 51.00 62.00 NOTE
r-patched-linux-x86_64 2.0-3 5.97 31.34 37.30 NOTE
r-patched-solaris-sparc 2.0-3 457.90 NOTE
r-patched-solaris-x86 2.0-3 103.90 NOTE
r-release-linux-ix86 2.0-3 9.96 42.54 52.50 NOTE
r-release-linux-x86_64 2.0-3 6.15 31.76 37.91 NOTE
r-release-osx-x86_64-mavericks 2.0-3 NOTE
r-release-windows-ix86+x86_64 2.0-3 11.00 47.00 58.00 NOTE
r-oldrel-windows-ix86+x86_64 2.0-3 13.00 47.00 60.00 NOTE

Check Details

Version: 2.0-3
Check: installed package size
Result: NOTE
     installed size is 7.4Mb
     sub-directories of 1Mb or more:
     data 7.2Mb
Flavors: r-devel-linux-x86_64-debian-clang, r-devel-linux-x86_64-debian-gcc, r-devel-linux-x86_64-fedora-clang, r-devel-linux-x86_64-fedora-gcc, r-devel-osx-x86_64-clang, r-devel-windows-ix86+x86_64, r-patched-linux-x86_64, r-patched-solaris-sparc, r-patched-solaris-x86, r-release-linux-ix86, r-release-linux-x86_64, r-release-osx-x86_64-mavericks, r-release-windows-ix86+x86_64, r-oldrel-windows-ix86+x86_64