CRAN Package Check Results for Package Lahman

Last updated on 2014-10-21 05:48:00.

Flavor Version Tinstall Tcheck Ttotal Status Flags
r-devel-linux-x86_64-debian-clang 3.0-1 7.08 30.87 37.94 NOTE
r-devel-linux-x86_64-debian-gcc 3.0-1 5.99 30.75 36.74 NOTE
r-devel-linux-x86_64-fedora-clang 3.0-1 75.84 NOTE
r-devel-linux-x86_64-fedora-gcc 3.0-1 73.58 NOTE
r-devel-osx-x86_64-clang 3.0-1 74.08 NOTE
r-devel-windows-ix86+x86_64 3.0-1 12.00 48.00 60.00 NOTE
r-patched-linux-x86_64 3.0-1 6.06 32.35 38.40 NOTE
r-patched-solaris-sparc 3.0-1 420.90 NOTE
r-patched-solaris-x86 3.0-1 104.10 NOTE
r-release-linux-ix86 3.0-1 9.92 43.65 53.58 NOTE
r-release-linux-x86_64 3.0-1 6.21 33.10 39.31 NOTE
r-release-osx-x86_64-mavericks 3.0-1 NOTE
r-release-osx-x86_64-snowleopard 3.0-1 NOTE
r-release-windows-ix86+x86_64 3.0-1 13.00 51.00 64.00 NOTE
r-oldrel-windows-ix86+x86_64 3.0-1 13.00 51.00 64.00 NOTE

Check Details

Version: 3.0-1
Check: installed package size
Result: NOTE
     installed size is 7.5Mb
     sub-directories of 1Mb or more:
     data 7.2Mb
Flavors: r-devel-linux-x86_64-debian-clang, r-devel-linux-x86_64-debian-gcc, r-devel-linux-x86_64-fedora-clang, r-devel-linux-x86_64-fedora-gcc, r-devel-osx-x86_64-clang, r-devel-windows-ix86+x86_64, r-patched-linux-x86_64, r-patched-solaris-sparc, r-patched-solaris-x86, r-release-linux-ix86, r-release-linux-x86_64, r-release-osx-x86_64-mavericks, r-release-osx-x86_64-snowleopard, r-release-windows-ix86+x86_64, r-oldrel-windows-ix86+x86_64