CRAN Package Check Results for Package Lahman

Last updated on 2016-07-30 06:47:42.

Flavor Version Tinstall Tcheck Ttotal Status Flags
r-devel-linux-x86_64-debian-clang 4.0-1 5.97 29.10 35.07 NOTE
r-devel-linux-x86_64-debian-gcc 4.0-1 5.98 27.97 33.95 NOTE
r-devel-linux-x86_64-fedora-clang 4.0-1 62.24 NOTE
r-devel-linux-x86_64-fedora-gcc 4.0-1 59.98 NOTE
r-devel-osx-x86_64-clang 4.0-1 52.57 NOTE
r-devel-windows-ix86+x86_64 4.0-1 13.00 53.00 66.00 NOTE
r-patched-linux-x86_64 4.0-1 6.20 34.32 40.53 NOTE
r-patched-solaris-sparc 4.0-1 418.10 NOTE
r-patched-solaris-x86 4.0-1 85.50 NOTE
r-release-linux-x86_64 4.0-1 6.44 31.66 38.10 NOTE
r-release-osx-x86_64-mavericks 4.0-1 NOTE
r-release-windows-ix86+x86_64 4.0-1 16.00 72.00 88.00 NOTE
r-oldrel-windows-ix86+x86_64 4.0-1 15.00 59.00 74.00 NOTE

Check Details

Version: 4.0-1
Check: installed package size
Result: NOTE
     installed size is 7.5Mb
     sub-directories of 1Mb or more:
     data 7.3Mb
Flavors: r-devel-linux-x86_64-debian-clang, r-devel-linux-x86_64-debian-gcc, r-devel-linux-x86_64-fedora-clang, r-devel-linux-x86_64-fedora-gcc, r-devel-osx-x86_64-clang, r-devel-windows-ix86+x86_64, r-patched-linux-x86_64, r-patched-solaris-sparc, r-patched-solaris-x86, r-release-linux-x86_64, r-release-osx-x86_64-mavericks, r-release-windows-ix86+x86_64, r-oldrel-windows-ix86+x86_64