CRAN Package Check Results for Package Lahman

Last updated on 2017-06-26 21:49:32.

Flavor Version Tinstall Tcheck Ttotal Status Flags
r-devel-linux-x86_64-debian-clang 5.0-0 7.80 50.88 58.68 OK
r-devel-linux-x86_64-debian-gcc 5.0-0 7.92 46.24 54.17 OK
r-devel-linux-x86_64-fedora-clang 5.0-0 96.00 NOTE
r-devel-linux-x86_64-fedora-gcc 5.0-0 93.24 NOTE
r-devel-windows-ix86+x86_64 5.0-0 20.00 111.00 131.00 NOTE
r-patched-linux-x86_64 5.0-0 8.35 46.75 55.10 OK
r-patched-solaris-sparc 5.0-0 539.20 NOTE
r-patched-solaris-x86 5.0-0 160.00 NOTE
r-release-linux-x86_64 5.0-0 7.99 46.64 54.63 OK
r-release-windows-ix86+x86_64 5.0-0 16.00 86.00 102.00 NOTE
r-release-osx-x86_64 5.0-0 NOTE
r-oldrel-windows-ix86+x86_64 5.0-0 18.00 95.00 113.00 NOTE
r-oldrel-osx-x86_64 5.0-0 NOTE

Check Details

Version: 5.0-0
Check: installed package size
Result: NOTE
     installed size is 7.6Mb
     sub-directories of 1Mb or more:
     data 7.4Mb
Flavors: r-devel-linux-x86_64-fedora-clang, r-devel-linux-x86_64-fedora-gcc, r-devel-windows-ix86+x86_64, r-patched-solaris-sparc, r-patched-solaris-x86, r-release-windows-ix86+x86_64, r-release-osx-x86_64, r-oldrel-windows-ix86+x86_64, r-oldrel-osx-x86_64