CRAN Package Check Results for Package LakeMetabolizer

Last updated on 2019-04-22 04:51:37 CEST.

Flavor Version Tinstall Tcheck Ttotal Status Flags
r-devel-linux-x86_64-debian-clang 1.5.0 7.04 37.58 44.62 OK
r-devel-linux-x86_64-debian-gcc 1.5.0 5.68 30.00 35.68 OK
r-devel-linux-x86_64-fedora-clang 1.5.0 51.88 NOTE
r-devel-linux-x86_64-fedora-gcc 1.5.0 50.21 NOTE
r-devel-windows-ix86+x86_64 1.5.0 18.00 82.00 100.00 OK
r-patched-linux-x86_64 1.5.0 6.86 37.80 44.66 OK
r-patched-solaris-x86 1.5.0 74.70 OK
r-release-linux-x86_64 1.5.0 4.19 36.04 40.23 OK
r-release-windows-ix86+x86_64 1.5.0 13.00 86.00 99.00 OK
r-release-osx-x86_64 1.5.0 OK
r-oldrel-windows-ix86+x86_64 1.5.0 12.00 86.00 98.00 OK
r-oldrel-osx-x86_64 1.5.0 NOTE

Check Details

Version: 1.5.0
Check: compiled code
Result: NOTE
    File ‘LakeMetabolizer/libs/LakeMetabolizer.so’:
     Found no calls to: ‘R_registerRoutines’, ‘R_useDynamicSymbols’
    
    It is good practice to register native routines and to disable symbol
    search.
    
    See ‘Writing portable packages’ in the ‘Writing R Extensions’ manual.
Flavors: r-devel-linux-x86_64-fedora-clang, r-devel-linux-x86_64-fedora-gcc

Version: 1.5.0
Check: package dependencies
Result: NOTE
    Package suggested but not available for checking: ‘R2jags’
Flavor: r-oldrel-osx-x86_64

Version: 1.5.0
Check: Rd cross-references
Result: NOTE
    Package unavailable to check Rd xrefs: ‘R2jags’
Flavor: r-oldrel-osx-x86_64