CRAN Package Check Results for Package LambertW

Last updated on 2018-06-20 06:46:50 CEST.

Flavor Version Tinstall Tcheck Ttotal Status Flags
r-devel-linux-x86_64-debian-clang 0.6.4 52.78 135.96 188.74 WARN
r-devel-linux-x86_64-debian-gcc 0.6.4 40.47 102.74 143.21 NOTE
r-devel-linux-x86_64-fedora-clang 0.6.4 547.85 WARN
r-devel-linux-x86_64-fedora-gcc 0.6.4 523.98 NOTE
r-devel-windows-ix86+x86_64 0.6.4 119.00 202.00 321.00 OK
r-patched-linux-x86_64 0.6.4 55.20 134.62 189.82 NOTE
r-patched-solaris-x86 0.6.4 1171.60 OK
r-release-linux-x86_64 0.6.4 56.71 135.05 191.76 NOTE
r-release-windows-ix86+x86_64 0.6.4 88.00 261.00 349.00 OK
r-release-osx-x86_64 0.6.4 WARN
r-oldrel-windows-ix86+x86_64 0.6.4 101.00 172.00 273.00 OK
r-oldrel-osx-x86_64 0.6.4 OK

Check Details

Version: 0.6.4
Check: whether package can be installed
Result: WARN
    Found the following significant warnings:
     W_gamma_Cpp.cpp:14:39: warning: explicitly assigning value of variable of type 'int' to itself [-Wself-assign]
Flavors: r-devel-linux-x86_64-debian-clang, r-devel-linux-x86_64-fedora-clang, r-release-osx-x86_64

Version: 0.6.4
Check: compiled code
Result: NOTE
    File ‘LambertW/libs/LambertW.so’:
     Found no calls to: ‘R_registerRoutines’, ‘R_useDynamicSymbols’
    
    It is good practice to register native routines and to disable symbol
    search.
    
    See ‘Writing portable packages’ in the ‘Writing R Extensions’ manual.
Flavors: r-devel-linux-x86_64-debian-clang, r-devel-linux-x86_64-debian-gcc, r-devel-linux-x86_64-fedora-clang, r-devel-linux-x86_64-fedora-gcc, r-patched-linux-x86_64, r-release-linux-x86_64