CRAN Package Check Results for Package LambertW

Last updated on 2017-06-24 20:48:44.

Flavor Version Tinstall Tcheck Ttotal Status Flags
r-devel-linux-x86_64-debian-clang 0.6.4 30.35 83.16 113.51 NOTE
r-devel-linux-x86_64-debian-gcc 0.6.4 28.54 81.89 110.42 NOTE
r-devel-linux-x86_64-fedora-clang 0.6.4 497.52 NOTE
r-devel-linux-x86_64-fedora-gcc 0.6.4 484.02 NOTE
r-devel-windows-ix86+x86_64 0.6.4 129.00 261.00 390.00 OK
r-patched-linux-x86_64 0.6.4 25.57 68.93 94.49 NOTE
r-patched-solaris-sparc 0.6.4 1579.40 OK
r-patched-solaris-x86 0.6.4 897.90 OK
r-release-linux-x86_64 0.6.4 29.41 70.41 99.81 NOTE
r-release-windows-ix86+x86_64 0.6.4 128.00 226.00 354.00 OK
r-release-osx-x86_64 0.6.4 OK
r-oldrel-windows-ix86+x86_64 0.6.4 133.00 193.00 326.00 OK
r-oldrel-osx-x86_64 0.6.4 OK

Check Details

Version: 0.6.4
Check: compiled code
Result: NOTE
    File ‘LambertW/libs/LambertW.so’:
     Found no calls to: ‘R_registerRoutines’, ‘R_useDynamicSymbols’
    
    It is good practice to register native routines and to disable symbol
    search.
    
    See ‘Writing portable packages’ in the ‘Writing R Extensions’ manual.
Flavors: r-devel-linux-x86_64-debian-clang, r-devel-linux-x86_64-debian-gcc, r-devel-linux-x86_64-fedora-clang, r-devel-linux-x86_64-fedora-gcc, r-patched-linux-x86_64, r-release-linux-x86_64