CRAN Package Check Results for Package LambertW

Last updated on 2015-04-18 10:00:13.

Flavor Version Tinstall Tcheck Ttotal Status Flags
r-devel-linux-x86_64-debian-clang 0.5 1.15 28.32 29.48 NOTE
r-devel-linux-x86_64-debian-gcc 0.5 1.10 27.43 28.53 NOTE
r-devel-linux-x86_64-fedora-clang 0.5 53.86 NOTE
r-devel-linux-x86_64-fedora-gcc 0.5 59.84 NOTE
r-devel-osx-x86_64-clang 0.5 53.52 NOTE
r-prerel-windows-ix86+x86_64 0.5 9.00 43.00 52.00 NOTE
r-prerel-linux-x86_64 0.5 1.13 27.50 28.63 NOTE
r-prerel-solaris-sparc 0.5 342.50 NOTE
r-prerel-solaris-x86 0.5 68.10 NOTE
r-release-linux-x86_64 0.5 1.12 27.28 28.40 NOTE
r-release-osx-x86_64-mavericks 0.5 NOTE
r-release-osx-x86_64-snowleopard 0.5 NOTE
r-release-windows-ix86+x86_64 0.5 4.00 58.00 62.00 NOTE
r-oldrel-windows-ix86+x86_64 0.5 4.00 57.00 61.00 OK

Check Details

Version: 0.5
Check: dependencies in R code
Result: NOTE
    'library' or 'require' calls in package code:
     ‘Rsolnp’ ‘nortest’ ‘numDeriv’
     Please use :: or requireNamespace() instead.
     See section 'Suggested packages' in the 'Writing R Extensions' manual.
Flavors: r-devel-linux-x86_64-debian-clang, r-devel-linux-x86_64-debian-gcc, r-devel-linux-x86_64-fedora-clang, r-devel-linux-x86_64-fedora-gcc, r-devel-osx-x86_64-clang, r-prerel-windows-ix86+x86_64, r-prerel-linux-x86_64, r-prerel-solaris-sparc, r-prerel-solaris-x86, r-release-linux-x86_64, r-release-windows-ix86+x86_64

Version: 0.5
Check: R code for possible problems
Result: NOTE
    normfit: no visible global function definition for ‘ad.test’
    normfit: no visible global function definition for ‘sf.test’
Flavors: r-devel-linux-x86_64-debian-clang, r-devel-linux-x86_64-debian-gcc, r-devel-linux-x86_64-fedora-clang, r-devel-linux-x86_64-fedora-gcc, r-devel-osx-x86_64-clang, r-prerel-windows-ix86+x86_64, r-prerel-linux-x86_64, r-prerel-solaris-sparc, r-prerel-solaris-x86, r-release-linux-x86_64, r-release-osx-x86_64-mavericks, r-release-osx-x86_64-snowleopard, r-release-windows-ix86+x86_64