CRAN Package Check Results for Package LambertW

Last updated on 2017-10-20 02:48:22.

Flavor Version Tinstall Tcheck Ttotal Status Flags
r-devel-linux-x86_64-debian-clang 0.6.4 30.65 83.13 113.78 NOTE
r-devel-linux-x86_64-debian-gcc 0.6.4 29.60 74.35 103.95 NOTE
r-devel-linux-x86_64-fedora-clang 0.6.4 629.98 NOTE
r-devel-linux-x86_64-fedora-gcc 0.6.4 1301.74 NOTE
r-devel-windows-ix86+x86_64 0.6.4 130.00 253.00 383.00 OK
r-patched-linux-x86_64 0.6.4 29.48 70.78 100.25 NOTE
r-patched-solaris-x86 0.6.4 962.60 OK
r-release-linux-x86_64 0.6.4 29.50 71.03 100.53 NOTE
r-release-windows-ix86+x86_64 0.6.4 138.00 217.00 355.00 OK
r-release-osx-x86_64 0.6.4 OK
r-oldrel-windows-ix86+x86_64 0.6.4 99.00 193.00 292.00 OK
r-oldrel-osx-x86_64 0.6.4 OK

Check Details

Version: 0.6.4
Check: compiled code
Result: NOTE
    File ‘LambertW/libs/LambertW.so’:
     Found no calls to: ‘R_registerRoutines’, ‘R_useDynamicSymbols’
    
    It is good practice to register native routines and to disable symbol
    search.
    
    See ‘Writing portable packages’ in the ‘Writing R Extensions’ manual.
Flavors: r-devel-linux-x86_64-debian-clang, r-devel-linux-x86_64-debian-gcc, r-devel-linux-x86_64-fedora-clang, r-devel-linux-x86_64-fedora-gcc, r-patched-linux-x86_64, r-release-linux-x86_64