CRAN Package Check Results for Package LambertW

Last updated on 2016-06-25 11:49:11.

Flavor Version Tinstall Tcheck Ttotal Status Flags
r-devel-linux-x86_64-debian-gcc 0.6.4 33.10 60.90 94.00 OK
r-devel-linux-x86_64-fedora-clang 0.6.4 168.74 OK
r-devel-linux-x86_64-fedora-gcc 0.6.4 150.17 OK
r-devel-osx-x86_64-clang 0.6.4 114.59 OK
r-devel-windows-ix86+x86_64 0.6.4 117.00 160.00 277.00 OK
r-patched-linux-x86_64 0.6.4 22.33 62.27 84.60 OK
r-patched-solaris-sparc 0.6.4 1015.90 NOTE
r-patched-solaris-x86 0.6.4 177.50 OK
r-release-linux-x86_64 0.6.4 22.14 59.96 82.11 OK
r-release-osx-x86_64-mavericks 0.6.4 OK
r-release-windows-ix86+x86_64 0.6.4 112.00 187.00 299.00 OK
r-oldrel-windows-ix86+x86_64 0.6.4 110.00 169.00 279.00 OK

Check Details

Version: 0.6.4
Check: installed package size
Result: NOTE
     installed size is 5.6Mb
     sub-directories of 1Mb or more:
     libs 5.0Mb
Flavor: r-patched-solaris-sparc