CRAN Package Check Results for Package LambertW

Last updated on 2018-04-25 19:47:12 CEST.

Flavor Version Tinstall Tcheck Ttotal Status Flags
r-devel-linux-x86_64-debian-clang 0.6.4 50.47 129.76 180.23 WARN
r-devel-linux-x86_64-debian-gcc 0.6.4 37.66 100.45 138.11 NOTE
r-devel-linux-x86_64-fedora-clang 0.6.4 510.97 WARN
r-devel-linux-x86_64-fedora-gcc 0.6.4 517.16 NOTE
r-devel-windows-ix86+x86_64 0.6.4 128.00 203.00 331.00 OK
r-patched-linux-x86_64 0.6.4 51.58 122.78 174.36 NOTE
r-patched-solaris-x86 0.6.4 1099.50 OK
r-release-linux-x86_64 0.6.4 51.24 125.12 176.36 NOTE
r-release-windows-ix86+x86_64 0.6.4 128.00 203.00 331.00 OK
r-release-osx-x86_64 0.6.4 WARN
r-oldrel-windows-ix86+x86_64 0.6.4 85.00 220.00 305.00 OK
r-oldrel-osx-x86_64 0.6.4 OK

Check Details

Version: 0.6.4
Check: whether package can be installed
Result: WARN
    Found the following significant warnings:
     W_gamma_Cpp.cpp:14:39: warning: explicitly assigning value of variable of type 'int' to itself [-Wself-assign]
Flavors: r-devel-linux-x86_64-debian-clang, r-devel-linux-x86_64-fedora-clang, r-release-osx-x86_64

Version: 0.6.4
Check: compiled code
Result: NOTE
    File ‘LambertW/libs/LambertW.so’:
     Found no calls to: ‘R_registerRoutines’, ‘R_useDynamicSymbols’
    
    It is good practice to register native routines and to disable symbol
    search.
    
    See ‘Writing portable packages’ in the ‘Writing R Extensions’ manual.
Flavors: r-devel-linux-x86_64-debian-clang, r-devel-linux-x86_64-debian-gcc, r-devel-linux-x86_64-fedora-clang, r-devel-linux-x86_64-fedora-gcc, r-patched-linux-x86_64, r-release-linux-x86_64