CRAN Package Check Results for Package LambertW

Last updated on 2017-03-24 04:47:34.

Flavor Version Tinstall Tcheck Ttotal Status Flags
r-devel-linux-x86_64-debian-clang 0.6.4 29.97 74.28 104.25 NOTE
r-devel-linux-x86_64-debian-gcc 0.6.4 26.68 72.07 98.75 NOTE
r-devel-linux-x86_64-fedora-clang 0.6.4 446.42 NOTE --no-stop-on-test-error
r-devel-linux-x86_64-fedora-gcc 0.6.4 418.49 NOTE --no-stop-on-test-error
r-devel-macos-x86_64-clang 0.6.4 129.78 NOTE --no-stop-on-test-error
r-devel-windows-ix86+x86_64 0.6.4 89.00 173.00 262.00 OK
r-patched-linux-x86_64 0.6.4 22.50 66.75 89.26 OK
r-patched-solaris-sparc 0.6.4 1579.40 OK
r-patched-solaris-x86 0.6.4 916.10 OK
r-release-linux-x86_64 0.6.4 23.34 66.55 89.90 OK
r-release-osx-x86_64-mavericks 0.6.4 OK
r-release-windows-ix86+x86_64 0.6.4 111.00 157.00 268.00 OK
r-oldrel-windows-ix86+x86_64 0.6.4 117.00 200.00 317.00 OK

Check Details

Version: 0.6.4
Check: compiled code
Result: NOTE
    File ‘LambertW/libs/LambertW.so’:
     Found no calls to: ‘R_registerRoutines’, ‘R_useDynamicSymbols’
    
    It is good practice to register native routines and to disable symbol
    search.
    
    See ‘Writing portable packages’ in the ‘Writing R Extensions’ manual.
Flavors: r-devel-linux-x86_64-debian-clang, r-devel-linux-x86_64-debian-gcc

Version: 0.6.4
Flags: --no-stop-on-test-error
Check: compiled code
Result: NOTE
    File ‘LambertW/libs/LambertW.so’:
     Found no calls to: ‘R_registerRoutines’, ‘R_useDynamicSymbols’
    
    It is good practice to register native routines and to disable symbol
    search.
    
    See ‘Writing portable packages’ in the ‘Writing R Extensions’ manual.
Flavors: r-devel-linux-x86_64-fedora-clang, r-devel-linux-x86_64-fedora-gcc, r-devel-macos-x86_64-clang