CRAN Package Check Results for Package LambertW

Last updated on 2017-08-22 03:48:45.

Flavor Version Tinstall Tcheck Ttotal Status Flags
r-devel-linux-x86_64-debian-clang 0.6.4 30.65 84.19 114.84 NOTE
r-devel-linux-x86_64-debian-gcc 0.6.4 29.38 82.17 111.55 NOTE
r-devel-linux-x86_64-fedora-clang 0.6.4 477.81 NOTE
r-devel-linux-x86_64-fedora-gcc 0.6.4 464.17 NOTE
r-devel-windows-ix86+x86_64 0.6.4 133.00 254.00 387.00 OK
r-patched-linux-x86_64 0.6.4 29.80 69.38 99.17 NOTE
r-patched-solaris-x86 0.6.4 952.90 OK
r-release-linux-x86_64 0.6.4 29.30 69.75 99.05 NOTE
r-release-windows-ix86+x86_64 0.6.4 92.00 221.00 313.00 OK
r-release-osx-x86_64 0.6.4 OK
r-oldrel-windows-ix86+x86_64 0.6.4 90.00 154.00 244.00 OK
r-oldrel-osx-x86_64 0.6.4 OK

Check Details

Version: 0.6.4
Check: compiled code
Result: NOTE
    File ‘LambertW/libs/LambertW.so’:
     Found no calls to: ‘R_registerRoutines’, ‘R_useDynamicSymbols’
    
    It is good practice to register native routines and to disable symbol
    search.
    
    See ‘Writing portable packages’ in the ‘Writing R Extensions’ manual.
Flavors: r-devel-linux-x86_64-debian-clang, r-devel-linux-x86_64-debian-gcc, r-devel-linux-x86_64-fedora-clang, r-devel-linux-x86_64-fedora-gcc, r-patched-linux-x86_64, r-release-linux-x86_64