CRAN Package Check Results for Package LambertW

Last updated on 2015-01-29 16:48:29.

Flavor Version Tinstall Tcheck Ttotal Status Flags
r-devel-linux-x86_64-debian-clang 0.5 1.16 28.88 30.04 NOTE
r-devel-linux-x86_64-debian-gcc 0.5 1.11 30.88 31.98 NOTE
r-devel-linux-x86_64-fedora-clang 0.5 59.49 NOTE
r-devel-linux-x86_64-fedora-gcc 0.5 51.48 NOTE
r-devel-osx-x86_64-clang 0.5 58.36 NOTE
r-devel-windows-ix86+x86_64 0.5 8.00 42.00 50.00 NOTE
r-patched-linux-x86_64 0.5 1.22 30.10 31.32 NOTE
r-patched-solaris-sparc 0.5 366.00 NOTE
r-patched-solaris-x86 0.5 74.60 NOTE
r-release-linux-ix86 0.5 1.60 37.03 38.62 NOTE
r-release-linux-x86_64 0.5 1.22 29.88 31.10 NOTE
r-release-osx-x86_64-mavericks 0.5 NOTE
r-release-osx-x86_64-snowleopard 0.5 NOTE
r-release-windows-ix86+x86_64 0.5 4.00 49.00 53.00 NOTE
r-oldrel-windows-ix86+x86_64 0.5 5.00 48.00 53.00 OK

Check Details

Version: 0.5
Check: dependencies in R code
Result: NOTE
    'library' or 'require' calls in package code:
     ‘Rsolnp’ ‘nortest’ ‘numDeriv’
     Please use :: or requireNamespace() instead.
     See section 'Suggested packages' in the 'Writing R Extensions' manual.
Flavors: r-devel-linux-x86_64-debian-clang, r-devel-linux-x86_64-debian-gcc, r-devel-linux-x86_64-fedora-clang, r-devel-linux-x86_64-fedora-gcc, r-devel-osx-x86_64-clang, r-devel-windows-ix86+x86_64

Version: 0.5
Check: R code for possible problems
Result: NOTE
    normfit: no visible global function definition for ‘ad.test’
    normfit: no visible global function definition for ‘sf.test’
Flavors: r-devel-linux-x86_64-debian-clang, r-devel-linux-x86_64-debian-gcc, r-devel-linux-x86_64-fedora-clang, r-devel-linux-x86_64-fedora-gcc, r-devel-osx-x86_64-clang, r-devel-windows-ix86+x86_64, r-patched-linux-x86_64, r-patched-solaris-sparc, r-patched-solaris-x86, r-release-linux-ix86, r-release-linux-x86_64, r-release-osx-x86_64-mavericks, r-release-osx-x86_64-snowleopard, r-release-windows-ix86+x86_64