CRAN Package Check Results for Package LambertW

Last updated on 2014-11-24 12:47:47.

Flavor Version Tinstall Tcheck Ttotal Status Flags
r-devel-linux-x86_64-debian-clang 0.5 1.17 30.80 31.97 NOTE
r-devel-linux-x86_64-debian-gcc 0.5 1.28 28.92 30.20 NOTE
r-devel-linux-x86_64-fedora-clang 0.5 52.24 NOTE
r-devel-linux-x86_64-fedora-gcc 0.5 49.88 NOTE
r-devel-osx-x86_64-clang 0.5 57.87 NOTE
r-devel-windows-ix86+x86_64 0.5 5.00 57.00 62.00 NOTE
r-patched-linux-x86_64 0.5 1.20 30.16 31.36 NOTE
r-patched-solaris-sparc 0.5 355.20 NOTE
r-patched-solaris-x86 0.5 73.70 NOTE
r-release-linux-ix86 0.2.9.9.5 1.97 43.12 45.09 NOTE
r-release-linux-x86_64 0.5 1.21 30.45 31.66 NOTE
r-release-osx-x86_64-mavericks 0.5 ERROR
r-release-osx-x86_64-snowleopard 0.5 NOTE
r-release-windows-ix86+x86_64 0.5 4.00 48.00 52.00 NOTE
r-oldrel-windows-ix86+x86_64 0.5 4.00 46.00 50.00 OK

Check Details

Version: 0.5
Check: R code for possible problems
Result: NOTE
    normfit: no visible global function definition for ‘ad.test’
    normfit: no visible global function definition for ‘sf.test’
Flavors: r-devel-linux-x86_64-debian-clang, r-devel-linux-x86_64-debian-gcc, r-devel-linux-x86_64-fedora-clang, r-devel-linux-x86_64-fedora-gcc, r-devel-osx-x86_64-clang, r-devel-windows-ix86+x86_64, r-patched-linux-x86_64, r-patched-solaris-sparc, r-patched-solaris-x86, r-release-linux-x86_64, r-release-osx-x86_64-snowleopard, r-release-windows-ix86+x86_64

Version: 0.2.9.9.5
Check: R code for possible problems
Result: NOTE
    MLE_LambertW_new: no visible global function definition for ‘solnp’
Flavor: r-release-linux-ix86

Version: 0.5
Check: package dependencies
Result: ERROR
    Package required but not available: ‘gsl’
    
    See the information on DESCRIPTION files in the chapter ‘Creating R
    packages’ of the ‘Writing R Extensions’ manual.
Flavor: r-release-osx-x86_64-mavericks