CRAN Package Check Results for Package LambertW

Last updated on 2014-12-22 21:47:18.

Flavor Version Tinstall Tcheck Ttotal Status Flags
r-devel-linux-x86_64-debian-clang 0.5 1.26 30.61 31.87 NOTE
r-devel-linux-x86_64-debian-gcc 0.5 1.15 28.68 29.83 NOTE
r-devel-linux-x86_64-fedora-clang 0.5 60.65 NOTE
r-devel-linux-x86_64-fedora-gcc 0.5 58.35 NOTE
r-devel-osx-x86_64-clang 0.5 58.00 NOTE
r-devel-windows-ix86+x86_64 0.5 5.00 48.00 53.00 NOTE
r-patched-linux-x86_64 0.5 1.44 29.85 31.29 NOTE
r-patched-solaris-sparc 0.5 365.60 NOTE
r-patched-solaris-x86 0.5 74.40 NOTE
r-release-linux-ix86 0.5 1.60 37.18 38.77 NOTE
r-release-linux-x86_64 0.5 1.24 30.18 31.42 NOTE
r-release-osx-x86_64-mavericks 0.5 ERROR
r-release-osx-x86_64-snowleopard 0.5 NOTE
r-release-windows-ix86+x86_64 0.5 5.00 47.00 52.00 NOTE
r-oldrel-windows-ix86+x86_64 0.5 5.00 46.00 51.00 OK

Check Details

Version: 0.5
Check: R code for possible problems
Result: NOTE
    normfit: no visible global function definition for ‘ad.test’
    normfit: no visible global function definition for ‘sf.test’
Flavors: r-devel-linux-x86_64-debian-clang, r-devel-linux-x86_64-debian-gcc, r-devel-linux-x86_64-fedora-clang, r-devel-linux-x86_64-fedora-gcc, r-devel-osx-x86_64-clang, r-devel-windows-ix86+x86_64, r-patched-linux-x86_64, r-patched-solaris-sparc, r-patched-solaris-x86, r-release-linux-ix86, r-release-linux-x86_64, r-release-osx-x86_64-snowleopard, r-release-windows-ix86+x86_64

Version: 0.5
Check: package dependencies
Result: ERROR
    Package required but not available: ‘gsl’
    
    See the information on DESCRIPTION files in the chapter ‘Creating R
    packages’ of the ‘Writing R Extensions’ manual.
Flavor: r-release-osx-x86_64-mavericks