CRAN Package Check Results for Package LambertW

Last updated on 2015-03-01 19:48:07.

Flavor Version Tinstall Tcheck Ttotal Status Flags
r-devel-linux-x86_64-debian-clang 0.5 1.16 28.10 29.26 NOTE
r-devel-linux-x86_64-debian-gcc 0.5 1.12 27.35 28.46 NOTE
r-devel-linux-x86_64-fedora-clang 0.5 55.68 NOTE
r-devel-linux-x86_64-fedora-gcc 0.5 48.70 NOTE
r-devel-osx-x86_64-clang 0.5 55.72 NOTE
r-devel-windows-ix86+x86_64 0.5 8.00 48.00 56.00 NOTE
r-patched-linux-x86_64 0.5 1.20 30.04 31.24 NOTE
r-patched-solaris-sparc 0.5 377.30 NOTE
r-patched-solaris-x86 0.5 75.40 NOTE
r-release-linux-ix86 0.5 1.60 41.17 42.76 NOTE
r-release-linux-x86_64 0.5 1.23 30.72 31.96 NOTE
r-release-osx-x86_64-mavericks 0.5 NOTE
r-release-osx-x86_64-snowleopard 0.5 NOTE
r-release-windows-ix86+x86_64 0.5 5.00 48.00 53.00 NOTE
r-oldrel-windows-ix86+x86_64 0.5 6.00 46.00 52.00 OK

Check Details

Version: 0.5
Check: dependencies in R code
Result: NOTE
    'library' or 'require' calls in package code:
     ‘Rsolnp’ ‘nortest’ ‘numDeriv’
     Please use :: or requireNamespace() instead.
     See section 'Suggested packages' in the 'Writing R Extensions' manual.
Flavors: r-devel-linux-x86_64-debian-clang, r-devel-linux-x86_64-debian-gcc, r-devel-linux-x86_64-fedora-clang, r-devel-linux-x86_64-fedora-gcc, r-devel-osx-x86_64-clang, r-devel-windows-ix86+x86_64, r-patched-linux-x86_64, r-patched-solaris-sparc, r-patched-solaris-x86

Version: 0.5
Check: R code for possible problems
Result: NOTE
    normfit: no visible global function definition for ‘ad.test’
    normfit: no visible global function definition for ‘sf.test’
Flavors: r-devel-linux-x86_64-debian-clang, r-devel-linux-x86_64-debian-gcc, r-devel-linux-x86_64-fedora-clang, r-devel-linux-x86_64-fedora-gcc, r-devel-osx-x86_64-clang, r-devel-windows-ix86+x86_64, r-patched-linux-x86_64, r-patched-solaris-sparc, r-patched-solaris-x86, r-release-linux-ix86, r-release-linux-x86_64, r-release-osx-x86_64-mavericks, r-release-osx-x86_64-snowleopard, r-release-windows-ix86+x86_64