CRAN Package Check Results for Package LambertW

Last updated on 2014-04-23 12:48:20.

Flavor Version Tinstall Tcheck Ttotal Status Flags
r-devel-linux-x86_64-debian-clang 0.2.9.9.5 1.60 33.92 35.52 OK
r-devel-linux-x86_64-debian-gcc 0.2.9.9.5 1.52 34.46 35.99 OK
r-devel-linux-x86_64-fedora-clang 0.2.9.9.5 67.93 OK
r-devel-linux-x86_64-fedora-gcc 0.2.9.9.5 66.09 OK
r-devel-osx-x86_64-clang 0.2.9.9.5 64.57 OK
r-devel-osx-x86_64-gcc 0.2.9.9.5 ERROR
r-devel-windows-ix86+x86_64 0.2.9.9.5 6.00 52.00 58.00 OK
r-patched-linux-x86_64 0.2.9.9.5 1.51 34.78 36.29 OK
r-patched-solaris-sparc 0.2.9.9.5 395.80 OK
r-patched-solaris-x86 0.2.9.9.5 85.20 OK
r-release-linux-ix86 0.2.9.9.5 2.00 60.00 62.00 OK
r-release-linux-x86_64 0.2.9.9.5 1.52 36.97 38.49 OK
r-release-osx-x86_64-mavericks 0.2.9.9.5 ERROR
r-release-osx-x86_64-snowleopard 0.2.9.9.5 OK
r-release-windows-ix86+x86_64 0.2.9.9.5 5.00 51.00 56.00 OK
r-oldrel-windows-ix86+x86_64 0.2.9.9.5 6.00 58.00 64.00 OK

Check Details

Version: 0.2.9.9.5
Check: package dependencies
Result: ERROR
    Package required but not available: ‘maxLik’
    
    See the information on DESCRIPTION files in the chapter ‘Creating R
    packages’ of the ‘Writing R Extensions’ manual.
Flavor: r-devel-osx-x86_64-gcc

Version: 0.2.9.9.5
Check: package dependencies
Result: ERROR
    Package required but not available: ‘gsl’
    
    See the information on DESCRIPTION files in the chapter ‘Creating R
    packages’ of the ‘Writing R Extensions’ manual.
Flavor: r-release-osx-x86_64-mavericks