CRAN Package Check Results for Package LambertW

Last updated on 2018-02-23 01:46:28 CET.

Flavor Version Tinstall Tcheck Ttotal Status Flags
r-devel-linux-x86_64-debian-clang 0.6.4 48.68 254.67 303.35 WARN
r-devel-linux-x86_64-debian-gcc 0.6.4 36.37 295.05 331.42 NOTE
r-devel-linux-x86_64-fedora-clang 0.6.4 513.87 WARN
r-devel-linux-x86_64-fedora-gcc 0.6.4 495.93 NOTE
r-devel-windows-ix86+x86_64 0.6.4 124.00 204.00 328.00 OK
r-patched-linux-x86_64 0.6.4 42.68 393.17 435.85 NOTE
r-patched-solaris-x86 0.6.4 938.20 OK
r-release-linux-x86_64 0.6.4 40.86 399.81 440.67 NOTE
r-release-windows-ix86+x86_64 0.6.4 124.00 214.00 338.00 OK
r-release-osx-x86_64 0.6.4 OK
r-oldrel-windows-ix86+x86_64 0.6.4 94.00 164.00 258.00 OK
r-oldrel-osx-x86_64 0.6.4 OK

Check Details

Version: 0.6.4
Check: whether package can be installed
Result: WARN
    Found the following significant warnings:
     W_gamma_Cpp.cpp:14:39: warning: explicitly assigning value of variable of type 'int' to itself [-Wself-assign]
Flavors: r-devel-linux-x86_64-debian-clang, r-devel-linux-x86_64-fedora-clang

Version: 0.6.4
Check: compiled code
Result: NOTE
    File ‘LambertW/libs/LambertW.so’:
     Found no calls to: ‘R_registerRoutines’, ‘R_useDynamicSymbols’
    
    It is good practice to register native routines and to disable symbol
    search.
    
    See ‘Writing portable packages’ in the ‘Writing R Extensions’ manual.
Flavors: r-devel-linux-x86_64-debian-clang, r-devel-linux-x86_64-debian-gcc, r-devel-linux-x86_64-fedora-clang, r-devel-linux-x86_64-fedora-gcc, r-patched-linux-x86_64, r-release-linux-x86_64