CRAN Package Check Results for Package LambertW

Last updated on 2015-07-07 23:47:50.

Flavor Version Tinstall Tcheck Ttotal Status Flags
r-devel-linux-x86_64-debian-clang 0.5.1 1.10 27.56 28.66 NOTE
r-devel-linux-x86_64-debian-gcc 0.5.1 1.23 26.80 28.03 NOTE
r-devel-linux-x86_64-fedora-clang 0.5.1 53.32 NOTE
r-devel-linux-x86_64-fedora-gcc 0.5.1 51.47 NOTE
r-devel-osx-x86_64-clang 0.5.1 50.18 OK
r-devel-windows-ix86+x86_64 0.5.1 7.00 47.00 54.00 NOTE
r-patched-linux-x86_64 0.5.1 1.70 26.96 28.66 OK
r-patched-solaris-sparc 0.5.1 344.20 OK
r-patched-solaris-x86 0.5.1 69.20 OK
r-release-linux-x86_64 0.5.1 1.09 27.20 28.29 OK
r-release-osx-x86_64-mavericks 0.5.1 OK
r-release-windows-ix86+x86_64 0.5.1 7.00 46.00 53.00 OK
r-oldrel-windows-ix86+x86_64 0.5.1 5.00 49.00 54.00 OK

Check Details

Version: 0.5.1
Check: R code for possible problems
Result: NOTE
    IGMM: no visible global function definition for ‘sd’
    IGMM: no visible global function definition for ‘tail’
    IGMM: no visible global function definition for ‘head’
    MLE_LambertW: no visible global function definition for ‘optim’
    MLE_LambertW: no visible global function definition for ‘nlm’
    dU : fU: no visible global function definition for ‘dcauchy’
    dU : fU: no visible global function definition for ‘dchisq’
    dU : fU: no visible global function definition for ‘dexp’
    dU : fU: no visible global function definition for ‘df’
    dU : fU: no visible global function definition for ‘dgamma’
    dU : fU: no visible global function definition for ‘dnorm’
    dU : fU: no visible global function definition for ‘dt’
    dU : fU: no visible global function definition for ‘dunif’
    delta_GMM: no visible global function definition for ‘optimize’
    delta_GMM: no visible global function definition for ‘nlm’
    estimate_beta: no visible global function definition for ‘sd’
    gamma_GMM: no visible global function definition for ‘nlminb’
    gamma_GMM: no visible global function definition for ‘optimize’
    gamma_Taylor: no visible global function definition for ‘sd’
    get_initial_tau: no visible global function definition for ‘median’
    get_initial_tau: no visible global function definition for ‘mad’
    get_initial_tau: no visible global function definition for ‘sd’
    ks.test.t: no visible global function definition for ‘ks.test’
    loglik_input : .log_dX: no visible global function definition for
     ‘dcauchy’
    loglik_input : .log_dX: no visible global function definition for
     ‘dchisq’
    loglik_input : .log_dX: no visible global function definition for
     ‘dexp’
    loglik_input : .log_dX: no visible global function definition for
     ‘dgamma’
    loglik_input : .log_dX: no visible global function definition for
     ‘dnorm’
    loglik_input : .log_dX: no visible global function definition for ‘dt’
    loglik_input : .log_dX: no visible global function definition for
     ‘dunif’
    mc: no visible global function definition for ‘median’
    pU : FU: no visible global function definition for ‘pcauchy’
    pU : FU: no visible global function definition for ‘pchisq’
    pU : FU: no visible global function definition for ‘pexp’
    pU : FU: no visible global function definition for ‘pf’
    pU : FU: no visible global function definition for ‘pgamma’
    pU : FU: no visible global function definition for ‘pnorm’
    pU : FU: no visible global function definition for ‘pt’
    pU : FU: no visible global function definition for ‘punif’
    p_m1: no visible global function definition for ‘pgeom’
    plot.LambertW_fit: no visible global function definition for ‘sd’
    plot.LambertW_fit: no visible global function definition for ‘hist’
    plot.LambertW_fit: no visible global function definition for ‘density’
    plot.LambertW_fit: no visible global function definition for ‘legend’
    plot.LambertW_fit: no visible global function definition for ‘lines’
    plot.LambertW_fit: no visible global function definition for ‘plot’
    plot.LambertW_fit: no visible global function definition for ‘abline’
    plot.LambertW_fit: no visible global function definition for ‘par’
    plot.LambertW_fit: no visible global function definition for ‘text’
    plot.LambertW_fit: no visible global function definition for ‘box’
    plot.LambertW_input: no visible global function definition for ‘layout’
    plot.LambertW_input: no visible global function definition for ‘plot’
    plot.LambertW_input: no visible global function definition for ‘grid’
    plot.LambertW_input: no visible global function definition for ‘abline’
    plot.LambertW_output: no visible global function definition for
     ‘layout’
    plot.LambertW_output: no visible global function definition for ‘curve’
    plot.LambertW_output: no visible global function definition for ‘grid’
    plot.LambertW_output: no visible global function definition for
     ‘legend’
    plot.LambertW_output: no visible global function definition for ‘mtext’
    plot.LambertW_output: no visible global function definition for
     ‘abline’
    print.summary.LambertW_fit: no visible global function definition for
     ‘printCoefmat’
    qLambertW : .compute_quantile: no visible global function definition
     for ‘optimize’
    qU : qU: no visible global function definition for ‘qcauchy’
    qU : qU: no visible global function definition for ‘qchisq’
    qU : qU: no visible global function definition for ‘qexp’
    qU : qU: no visible global function definition for ‘qf’
    qU : qU: no visible global function definition for ‘qgamma’
    qU : qU: no visible global function definition for ‘qnorm’
    qU : qU: no visible global function definition for ‘qt’
    qU : qU: no visible global function definition for ‘qunif’
    qqLambertW: no visible global function definition for ‘ppoints’
    qqLambertW: no visible global function definition for ‘plot’
    qqLambertW: no visible global function definition for ‘abline’
    rU: no visible global function definition for ‘rcauchy’
    rU: no visible global function definition for ‘rchisq’
    rU: no visible global function definition for ‘rexp’
    rU: no visible global function definition for ‘rgamma’
    rU: no visible global function definition for ‘rnorm’
    rU: no visible global function definition for ‘rt’
    rU: no visible global function definition for ‘runif’
    summary.LambertW_fit: no visible global function definition for ‘pnorm’
    summary.LambertW_fit: no visible binding for global variable ‘data’
    test_normality: no visible global function definition for ‘ts’
    test_normality: no visible global function definition for ‘par’
    test_normality: no visible global function definition for ‘grid’
    test_normality : .hist_and_density : .PdfNorm: no visible global
     function definition for ‘dnorm’
    test_normality : .hist_and_density: no visible global function
     definition for ‘sd’
    test_normality : .hist_and_density: no visible global function
     definition for ‘hist’
    test_normality : .hist_and_density: no visible global function
     definition for ‘density’
    test_normality : .hist_and_density: no visible global function
     definition for ‘lines’
    test_normality : .hist_and_density: no visible global function
     definition for ‘legend’
    test_normality : .acf_no_zero: no visible global function definition
     for ‘acf’
    test_normality : .acf_no_zero: no visible global function definition
     for ‘qnorm’
    test_normality : .acf_no_zero: no visible global function definition
     for ‘abline’
    test_normality: no visible global function definition for ‘qqnorm’
    test_normality: no visible global function definition for ‘qqline’
    test_normality: no visible global function definition for ‘is.ts’
    test_normality: no visible global function definition for
     ‘shapiro.test’
    test_symmetry: no visible global function definition for ‘pchisq’
    Undefined global functions or variables:
     abline acf box curve data dcauchy dchisq density dexp df dgamma dnorm
     dt dunif grid head hist is.ts ks.test layout legend lines mad median
     mtext nlm nlminb optim optimize par pcauchy pchisq pexp pf pgamma
     pgeom plot pnorm ppoints printCoefmat pt punif qcauchy qchisq qexp qf
     qgamma qnorm qqline qqnorm qt qunif rcauchy rchisq rexp rgamma rnorm
     rt runif sd shapiro.test tail text ts
Flavors: r-devel-linux-x86_64-debian-clang, r-devel-linux-x86_64-debian-gcc, r-devel-linux-x86_64-fedora-clang, r-devel-linux-x86_64-fedora-gcc, r-devel-windows-ix86+x86_64