CRAN Package Check Results for Package LambertW

Last updated on 2014-09-23 01:48:30.

Flavor Version Tinstall Tcheck Ttotal Status Flags
r-devel-linux-x86_64-debian-clang 0.2.9.9.5 1.40 32.10 33.50 NOTE
r-devel-linux-x86_64-debian-gcc 0.2.9.9.5 1.37 31.54 32.90 NOTE
r-devel-linux-x86_64-fedora-clang 0.2.9.9.5 66.23 NOTE
r-devel-linux-x86_64-fedora-gcc 0.2.9.9.5 62.68 NOTE
r-devel-osx-x86_64-clang 0.2.9.9.5 59.30 NOTE
r-devel-windows-ix86+x86_64 0.2.9.9.5 6.00 54.00 60.00 NOTE
r-patched-linux-x86_64 0.2.9.9.5 1.42 33.77 35.20 OK
r-patched-solaris-sparc 0.2.9.9.5 402.80 OK
r-patched-solaris-x86 0.2.9.9.5 84.10 OK
r-release-linux-ix86 0.2.9.9.5 1.99 45.58 47.58 OK
r-release-linux-x86_64 0.2.9.9.5 1.60 34.21 35.81 OK
r-release-osx-x86_64-mavericks 0.2.9.9.5 ERROR
r-release-osx-x86_64-snowleopard 0.2.9.9.5 OK
r-release-windows-ix86+x86_64 0.2.9.9.5 6.00 55.00 61.00 OK
r-oldrel-windows-ix86+x86_64 0.2.9.9.5 6.00 35.00 41.00 ERROR

Check Details

Version: 0.2.9.9.5
Check: R code for possible problems
Result: NOTE
    MLE_LambertW_new: no visible global function definition for ‘solnp’
Flavors: r-devel-linux-x86_64-debian-clang, r-devel-linux-x86_64-debian-gcc, r-devel-linux-x86_64-fedora-clang, r-devel-linux-x86_64-fedora-gcc, r-devel-osx-x86_64-clang, r-devel-windows-ix86+x86_64

Version: 0.2.9.9.5
Check: package dependencies
Result: ERROR
    Package required but not available: ‘gsl’
    
    See the information on DESCRIPTION files in the chapter ‘Creating R
    packages’ of the ‘Writing R Extensions’ manual.
Flavor: r-release-osx-x86_64-mavericks

Version: 0.2.9.9.5
Check: examples
Result: ERROR
    Running examples in 'LambertW-Ex.R' failed
    The error most likely occurred in:
    
    > ### Name: Gaussianize
    > ### Title: Gaussianizing matrix-like objects
    > ### Aliases: Gaussianize
    > ### Keywords: univar
    >
    > ### ** Examples
    >
    > set.seed(20)
    > y1 = rcauchy(n = 1000)
    > x1 = Gaussianize(y1)
Flavor: r-oldrel-windows-ix86+x86_64