CRAN Package Check Results for Package LambertW

Last updated on 2014-07-22 19:47:52.

Flavor Version Tinstall Tcheck Ttotal Status Flags
r-devel-linux-x86_64-debian-clang 0.2.9.9.5 1.44 32.69 34.12 OK
r-devel-linux-x86_64-debian-gcc 0.2.9.9.5 1.52 32.64 34.16 OK
r-devel-linux-x86_64-fedora-clang 0.2.9.9.5 67.71 OK
r-devel-linux-x86_64-fedora-gcc 0.2.9.9.5 65.73 OK
r-devel-osx-x86_64-clang 0.2.9.9.5 60.80 OK
r-devel-windows-ix86+x86_64 0.2.9.9.5 6.00 48.00 54.00 OK
r-patched-linux-x86_64 0.2.9.9.5 1.43 32.34 33.77 OK
r-patched-solaris-sparc 0.2.9.9.5 395.80 OK
r-patched-solaris-x86 0.2.9.9.5 82.30 OK
r-release-linux-ix86 0.2.9.9.5 1.95 45.33 47.28 OK
r-release-linux-x86_64 0.2.9.9.5 1.56 33.18 34.74 OK
r-release-osx-x86_64-mavericks 0.2.9.9.5 ERROR
r-release-osx-x86_64-snowleopard 0.2.9.9.5 OK
r-release-windows-ix86+x86_64 0.2.9.9.5 6.00 51.00 57.00 OK
r-oldrel-windows-ix86+x86_64 0.2.9.9.5 6.00 56.00 62.00 OK

Check Details

Version: 0.2.9.9.5
Check: package dependencies
Result: ERROR
    Package required but not available: ‘gsl’
    
    See the information on DESCRIPTION files in the chapter ‘Creating R
    packages’ of the ‘Writing R Extensions’ manual.
Flavor: r-release-osx-x86_64-mavericks