CRAN Package Check Results for Package LambertW

Last updated on 2017-12-11 19:48:19 CET.

Flavor Version Tinstall Tcheck Ttotal Status Flags
r-devel-linux-x86_64-debian-clang 0.6.4 41.27 179.54 220.81 NOTE
r-devel-linux-x86_64-debian-gcc 0.6.4 32.26 793.75 826.01 NOTE
r-devel-linux-x86_64-fedora-clang 0.6.4 710.31 NOTE
r-devel-linux-x86_64-fedora-gcc 0.6.4 627.97 NOTE
r-devel-windows-ix86+x86_64 0.6.4 119.00 254.00 373.00 OK
r-patched-linux-x86_64 0.6.4 37.29 369.70 406.99 NOTE
r-patched-solaris-x86 0.6.4 997.60 OK
r-release-linux-x86_64 0.6.4 41.24 369.72 410.96 NOTE
r-release-windows-ix86+x86_64 0.6.4 95.00 184.00 279.00 OK
r-release-osx-x86_64 0.6.4 OK
r-oldrel-windows-ix86+x86_64 0.6.4 108.00 198.00 306.00 OK
r-oldrel-osx-x86_64 0.6.4 OK

Check Details

Version: 0.6.4
Check: compiled code
Result: NOTE
    File ‘LambertW/libs/LambertW.so’:
     Found no calls to: ‘R_registerRoutines’, ‘R_useDynamicSymbols’
    
    It is good practice to register native routines and to disable symbol
    search.
    
    See ‘Writing portable packages’ in the ‘Writing R Extensions’ manual.
Flavors: r-devel-linux-x86_64-debian-clang, r-devel-linux-x86_64-debian-gcc, r-devel-linux-x86_64-fedora-clang, r-devel-linux-x86_64-fedora-gcc, r-patched-linux-x86_64, r-release-linux-x86_64