CRAN Package Check Results for Package LambertW

Last updated on 2017-04-28 21:47:20.

Flavor Version Tinstall Tcheck Ttotal Status Flags
r-devel-linux-x86_64-debian-clang 0.6.4 29.27 71.68 100.95 NOTE
r-devel-linux-x86_64-debian-gcc 0.6.4 26.39 70.08 96.47 NOTE
r-devel-linux-x86_64-fedora-clang 0.6.4 433.39 NOTE --no-stop-on-test-error
r-devel-linux-x86_64-fedora-gcc 0.6.4 418.58 NOTE --no-stop-on-test-error
r-devel-windows-ix86+x86_64 0.6.4 136.00 220.00 356.00 OK
r-patched-linux-x86_64 0.6.4 23.20 69.81 93.00 NOTE
r-patched-solaris-sparc 0.6.4 1579.40 OK
r-patched-solaris-x86 0.6.4 1044.90 OK
r-release-linux-x86_64 0.6.4 23.61 71.15 94.76 NOTE
r-release-windows-ix86+x86_64 0.6.4 113.00 221.00 334.00 OK
r-release-osx-x86_64 0.6.4 OK
r-oldrel-windows-ix86+x86_64 0.6.4 128.00 193.00 321.00 OK
r-oldrel-osx-x86_64 0.6.4 OK

Check Details

Version: 0.6.4
Check: compiled code
Result: NOTE
    File ‘LambertW/libs/LambertW.so’:
     Found no calls to: ‘R_registerRoutines’, ‘R_useDynamicSymbols’
    
    It is good practice to register native routines and to disable symbol
    search.
    
    See ‘Writing portable packages’ in the ‘Writing R Extensions’ manual.
Flavors: r-devel-linux-x86_64-debian-clang, r-devel-linux-x86_64-debian-gcc, r-patched-linux-x86_64, r-release-linux-x86_64

Version: 0.6.4
Flags: --no-stop-on-test-error
Check: compiled code
Result: NOTE
    File ‘LambertW/libs/LambertW.so’:
     Found no calls to: ‘R_registerRoutines’, ‘R_useDynamicSymbols’
    
    It is good practice to register native routines and to disable symbol
    search.
    
    See ‘Writing portable packages’ in the ‘Writing R Extensions’ manual.
Flavors: r-devel-linux-x86_64-fedora-clang, r-devel-linux-x86_64-fedora-gcc