CRAN Package Check Results for Package LambertW

Last updated on 2017-02-21 15:50:29.

Flavor Version Tinstall Tcheck Ttotal Status Flags
r-devel-linux-x86_64-debian-clang 0.6.4 28.27 70.85 99.12 NOTE
r-devel-linux-x86_64-debian-gcc 0.6.4 26.14 68.99 95.13 NOTE
r-devel-linux-x86_64-fedora-clang 0.6.4 420.63 NOTE --no-stop-on-test-error
r-devel-linux-x86_64-fedora-gcc 0.6.4 424.14 NOTE --no-stop-on-test-error
r-devel-macos-x86_64-clang 0.6.4 130.04 NOTE --no-stop-on-test-error
r-devel-windows-ix86+x86_64 0.6.4 119.00 220.00 339.00 OK
r-patched-linux-x86_64 0.6.4 22.46 66.97 89.43 OK
r-patched-solaris-sparc 0.6.4 1511.90 OK
r-patched-solaris-x86 0.6.4 924.60 OK
r-release-linux-x86_64 0.6.4 22.50 64.26 86.76 OK
r-release-osx-x86_64-mavericks 0.6.4 OK
r-release-windows-ix86+x86_64 0.6.4 112.00 165.00 277.00 OK
r-oldrel-windows-ix86+x86_64 0.6.4 128.00 213.00 341.00 OK

Check Details

Version: 0.6.4
Check: compiled code
Result: NOTE
    File ‘LambertW/libs/LambertW.so’:
     Found no calls to: ‘R_registerRoutines’, ‘R_useDynamicSymbols’
    
    It is good practice to register native routines and to disable symbol
    search.
    
    See ‘Writing portable packages’ in the ‘Writing R Extensions’ manual.
Flavors: r-devel-linux-x86_64-debian-clang, r-devel-linux-x86_64-debian-gcc

Version: 0.6.4
Flags: --no-stop-on-test-error
Check: compiled code
Result: NOTE
    File ‘LambertW/libs/LambertW.so’:
     Found no calls to: ‘R_registerRoutines’, ‘R_useDynamicSymbols’
    
    It is good practice to register native routines and to disable symbol
    search.
    
    See ‘Writing portable packages’ in the ‘Writing R Extensions’ manual.
Flavors: r-devel-linux-x86_64-fedora-clang, r-devel-linux-x86_64-fedora-gcc, r-devel-macos-x86_64-clang