CRAN Package Check Results for Package LaplacesDemon

Last updated on 2017-07-26 15:47:49.

Flavor Version Tinstall Tcheck Ttotal Status Flags
r-devel-linux-x86_64-debian-clang 16.0.1 27.53 178.50 206.03 OK
r-devel-linux-x86_64-debian-gcc 16.0.1 26.81 173.82 200.63 OK
r-devel-linux-x86_64-fedora-clang 16.0.1 318.96 NOTE
r-devel-linux-x86_64-fedora-gcc 16.0.1 317.20 NOTE
r-devel-windows-ix86+x86_64 16.0.1 69.00 220.00 289.00 NOTE
r-patched-linux-x86_64 16.0.1 30.42 173.70 204.12 OK
r-patched-solaris-x86 16.0.1 322.80 NOTE
r-release-linux-x86_64 16.0.1 31.48 174.16 205.63 OK
r-release-windows-ix86+x86_64 16.0.1 43.00 276.00 319.00 NOTE
r-release-osx-x86_64 16.0.1 NOTE
r-oldrel-windows-ix86+x86_64 16.0.1 46.00 252.00 298.00 OK
r-oldrel-osx-x86_64 16.0.1 OK

Check Details

Version: 16.0.1
Check: installed package size
Result: NOTE
     installed size is 5.3Mb
     sub-directories of 1Mb or more:
     R 1.5Mb
     doc 2.4Mb
     help 1.1Mb
Flavors: r-devel-linux-x86_64-fedora-clang, r-devel-linux-x86_64-fedora-gcc, r-devel-windows-ix86+x86_64, r-patched-solaris-x86, r-release-windows-ix86+x86_64, r-release-osx-x86_64