Last updated on 2021-03-06 02:48:47 CET.
Flavor | Version | Tinstall | Tcheck | Ttotal | Status | Flags |
---|---|---|---|---|---|---|
r-devel-linux-x86_64-debian-clang | 16.1.4 | 48.39 | 291.35 | 339.74 | OK | |
r-devel-linux-x86_64-debian-gcc | 16.1.4 | 38.78 | 214.41 | 253.19 | OK | |
r-devel-linux-x86_64-fedora-clang | 16.1.4 | 443.05 | NOTE | |||
r-devel-linux-x86_64-fedora-gcc | 16.1.4 | 416.06 | OK | |||
r-devel-windows-ix86+x86_64 | 16.1.4 | 73.00 | 317.00 | 390.00 | NOTE | |
r-patched-linux-x86_64 | 16.1.4 | OK | ||||
r-patched-solaris-x86 | 16.1.4 | 443.70 | NOTE | |||
r-release-linux-x86_64 | 16.1.4 | 59.74 | 269.07 | 328.81 | OK | |
r-release-macos-x86_64 | 16.1.4 | NOTE | ||||
r-release-windows-ix86+x86_64 | 16.1.4 | 75.00 | 293.00 | 368.00 | NOTE | |
r-oldrel-macos-x86_64 | 16.1.4 | NOTE | ||||
r-oldrel-windows-ix86+x86_64 | 16.1.4 | 68.00 | 227.00 | 295.00 | NOTE |
Version: 16.1.4
Check: installed package size
Result: NOTE
installed size is 5.2Mb
sub-directories of 1Mb or more:
R 1.5Mb
doc 2.0Mb
help 1.1Mb
Flavors: r-devel-linux-x86_64-fedora-clang, r-devel-windows-ix86+x86_64, r-patched-solaris-x86, r-release-macos-x86_64, r-release-windows-ix86+x86_64, r-oldrel-macos-x86_64, r-oldrel-windows-ix86+x86_64