CRAN Package Check Results for Package LaplacesDemon

Last updated on 2018-05-20 14:46:56 CEST.

Flavor Version Tinstall Tcheck Ttotal Status Flags
r-devel-linux-x86_64-debian-clang 16.1.0 38.47 214.95 253.42 OK
r-devel-linux-x86_64-debian-gcc 16.1.0 34.77 162.48 197.25 OK
r-devel-linux-x86_64-fedora-clang 16.1.0 320.95 OK
r-devel-linux-x86_64-fedora-gcc 16.1.0 316.10 OK
r-devel-windows-ix86+x86_64 16.1.0 72.00 239.00 311.00 OK
r-patched-linux-x86_64 16.1.0 40.05 217.03 257.08 OK
r-patched-solaris-x86 16.1.0 346.20 NOTE
r-release-linux-x86_64 16.1.0 44.63 215.58 260.21 OK
r-release-windows-ix86+x86_64 16.1.0 56.00 227.00 283.00 OK
r-release-osx-x86_64 16.1.0 OK
r-oldrel-windows-ix86+x86_64 16.1.0 50.00 281.00 331.00 OK
r-oldrel-osx-x86_64 16.1.0 OK

Additional issues

MKL

Check Details

Version: 16.1.0
Check: installed package size
Result: NOTE
     installed size is 5.3Mb
     sub-directories of 1Mb or more:
     R 1.6Mb
     doc 2.2Mb
     help 1.2Mb
Flavor: r-patched-solaris-x86