CRAN Package Check Results for Package LaplacesDemon

Last updated on 2017-09-22 09:47:10.

Flavor Version Tinstall Tcheck Ttotal Status Flags
r-devel-linux-x86_64-debian-clang 16.0.1 31.42 148.68 180.10 OK
r-devel-linux-x86_64-debian-gcc 16.0.1 27.12 149.00 176.12 OK
r-devel-linux-x86_64-fedora-clang 16.0.1 333.89 NOTE
r-devel-linux-x86_64-fedora-gcc 16.0.1 317.04 NOTE
r-devel-windows-ix86+x86_64 16.0.1 46.00 219.00 265.00 NOTE
r-patched-linux-x86_64 16.0.1 27.87 148.11 175.98 OK
r-patched-solaris-x86 16.0.1 317.00 NOTE
r-release-linux-x86_64 16.0.1 28.91 147.51 176.42 OK
r-release-windows-ix86+x86_64 16.0.1 57.00 228.00 285.00 NOTE
r-release-osx-x86_64 16.0.1 NOTE
r-oldrel-windows-ix86+x86_64 16.0.1 40.00 212.00 252.00 OK
r-oldrel-osx-x86_64 16.0.1 OK

Check Details

Version: 16.0.1
Check: installed package size
Result: NOTE
     installed size is 5.3Mb
     sub-directories of 1Mb or more:
     R 1.5Mb
     doc 2.4Mb
     help 1.1Mb
Flavors: r-devel-linux-x86_64-fedora-clang, r-devel-linux-x86_64-fedora-gcc, r-devel-windows-ix86+x86_64, r-patched-solaris-x86, r-release-windows-ix86+x86_64, r-release-osx-x86_64