CRAN Package Check Results for Package LargeRegression

Last updated on 2014-09-16 11:49:18.

Flavor Version Tinstall Tcheck Ttotal Status Flags
r-devel-linux-x86_64-debian-clang 1.0 2.99 32.36 35.35 NOTE
r-devel-linux-x86_64-debian-gcc 1.0 2.89 32.35 35.24 NOTE
r-devel-linux-x86_64-fedora-clang 1.0 85.74 NOTE
r-devel-linux-x86_64-fedora-gcc 1.0 116.86 NOTE
r-devel-osx-x86_64-clang 1.0 67.19 NOTE
r-devel-windows-ix86+x86_64 1.0 9.00 47.00 56.00 NOTE
r-patched-linux-x86_64 1.0 3.11 34.21 37.32 NOTE
r-patched-solaris-sparc 1.0 505.50 NOTE
r-patched-solaris-x86 1.0 119.30 NOTE
r-release-linux-ix86 1.0 3.78 42.99 46.78 NOTE
r-release-linux-x86_64 1.0 3.18 35.46 38.65 NOTE
r-release-osx-x86_64-mavericks 1.0 NOTE
r-release-osx-x86_64-snowleopard 1.0 NOTE
r-release-windows-ix86+x86_64 1.0 7.00 52.00 59.00 NOTE
r-oldrel-windows-ix86+x86_64 1.0 7.00 45.00 52.00 NOTE

Check Details

Version: 1.0
Check: package dependencies
Result: NOTE
    Package suggested but not available for checking: ‘cudaMatrixOps’
Flavors: r-devel-linux-x86_64-debian-clang, r-devel-linux-x86_64-debian-gcc, r-devel-linux-x86_64-fedora-clang, r-devel-linux-x86_64-fedora-gcc, r-devel-osx-x86_64-clang, r-devel-windows-ix86+x86_64, r-patched-linux-x86_64, r-patched-solaris-sparc, r-patched-solaris-x86, r-release-linux-ix86, r-release-linux-x86_64, r-release-osx-x86_64-mavericks, r-release-osx-x86_64-snowleopard, r-release-windows-ix86+x86_64, r-oldrel-windows-ix86+x86_64

Version: 1.0
Check: dependencies in R code
Result: NOTE
    Package in Depends field not imported from: ‘Matrix’
     These packages need to be imported from (in the NAMESPACE file)
     for when this namespace is loaded but not attached.
    See the information on DESCRIPTION files in the chapter ‘Creating R
    packages’ of the ‘Writing R Extensions’ manual.
Flavors: r-devel-linux-x86_64-debian-clang, r-devel-linux-x86_64-debian-gcc, r-devel-linux-x86_64-fedora-clang, r-devel-linux-x86_64-fedora-gcc, r-devel-osx-x86_64-clang, r-devel-windows-ix86+x86_64, r-patched-linux-x86_64, r-patched-solaris-sparc, r-patched-solaris-x86, r-release-linux-ix86, r-release-linux-x86_64, r-release-osx-x86_64-mavericks, r-release-windows-ix86+x86_64, r-oldrel-windows-ix86+x86_64

Version: 1.0
Check: R code for possible problems
Result: NOTE
    gradient.descent: no visible global function definition for
     ‘gpuCrossprod’
    gradient.descent: no visible global function definition for
     ‘gpuMatMult’
Flavors: r-devel-linux-x86_64-debian-clang, r-devel-linux-x86_64-debian-gcc, r-devel-linux-x86_64-fedora-clang, r-devel-linux-x86_64-fedora-gcc, r-devel-osx-x86_64-clang, r-devel-windows-ix86+x86_64, r-patched-linux-x86_64, r-patched-solaris-sparc, r-patched-solaris-x86, r-release-linux-ix86, r-release-linux-x86_64, r-release-osx-x86_64-mavericks, r-release-osx-x86_64-snowleopard, r-release-windows-ix86+x86_64, r-oldrel-windows-ix86+x86_64

Version: 1.0
Check: Rd files
Result: NOTE
    prepare_Rd: LargeRegression-package.Rd:37-39: Dropping empty section \references
    prepare_Rd: LargeRegression-package.Rd:44-46: Dropping empty section \examples
    prepare_Rd: gradient.descent.Rd:75-76: Dropping empty section \note
    prepare_Rd: gradient.descent.Rd:70-71: Dropping empty section \references
    prepare_Rd: gradient.descent.Rd:82-83: Dropping empty section \seealso
    prepare_Rd: gradient.descent.Rd:84-85: Dropping empty section \examples
Flavors: r-devel-linux-x86_64-debian-clang, r-devel-linux-x86_64-debian-gcc, r-devel-linux-x86_64-fedora-clang, r-devel-linux-x86_64-fedora-gcc, r-devel-osx-x86_64-clang, r-devel-windows-ix86+x86_64, r-patched-linux-x86_64, r-patched-solaris-sparc, r-patched-solaris-x86, r-release-linux-ix86, r-release-linux-x86_64, r-release-osx-x86_64-mavericks, r-release-osx-x86_64-snowleopard, r-release-windows-ix86+x86_64, r-oldrel-windows-ix86+x86_64