CRAN Package Check Results for Package LargeRegression

Last updated on 2014-11-21 19:48:03.

Flavor Version Tinstall Tcheck Ttotal Status Flags
r-devel-linux-x86_64-debian-clang 1.0 3.10 33.86 36.96 NOTE
r-devel-linux-x86_64-debian-gcc 1.0 2.93 32.28 35.21 NOTE
r-devel-linux-x86_64-fedora-clang 1.0 92.14 NOTE
r-devel-linux-x86_64-fedora-gcc 1.0 84.54 NOTE
r-devel-osx-x86_64-clang 1.0 74.82 NOTE
r-devel-windows-ix86+x86_64 1.0 8.00 49.00 57.00 NOTE
r-patched-linux-x86_64 1.0 3.74 33.86 37.60 NOTE
r-patched-solaris-sparc 1.0 476.10 NOTE
r-patched-solaris-x86 1.0 118.00 NOTE
r-release-linux-ix86 1.0 3.59 41.05 44.64 NOTE
r-release-linux-x86_64 1.0 3.12 33.73 36.85 NOTE
r-release-osx-x86_64-mavericks 1.0 NOTE
r-release-osx-x86_64-snowleopard 1.0 NOTE
r-release-windows-ix86+x86_64 1.0 10.00 48.00 58.00 NOTE
r-oldrel-windows-ix86+x86_64 1.0 7.00 46.00 53.00 NOTE

Check Details

Version: 1.0
Check: package dependencies
Result: NOTE
    Package suggested but not available for checking: ‘cudaMatrixOps’
Flavors: r-devel-linux-x86_64-debian-clang, r-devel-linux-x86_64-debian-gcc, r-devel-linux-x86_64-fedora-clang, r-devel-linux-x86_64-fedora-gcc, r-devel-osx-x86_64-clang, r-devel-windows-ix86+x86_64, r-patched-linux-x86_64, r-patched-solaris-sparc, r-patched-solaris-x86, r-release-linux-ix86, r-release-linux-x86_64, r-release-osx-x86_64-mavericks, r-release-osx-x86_64-snowleopard, r-release-windows-ix86+x86_64, r-oldrel-windows-ix86+x86_64

Version: 1.0
Check: dependencies in R code
Result: NOTE
    Package in Depends field not imported from: ‘Matrix’
     These packages need to be imported from (in the NAMESPACE file)
     for when this namespace is loaded but not attached.
    See the information on DESCRIPTION files in the chapter ‘Creating R
    packages’ of the ‘Writing R Extensions’ manual.
Flavors: r-devel-linux-x86_64-debian-clang, r-devel-linux-x86_64-debian-gcc, r-devel-linux-x86_64-fedora-clang, r-devel-linux-x86_64-fedora-gcc, r-devel-osx-x86_64-clang, r-devel-windows-ix86+x86_64, r-patched-linux-x86_64, r-patched-solaris-sparc, r-patched-solaris-x86, r-release-linux-ix86, r-release-linux-x86_64, r-release-osx-x86_64-mavericks, r-release-windows-ix86+x86_64, r-oldrel-windows-ix86+x86_64

Version: 1.0
Check: R code for possible problems
Result: NOTE
    gradient.descent: no visible global function definition for
     ‘gpuCrossprod’
    gradient.descent: no visible global function definition for
     ‘gpuMatMult’
Flavors: r-devel-linux-x86_64-debian-clang, r-devel-linux-x86_64-debian-gcc, r-devel-linux-x86_64-fedora-clang, r-devel-linux-x86_64-fedora-gcc, r-devel-osx-x86_64-clang, r-devel-windows-ix86+x86_64, r-patched-linux-x86_64, r-patched-solaris-sparc, r-patched-solaris-x86, r-release-linux-ix86, r-release-linux-x86_64, r-release-osx-x86_64-mavericks, r-release-osx-x86_64-snowleopard, r-release-windows-ix86+x86_64, r-oldrel-windows-ix86+x86_64

Version: 1.0
Check: Rd files
Result: NOTE
    prepare_Rd: LargeRegression-package.Rd:37-39: Dropping empty section \references
    prepare_Rd: LargeRegression-package.Rd:44-46: Dropping empty section \examples
    prepare_Rd: gradient.descent.Rd:75-76: Dropping empty section \note
    prepare_Rd: gradient.descent.Rd:70-71: Dropping empty section \references
    prepare_Rd: gradient.descent.Rd:82-83: Dropping empty section \seealso
    prepare_Rd: gradient.descent.Rd:84-85: Dropping empty section \examples
Flavors: r-devel-linux-x86_64-debian-clang, r-devel-linux-x86_64-debian-gcc, r-devel-linux-x86_64-fedora-clang, r-devel-linux-x86_64-fedora-gcc, r-devel-osx-x86_64-clang, r-devel-windows-ix86+x86_64, r-patched-linux-x86_64, r-patched-solaris-sparc, r-patched-solaris-x86, r-release-linux-ix86, r-release-linux-x86_64, r-release-osx-x86_64-mavericks, r-release-osx-x86_64-snowleopard, r-release-windows-ix86+x86_64, r-oldrel-windows-ix86+x86_64