CRAN Package Check Results for Package LargeRegression

Last updated on 2014-07-30 01:47:50.

Flavor Version Tinstall Tcheck Ttotal Status Flags
r-devel-linux-x86_64-debian-clang 1.0 3.42 35.85 39.27 NOTE
r-devel-linux-x86_64-debian-gcc 1.0 3.04 33.92 36.96 NOTE
r-devel-linux-x86_64-fedora-clang 1.0 92.90 NOTE
r-devel-linux-x86_64-fedora-gcc 1.0 85.65 NOTE
r-devel-osx-x86_64-clang 1.0 73.98 NOTE
r-devel-windows-ix86+x86_64 1.0 7.00 48.00 55.00 NOTE
r-patched-linux-x86_64 1.0 3.72 34.11 37.84 NOTE
r-patched-solaris-sparc 1.0 484.00 NOTE
r-patched-solaris-x86 1.0 121.00 NOTE
r-release-linux-ix86 1.0 3.69 42.40 46.09 NOTE
r-release-linux-x86_64 1.0 3.15 35.76 38.92 NOTE
r-release-osx-x86_64-mavericks 1.0 NOTE
r-release-osx-x86_64-snowleopard 1.0 NOTE
r-release-windows-ix86+x86_64 1.0 8.00 52.00 60.00 NOTE
r-oldrel-windows-ix86+x86_64 1.0 8.00 48.00 56.00 NOTE

Check Details

Version: 1.0
Check: package dependencies
Result: NOTE
    Package suggested but not available for checking: cudaMatrixOps
Flavors: r-devel-linux-x86_64-debian-clang, r-devel-linux-x86_64-debian-gcc, r-devel-linux-x86_64-fedora-clang, r-devel-linux-x86_64-fedora-gcc, r-devel-osx-x86_64-clang, r-devel-windows-ix86+x86_64, r-patched-linux-x86_64, r-patched-solaris-sparc, r-patched-solaris-x86, r-release-linux-ix86, r-release-linux-x86_64, r-release-osx-x86_64-mavericks, r-release-osx-x86_64-snowleopard, r-release-windows-ix86+x86_64, r-oldrel-windows-ix86+x86_64

Version: 1.0
Check: dependencies in R code
Result: NOTE
    Package in Depends field not imported from: Matrix
     These packages need to be imported from (in the NAMESPACE file)
     for when this namespace is loaded but not attached.
    See the information on DESCRIPTION files in the chapter Creating R
    packages of the Writing R Extensions manual.
Flavors: r-devel-linux-x86_64-debian-clang, r-devel-linux-x86_64-debian-gcc, r-devel-linux-x86_64-fedora-clang, r-devel-linux-x86_64-fedora-gcc, r-devel-osx-x86_64-clang, r-devel-windows-ix86+x86_64, r-patched-linux-x86_64, r-patched-solaris-sparc, r-patched-solaris-x86, r-release-linux-ix86, r-release-linux-x86_64, r-release-osx-x86_64-mavericks, r-release-windows-ix86+x86_64, r-oldrel-windows-ix86+x86_64

Version: 1.0
Check: R code for possible problems
Result: NOTE
    gradient.descent: no visible global function definition for
     gpuCrossprod
    gradient.descent: no visible global function definition for
     gpuMatMult
Flavors: r-devel-linux-x86_64-debian-clang, r-devel-linux-x86_64-debian-gcc, r-devel-linux-x86_64-fedora-clang, r-devel-linux-x86_64-fedora-gcc, r-devel-osx-x86_64-clang, r-devel-windows-ix86+x86_64, r-patched-linux-x86_64, r-patched-solaris-sparc, r-patched-solaris-x86, r-release-linux-ix86, r-release-linux-x86_64, r-release-osx-x86_64-mavericks, r-release-osx-x86_64-snowleopard, r-release-windows-ix86+x86_64, r-oldrel-windows-ix86+x86_64

Version: 1.0
Check: Rd files
Result: NOTE
    prepare_Rd: LargeRegression-package.Rd:37-39: Dropping empty section \references
    prepare_Rd: LargeRegression-package.Rd:44-46: Dropping empty section \examples
    prepare_Rd: gradient.descent.Rd:75-76: Dropping empty section \note
    prepare_Rd: gradient.descent.Rd:70-71: Dropping empty section \references
    prepare_Rd: gradient.descent.Rd:82-83: Dropping empty section \seealso
    prepare_Rd: gradient.descent.Rd:84-85: Dropping empty section \examples
Flavors: r-devel-linux-x86_64-debian-clang, r-devel-linux-x86_64-debian-gcc, r-devel-linux-x86_64-fedora-clang, r-devel-linux-x86_64-fedora-gcc, r-devel-osx-x86_64-clang, r-devel-windows-ix86+x86_64, r-patched-linux-x86_64, r-patched-solaris-sparc, r-patched-solaris-x86, r-release-linux-ix86, r-release-linux-x86_64, r-release-osx-x86_64-mavericks, r-release-osx-x86_64-snowleopard, r-release-windows-ix86+x86_64, r-oldrel-windows-ix86+x86_64