CRAN Package Check Results for Package Laterality

Last updated on 2015-07-06 03:47:48.

Flavor Version Tinstall Tcheck Ttotal Status Flags
r-devel-linux-x86_64-debian-clang 0.9.3 0.72 14.15 14.86 NOTE
r-devel-linux-x86_64-debian-gcc 0.9.3 0.72 14.47 15.19 NOTE
r-devel-linux-x86_64-fedora-clang 0.9.3 28.86 NOTE
r-devel-linux-x86_64-fedora-gcc 0.9.3 27.64 NOTE
r-devel-osx-x86_64-clang 0.9.3 29.80 OK
r-devel-windows-ix86+x86_64 0.9.3 4.00 26.00 30.00 NOTE
r-patched-linux-x86_64 0.9.3 0.74 14.59 15.32 OK
r-patched-solaris-sparc 0.9.3 192.10 OK
r-patched-solaris-x86 0.9.3 42.00 OK
r-release-linux-x86_64 0.9.3 0.74 14.47 15.21 OK
r-release-osx-x86_64-mavericks 0.9.3 OK
r-release-windows-ix86+x86_64 0.9.3 3.00 24.00 27.00 OK
r-oldrel-windows-ix86+x86_64 0.9.3 6.00 41.00 47.00 OK

Check Details

Version: 0.9.3
Check: R code for possible problems
Result: NOTE
    HImeanact: no visible global function definition for ‘barplot’
    HImeanact: no visible binding for global variable ‘sd’
    HImeanact: no visible global function definition for ‘arrows’
    HImeanact: no visible global function definition for ‘locator’
    HImeanact: no visible global function definition for ‘legend’
    HImeanact: no visible global function definition for ‘write.csv’
    HImeanact: no visible global function definition for ‘write.csv2’
    HImeanactabs: no visible global function definition for ‘barplot’
    HImeanactabs: no visible binding for global variable ‘sd’
    HImeanactabs: no visible global function definition for ‘arrows’
    HImeanactabs: no visible global function definition for ‘locator’
    HImeanactabs: no visible global function definition for ‘legend’
    HImeanactabs: no visible global function definition for ‘write.csv’
    HImeanactabs: no visible global function definition for ‘write.csv2’
    HImeanind: no visible global function definition for ‘barplot’
    HImeanind: no visible binding for global variable ‘sd’
    HImeanind: no visible global function definition for ‘arrows’
    HImeanind: no visible global function definition for ‘locator’
    HImeanind: no visible global function definition for ‘legend’
    HImeanind: no visible global function definition for ‘write.csv’
    HImeanind: no visible global function definition for ‘write.csv2’
    HImeanindabs: no visible global function definition for ‘barplot’
    HImeanindabs: no visible binding for global variable ‘sd’
    HImeanindabs: no visible global function definition for ‘arrows’
    HImeanindabs: no visible global function definition for ‘locator’
    HImeanindabs: no visible global function definition for ‘legend’
    HImeanindabs: no visible global function definition for ‘write.csv’
    HImeanindabs: no visible global function definition for ‘write.csv2’
    HIndiv: no visible global function definition for ‘barplot’
    HIndiv: no visible global function definition for ‘abline’
    HIndiv: no visible global function definition for ‘lines’
    HIndiv: no visible global function definition for ‘locator’
    HIndiv: no visible global function definition for ‘legend’
    HIndiv: no visible global function definition for ‘write.csv’
    HIndiv: no visible global function definition for ‘write.csv2’
    HIndivabs: no visible global function definition for ‘barplot’
    HIndivabs: no visible global function definition for ‘abline’
    HIndivabs: no visible global function definition for ‘lines’
    HIndivabs: no visible global function definition for ‘locator’
    HIndivabs: no visible global function definition for ‘legend’
    HIndivabs: no visible global function definition for ‘write.csv’
    HIndivabs: no visible global function definition for ‘write.csv2’
    later: no visible global function definition for ‘pnorm’
    later: no visible global function definition for ‘write.csv’
    later: no visible global function definition for ‘write.csv2’
    laterAFCM: no visible global function definition for ‘write.csv’
    laterAFCM: no visible global function definition for ‘write.csv2’
    laterAFCM: no visible global function definition for ‘dev.new’
    laterhist: no visible global function definition for ‘barplot’
    laterhist: no visible global function definition for ‘locator’
    laterhist: no visible global function definition for ‘legend’
    lvisAFCM: no visible global function definition for ‘write.csv’
    lvisAFCM: no visible global function definition for ‘write.csv2’
    lvisAFCM: no visible global function definition for ‘dev.new’
    lvisAFCM: no visible global function definition for ‘par’
    visAFCM: no visible global function definition for ‘dev.new’
    visAFCM: no visible global function definition for ‘par’
    Undefined global functions or variables:
     abline arrows barplot dev.new legend lines locator par pnorm sd
     write.csv write.csv2
Flavors: r-devel-linux-x86_64-debian-clang, r-devel-linux-x86_64-debian-gcc, r-devel-linux-x86_64-fedora-clang, r-devel-linux-x86_64-fedora-gcc, r-devel-windows-ix86+x86_64