CRAN Package Check Results for Package Laterality

Last updated on 2014-09-02 08:47:17.

Flavor Version Tinstall Tcheck Ttotal Status Flags
r-devel-linux-x86_64-debian-clang 0.9.2 0.74 15.14 15.88 NOTE
r-devel-linux-x86_64-debian-gcc 0.9.2 0.68 15.72 16.40 NOTE
r-devel-linux-x86_64-fedora-clang 0.9.2 32.39 NOTE
r-devel-linux-x86_64-fedora-gcc 0.9.2 30.76 NOTE
r-devel-osx-x86_64-clang 0.9.2 32.99 NOTE
r-devel-windows-ix86+x86_64 0.9.2 3.00 26.00 29.00 NOTE
r-patched-linux-x86_64 0.9.2 0.70 15.38 16.07 NOTE
r-patched-solaris-sparc 0.9.2 219.20 NOTE
r-patched-solaris-x86 0.9.2 45.20 NOTE
r-release-linux-ix86 0.9.2 1.09 23.03 24.12 NOTE
r-release-linux-x86_64 0.9.2 0.79 15.78 16.57 NOTE
r-release-osx-x86_64-mavericks 0.9.2 NOTE
r-release-osx-x86_64-snowleopard 0.9.2 NOTE
r-release-windows-ix86+x86_64 0.9.2 3.00 26.00 29.00 NOTE
r-oldrel-windows-ix86+x86_64 0.9.2 4.00 27.00 31.00 NOTE

Check Details

Version: 0.9.2
Check: dependencies in R code
Result: NOTE
    'library' or 'require' call to ‘ade4’ which was already attached by Depends.
     Please remove these calls from your code.
    See the information on DESCRIPTION files in the chapter ‘Creating R
    packages’ of the ‘Writing R Extensions’ manual.
Flavors: r-devel-linux-x86_64-debian-clang, r-devel-linux-x86_64-debian-gcc, r-devel-linux-x86_64-fedora-clang, r-devel-linux-x86_64-fedora-gcc, r-devel-osx-x86_64-clang, r-devel-windows-ix86+x86_64, r-patched-linux-x86_64, r-patched-solaris-sparc, r-patched-solaris-x86, r-release-linux-ix86, r-release-linux-x86_64, r-release-osx-x86_64-mavericks, r-release-osx-x86_64-snowleopard, r-release-windows-ix86+x86_64, r-oldrel-windows-ix86+x86_64