CRAN Package Check Results for Package Laterality

Last updated on 2014-11-26 13:47:07.

Flavor Version Tinstall Tcheck Ttotal Status Flags
r-devel-linux-x86_64-debian-clang 0.9.2 0.75 15.66 16.41 NOTE
r-devel-linux-x86_64-debian-gcc 0.9.2 0.71 16.39 17.10 NOTE
r-devel-linux-x86_64-fedora-clang 0.9.2 34.91 NOTE
r-devel-linux-x86_64-fedora-gcc 0.9.2 32.93 NOTE
r-devel-osx-x86_64-clang 0.9.2 35.80 NOTE
r-devel-windows-ix86+x86_64 0.9.2 3.00 26.00 29.00 NOTE
r-patched-linux-x86_64 0.9.2 0.76 15.94 16.70 NOTE
r-patched-solaris-sparc 0.9.2 219.20 NOTE
r-patched-solaris-x86 0.9.2 46.60 NOTE
r-release-linux-ix86 0.9.2 1.02 22.62 23.64 NOTE
r-release-linux-x86_64 0.9.2 0.77 15.93 16.70 NOTE
r-release-osx-x86_64-mavericks 0.9.2 NOTE
r-release-osx-x86_64-snowleopard 0.9.2 NOTE
r-release-windows-ix86+x86_64 0.9.2 3.00 27.00 30.00 NOTE
r-oldrel-windows-ix86+x86_64 0.9.2 3.00 26.00 29.00 NOTE

Check Details

Version: 0.9.2
Check: dependencies in R code
Result: NOTE
    'library' or 'require' call to ‘ade4’ which was already attached by Depends.
     Please remove these calls from your code.
    See the information on DESCRIPTION files in the chapter ‘Creating R
    packages’ of the ‘Writing R Extensions’ manual.
Flavors: r-devel-linux-x86_64-debian-clang, r-devel-linux-x86_64-debian-gcc, r-devel-linux-x86_64-fedora-clang, r-devel-linux-x86_64-fedora-gcc, r-devel-osx-x86_64-clang, r-devel-windows-ix86+x86_64, r-patched-linux-x86_64, r-patched-solaris-sparc, r-patched-solaris-x86, r-release-linux-ix86, r-release-linux-x86_64, r-release-osx-x86_64-mavericks, r-release-osx-x86_64-snowleopard, r-release-windows-ix86+x86_64, r-oldrel-windows-ix86+x86_64