CRAN Package Check Results for Package Laterality

Last updated on 2015-04-01 08:50:07.

Flavor Version Tinstall Tcheck Ttotal Status Flags
r-devel-linux-x86_64-debian-clang 0.9.2 0.71 15.52 16.23 NOTE
r-devel-linux-x86_64-debian-gcc 0.9.2 0.68 14.57 15.26 NOTE
r-devel-linux-x86_64-fedora-clang 0.9.3 15.38 OK
r-devel-linux-x86_64-fedora-gcc 0.9.3 14.84 OK
r-devel-osx-x86_64-clang 0.9.3 30.36 OK
r-prerel-windows-ix86+x86_64 0.9.2 3.00 24.00 27.00 NOTE
r-prerel-linux-x86_64 0.9.2 0.67 14.44 15.10 NOTE
r-prerel-solaris-sparc 0.9.3 151.70 OK
r-prerel-solaris-x86 0.9.3 31.40 OK
r-release-linux-x86_64 0.9.2 0.74 16.46 17.20 NOTE
r-release-osx-x86_64-mavericks 0.9.2 NOTE
r-release-osx-x86_64-snowleopard 0.9.2 NOTE
r-release-windows-ix86+x86_64 0.9.2 3.00 27.00 30.00 NOTE
r-oldrel-windows-ix86+x86_64 0.9.2 3.00 28.00 31.00 NOTE

Check Details

Version: 0.9.2
Check: DESCRIPTION meta-information
Result: NOTE
    Malformed Title field: should not end in a period.
Flavors: r-devel-linux-x86_64-debian-clang, r-devel-linux-x86_64-debian-gcc, r-prerel-windows-ix86+x86_64, r-prerel-linux-x86_64

Version: 0.9.2
Check: dependencies in R code
Result: NOTE
    'library' or 'require' call to ‘ade4’ which was already attached by Depends.
     Please remove these calls from your code.
Flavors: r-devel-linux-x86_64-debian-clang, r-devel-linux-x86_64-debian-gcc, r-prerel-windows-ix86+x86_64, r-prerel-linux-x86_64, r-release-linux-x86_64, r-release-windows-ix86+x86_64

Version: 0.9.2
Check: dependencies in R code
Result: NOTE
    'library' or 'require' call to ‘ade4’ which was already attached by Depends.
     Please remove these calls from your code.
    See the information on DESCRIPTION files in the chapter ‘Creating R
    packages’ of the ‘Writing R Extensions’ manual.
Flavors: r-release-osx-x86_64-mavericks, r-release-osx-x86_64-snowleopard, r-oldrel-windows-ix86+x86_64