CRAN Package Check Results for Package Laterality

Last updated on 2015-02-28 07:50:04.

Flavor Version Tinstall Tcheck Ttotal Status Flags
r-devel-linux-x86_64-debian-clang 0.9.2 0.68 15.30 15.98 NOTE
r-devel-linux-x86_64-debian-gcc 0.9.2 0.67 14.52 15.19 NOTE
r-devel-linux-x86_64-fedora-clang 0.9.2 29.97 NOTE
r-devel-linux-x86_64-fedora-gcc 0.9.2 26.69 NOTE
r-devel-osx-x86_64-clang 0.9.2 33.61 NOTE
r-devel-windows-ix86+x86_64 0.9.2 5.00 23.00 28.00 NOTE
r-patched-linux-x86_64 0.9.2 0.74 16.11 16.85 NOTE
r-patched-solaris-sparc 0.9.2 208.10 NOTE
r-patched-solaris-x86 0.9.2 47.80 NOTE
r-release-linux-ix86 0.9.2 1.05 25.20 26.25 NOTE
r-release-linux-x86_64 0.9.2 0.75 15.95 16.70 NOTE
r-release-osx-x86_64-mavericks 0.9.2 NOTE
r-release-osx-x86_64-snowleopard 0.9.2 NOTE
r-release-windows-ix86+x86_64 0.9.2 3.00 27.00 30.00 NOTE
r-oldrel-windows-ix86+x86_64 0.9.2 3.00 30.00 33.00 NOTE

Check Details

Version: 0.9.2
Check: DESCRIPTION meta-information
Result: NOTE
    Malformed Title field: should not end in a period.
Flavors: r-devel-linux-x86_64-debian-clang, r-devel-linux-x86_64-debian-gcc, r-devel-linux-x86_64-fedora-clang, r-devel-linux-x86_64-fedora-gcc, r-devel-osx-x86_64-clang, r-devel-windows-ix86+x86_64

Version: 0.9.2
Check: dependencies in R code
Result: NOTE
    'library' or 'require' call to ‘ade4’ which was already attached by Depends.
     Please remove these calls from your code.
Flavors: r-devel-linux-x86_64-debian-clang, r-devel-linux-x86_64-debian-gcc, r-devel-linux-x86_64-fedora-clang, r-devel-linux-x86_64-fedora-gcc, r-devel-osx-x86_64-clang, r-devel-windows-ix86+x86_64, r-patched-linux-x86_64, r-patched-solaris-x86

Version: 0.9.2
Check: dependencies in R code
Result: NOTE
    'library' or 'require' call to ‘ade4’ which was already attached by Depends.
     Please remove these calls from your code.
    See the information on DESCRIPTION files in the chapter ‘Creating R
    packages’ of the ‘Writing R Extensions’ manual.
Flavors: r-patched-solaris-sparc, r-release-linux-ix86, r-release-linux-x86_64, r-release-osx-x86_64-mavericks, r-release-osx-x86_64-snowleopard, r-release-windows-ix86+x86_64, r-oldrel-windows-ix86+x86_64