CRAN Package Check Results for Package Laterality

Last updated on 2015-01-27 12:47:31.

Flavor Version Tinstall Tcheck Ttotal Status Flags
r-devel-linux-x86_64-debian-clang 0.9.2 0.72 14.74 15.46 NOTE
r-devel-linux-x86_64-debian-gcc 0.9.2 0.68 14.36 15.04 NOTE
r-devel-linux-x86_64-fedora-clang 0.9.2 34.77 NOTE
r-devel-linux-x86_64-fedora-gcc 0.9.2 32.04 NOTE
r-devel-osx-x86_64-clang 0.9.2 35.67 NOTE
r-devel-windows-ix86+x86_64 0.9.2 3.00 23.00 26.00 NOTE
r-patched-linux-x86_64 0.9.2 0.74 16.42 17.16 NOTE
r-patched-solaris-sparc 0.9.2 208.10 NOTE
r-patched-solaris-x86 0.9.2 46.40 NOTE
r-release-linux-ix86 0.9.2 1.04 22.70 23.74 NOTE
r-release-linux-x86_64 0.9.2 0.75 16.22 16.97 NOTE
r-release-osx-x86_64-mavericks 0.9.2 NOTE
r-release-osx-x86_64-snowleopard 0.9.2 NOTE
r-release-windows-ix86+x86_64 0.9.2 3.00 28.00 31.00 NOTE
r-oldrel-windows-ix86+x86_64 0.9.2 5.00 45.00 50.00 NOTE

Check Details

Version: 0.9.2
Check: dependencies in R code
Result: NOTE
    'library' or 'require' call to ‘ade4’ which was already attached by Depends.
     Please remove these calls from your code.
Flavors: r-devel-linux-x86_64-debian-clang, r-devel-linux-x86_64-debian-gcc, r-devel-linux-x86_64-fedora-clang, r-devel-linux-x86_64-fedora-gcc, r-devel-osx-x86_64-clang, r-devel-windows-ix86+x86_64

Version: 0.9.2
Check: dependencies in R code
Result: NOTE
    'library' or 'require' call to ‘ade4’ which was already attached by Depends.
     Please remove these calls from your code.
    See the information on DESCRIPTION files in the chapter ‘Creating R
    packages’ of the ‘Writing R Extensions’ manual.
Flavors: r-patched-linux-x86_64, r-patched-solaris-sparc, r-patched-solaris-x86, r-release-linux-ix86, r-release-linux-x86_64, r-release-osx-x86_64-mavericks, r-release-osx-x86_64-snowleopard, r-release-windows-ix86+x86_64, r-oldrel-windows-ix86+x86_64