CRAN Package Check Results for Package LatticeKrig

Last updated on 2015-05-23 02:46:50.

Flavor Version Tinstall Tcheck Ttotal Status Flags
r-devel-linux-x86_64-debian-clang 3.4 2.26 92.93 95.19 NOTE
r-devel-linux-x86_64-debian-gcc 3.4 2.14 91.99 94.13 NOTE
r-devel-linux-x86_64-fedora-clang 3.4 186.13 NOTE
r-devel-linux-x86_64-fedora-gcc 3.4 178.62 NOTE
r-devel-osx-x86_64-clang 3.4 150.30 NOTE
r-devel-windows-ix86+x86_64 3.4 9.00 231.00 240.00 OK
r-patched-linux-x86_64 3.4 2.15 91.49 93.64 NOTE
r-patched-solaris-sparc 3.4 1601.60 NOTE
r-patched-solaris-x86 3.4 294.60 NOTE
r-release-linux-x86_64 3.4 2.17 91.58 93.75 NOTE
r-release-osx-x86_64-mavericks 3.4 OK
r-release-osx-x86_64-snowleopard 3.4 ERROR
r-release-windows-ix86+x86_64 3.4 9.00 230.00 239.00 OK
r-oldrel-windows-ix86+x86_64 3.4 11.00 331.00 342.00 OK

Check Details

Version: 3.4
Check: S3 generic/method consistency
Result: NOTE
    Found the following apparent S3 methods exported but not registered:
     predictSE.LKrig predictSurface.LKrig print.LKinfo surface.LKrig
    See section ‘Registering S3 methods’ in the ‘Writing R Extensions’
    manual.
Flavors: r-devel-linux-x86_64-debian-clang, r-devel-linux-x86_64-debian-gcc, r-devel-linux-x86_64-fedora-clang, r-devel-linux-x86_64-fedora-gcc, r-devel-osx-x86_64-clang, r-patched-linux-x86_64, r-patched-solaris-sparc, r-patched-solaris-x86, r-release-linux-x86_64

Version: 3.4
Check: package dependencies
Result: ERROR
    Packages required but not available: ‘spam’ ‘fields’
    
    See section ‘The DESCRIPTION file’ in the ‘Writing R Extensions’
    manual.
Flavor: r-release-osx-x86_64-snowleopard