CRAN Package Check Results for Package LatticeKrig

Last updated on 2015-01-31 20:46:50.

Flavor Version Tinstall Tcheck Ttotal Status Flags
r-devel-linux-x86_64-debian-clang 3.4 2.24 93.16 95.40 NOTE
r-devel-linux-x86_64-debian-gcc 3.4 2.10 91.09 93.19 NOTE
r-devel-linux-x86_64-fedora-clang 3.4 217.02 NOTE
r-devel-linux-x86_64-fedora-gcc 3.4 208.35 NOTE
r-devel-osx-x86_64-clang 3.4 169.38 NOTE
r-devel-windows-ix86+x86_64 3.4 11.00 230.00 241.00 OK
r-patched-linux-x86_64 3.4 3.02 104.36 107.38 OK
r-patched-solaris-sparc 3.4 1740.60 OK
r-patched-solaris-x86 3.4 324.60 OK
r-release-linux-ix86 3.4 3.63 110.77 114.40 OK
r-release-linux-x86_64 3.4 2.93 104.41 107.34 OK
r-release-osx-x86_64-mavericks 3.4 OK
r-release-osx-x86_64-snowleopard 3.4 OK
r-release-windows-ix86+x86_64 3.4 11.00 259.00 270.00 OK
r-oldrel-windows-ix86+x86_64 3.4 12.00 251.00 263.00 OK

Check Details

Version: 3.4
Check: S3 generic/method consistency
Result: NOTE
    Found the following apparent S3 methods exported but not registered:
     print.LKinfo predictSE.LKrig predictSurface.LKrig surface.LKrig
    See section ‘Registering S3 methods’ in the ‘Writing R Extensions’
    manual.
Flavors: r-devel-linux-x86_64-debian-clang, r-devel-linux-x86_64-debian-gcc, r-devel-linux-x86_64-fedora-clang, r-devel-linux-x86_64-fedora-gcc, r-devel-osx-x86_64-clang