CRAN Package Check Results for Package LatticeKrig

Last updated on 2015-07-01 06:48:39.

Flavor Version Tinstall Tcheck Ttotal Status Flags
r-devel-linux-x86_64-debian-clang 3.4 2.18 92.96 95.14 NOTE
r-devel-linux-x86_64-debian-gcc 3.4 2.06 90.12 92.17 NOTE
r-devel-linux-x86_64-fedora-clang 3.4 181.29 NOTE
r-devel-linux-x86_64-fedora-gcc 3.4 174.59 NOTE
r-devel-osx-x86_64-clang 3.4 161.20 NOTE
r-devel-windows-ix86+x86_64 3.4 10.00 308.00 318.00 NOTE
r-patched-linux-x86_64 3.4 2.20 91.66 93.86 NOTE
r-patched-solaris-sparc 3.4 1601.60 NOTE
r-patched-solaris-x86 3.4 298.80 NOTE
r-release-linux-x86_64 3.4 2.08 93.56 95.65 NOTE
r-release-osx-x86_64-mavericks 3.4 OK
r-release-windows-ix86+x86_64 3.4 10.00 222.00 232.00 OK
r-oldrel-windows-ix86+x86_64 3.4 12.00 338.00 350.00 OK

Check Details

Version: 3.4
Check: S3 generic/method consistency
Result: NOTE
    Found the following apparent S3 methods exported but not registered:
     predictSE.LKrig predictSurface.LKrig print.LKinfo surface.LKrig
    See section ‘Registering S3 methods’ in the ‘Writing R Extensions’
    manual.
Flavors: r-devel-linux-x86_64-debian-clang, r-devel-linux-x86_64-debian-gcc, r-devel-linux-x86_64-fedora-clang, r-devel-linux-x86_64-fedora-gcc, r-devel-osx-x86_64-clang, r-patched-linux-x86_64, r-patched-solaris-sparc, r-patched-solaris-x86, r-release-linux-x86_64

Version: 3.4
Check: R code for possible problems
Result: NOTE
    LKrig.basis: no visible global function definition for ‘predict’
    LKrig.cov: no visible global function definition for ‘predict’
    LKrig.sim: no visible global function definition for ‘rnorm’
    LKrig.spind2spam: no visible global function definition for ‘new’
    LKrig.traceA: no visible global function definition for ‘rnorm’
    LKrig.traceA: no visible global function definition for ‘var’
    LKrigFindLambda: no visible global function definition for ‘optimize’
    predictSurface.LKrig: no visible global function definition for
     ‘predict’
    simConditionalDraw: no visible global function definition for ‘rnorm’
Flavors: r-devel-linux-x86_64-debian-clang, r-devel-linux-x86_64-debian-gcc, r-devel-linux-x86_64-fedora-clang, r-devel-linux-x86_64-fedora-gcc, r-devel-windows-ix86+x86_64