CRAN Package Check Results for Package LatticeKrig

Last updated on 2015-04-19 09:55:38.

Flavor Version Tinstall Tcheck Ttotal Status Flags
r-devel-linux-x86_64-debian-clang 3.4 2.29 93.85 96.14 NOTE
r-devel-linux-x86_64-debian-gcc 3.4 2.12 90.98 93.10 NOTE
r-devel-linux-x86_64-fedora-clang 3.4 183.89 NOTE
r-devel-linux-x86_64-fedora-gcc 3.4 206.66 NOTE
r-devel-osx-x86_64-clang 3.4 161.65 NOTE
r-devel-windows-ix86+x86_64 3.4 11.00 223.00 234.00 OK
r-patched-linux-x86_64 3.4 2.50 92.40 94.91 NOTE
r-patched-solaris-sparc 3.4 1594.00 OK
r-patched-solaris-x86 3.4 296.10 OK
r-release-linux-x86_64 3.4 2.12 91.08 93.21 NOTE
r-release-osx-x86_64-mavericks 3.4 OK
r-release-osx-x86_64-snowleopard 3.4 ERROR
r-release-windows-ix86+x86_64 3.4 8.00 223.00 231.00 OK
r-oldrel-windows-ix86+x86_64 3.4 12.00 297.00 309.00 OK

Check Details

Version: 3.4
Check: S3 generic/method consistency
Result: NOTE
    Found the following apparent S3 methods exported but not registered:
     predictSE.LKrig predictSurface.LKrig print.LKinfo surface.LKrig
    See section ‘Registering S3 methods’ in the ‘Writing R Extensions’
    manual.
Flavors: r-devel-linux-x86_64-debian-clang, r-devel-linux-x86_64-debian-gcc, r-devel-linux-x86_64-fedora-clang, r-devel-linux-x86_64-fedora-gcc, r-devel-osx-x86_64-clang, r-patched-linux-x86_64, r-release-linux-x86_64

Version: 3.4
Check: package dependencies
Result: ERROR
    Packages required but not available: ‘spam’ ‘fields’
    
    See section ‘The DESCRIPTION file’ in the ‘Writing R Extensions’
    manual.
Flavor: r-release-osx-x86_64-snowleopard