CRAN Package Check Results for Package LatticeKrig

Last updated on 2017-05-24 07:49:50.

Flavor Version Tinstall Tcheck Ttotal Status Flags
r-devel-linux-x86_64-debian-clang 6.2 2.78 83.46 86.24 ERROR
r-devel-linux-x86_64-debian-gcc 6.4 2.98 223.12 226.10 OK
r-devel-linux-x86_64-fedora-clang 6.4 365.65 OK --no-stop-on-test-error
r-devel-linux-x86_64-fedora-gcc 6.4 365.53 OK --no-stop-on-test-error
r-devel-windows-ix86+x86_64 6.4 18.00 59.00 77.00 OK --no-examples --no-tests --no-vignettes
r-patched-linux-x86_64 6.2 2.64 81.40 84.04 ERROR
r-patched-solaris-sparc 6.4 2084.40 OK --no-stop-on-test-error
r-patched-solaris-x86 6.4 418.10 OK --no-stop-on-test-error
r-release-linux-x86_64 6.2 2.82 80.42 83.24 ERROR
r-release-windows-ix86+x86_64 6.4 28.00 66.00 94.00 OK --no-examples --no-tests --no-vignettes
r-release-osx-x86_64 6.2 OK
r-oldrel-windows-ix86+x86_64 6.2 17.00 96.00 113.00 OK --no-examples --no-tests --no-vignettes
r-oldrel-osx-x86_64 6.4 OK

Check Details

Version: 6.2
Check: compiled code
Result: NOTE
    File ‘LatticeKrig/libs/LatticeKrig.so’:
     Found no calls to: ‘R_registerRoutines’, ‘R_useDynamicSymbols’
    
    It is good practice to register native routines and to disable symbol
    search.
    
    See ‘Writing portable packages’ in the ‘Writing R Extensions’ manual.
Flavors: r-devel-linux-x86_64-debian-clang, r-patched-linux-x86_64, r-release-linux-x86_64

Version: 6.2
Check: tests
Result: ERROR
     Running ‘LKrig.FindNorm.test.R’ [5s/5s]
     Comparing ‘LKrig.FindNorm.test.Rout’ to ‘LKrig.FindNorm.test.Rout.save’ ...27,33d26
    <
    < Attaching package: 'LatticeKrig'
    <
    < The following objects are masked from 'package:fields':
    <
    < which.max.image, which.max.matrix
    <
     Running ‘LKrig.LKCylinder.test.R’ [1s/1s]
     Comparing ‘LKrig.LKCylinder.test.Rout’ to ‘LKrig.LKCylinder.test.Rout.save’ ...21,27d20
    <
    < Attaching package: 'LatticeKrig'
    <
    < The following objects are masked from 'package:fields':
    <
    < which.max.image, which.max.matrix
    <
     Running ‘LKrig.basis.test.R’ [2s/2s]
     Comparing ‘LKrig.basis.test.Rout’ to ‘LKrig.basis.test.Rout.save’ ...27,33d26
    <
    < Attaching package: 'LatticeKrig'
    <
    < The following objects are masked from 'package:fields':
    <
    < which.max.image, which.max.matrix
    <
     Running ‘LKrig.lnPLike.test.R’ [13s/13s]
    Running the tests in ‘tests/LKrig.lnPLike.test.R’ failed.
    Last 13 lines of output:
     lnProfileFULL from LKrig and identical compuation
     using mKrig
     PASSED test at tolerance 1e-08
     Testing: Direct formula
     PASSED test at tolerance 1e-08
     Testing: lnDetCov for mKrig and LatticeKrig
     PASSED test at tolerance 1e-08
     Testing: quadratic forms for rho MLE
     PASSED test at tolerance 1e-08
     Testing: Profile Likelihood concentrated on lambda
     PASSED test at tolerance 1e-08
     Testing: MLEs for rho with replicate fields
     FAILED test value = 2.98224 at tolerance 1e-08Error in test.for.zero(obj0$rho.MLE, obj$rho.MLE, tag = "MLEs for rho with replicate fields") :
    
     Execution halted
Flavor: r-devel-linux-x86_64-debian-clang

Version: 6.2
Check: tests
Result: ERROR
     Running ‘LKrig.FindNorm.test.R’ [4s/4s]
     Comparing ‘LKrig.FindNorm.test.Rout’ to ‘LKrig.FindNorm.test.Rout.save’ ...27,33d26
    <
    < Attaching package: 'LatticeKrig'
    <
    < The following objects are masked from 'package:fields':
    <
    < which.max.image, which.max.matrix
    <
     Running ‘LKrig.LKCylinder.test.R’ [1s/1s]
     Comparing ‘LKrig.LKCylinder.test.Rout’ to ‘LKrig.LKCylinder.test.Rout.save’ ...21,27d20
    <
    < Attaching package: 'LatticeKrig'
    <
    < The following objects are masked from 'package:fields':
    <
    < which.max.image, which.max.matrix
    <
     Running ‘LKrig.basis.test.R’ [2s/2s]
     Comparing ‘LKrig.basis.test.Rout’ to ‘LKrig.basis.test.Rout.save’ ...27,33d26
    <
    < Attaching package: 'LatticeKrig'
    <
    < The following objects are masked from 'package:fields':
    <
    < which.max.image, which.max.matrix
    <
     Running ‘LKrig.lnPLike.test.R’ [13s/13s]
    Running the tests in ‘tests/LKrig.lnPLike.test.R’ failed.
    Last 13 lines of output:
     lnProfileFULL from LKrig and identical compuation
     using mKrig
     PASSED test at tolerance 1e-08
     Testing: Direct formula
     PASSED test at tolerance 1e-08
     Testing: lnDetCov for mKrig and LatticeKrig
     PASSED test at tolerance 1e-08
     Testing: quadratic forms for rho MLE
     PASSED test at tolerance 1e-08
     Testing: Profile Likelihood concentrated on lambda
     PASSED test at tolerance 1e-08
     Testing: MLEs for rho with replicate fields
     FAILED test value = 2.98224 at tolerance 1e-08Error in test.for.zero(obj0$rho.MLE, obj$rho.MLE, tag = "MLEs for rho with replicate fields") :
    
     Execution halted
Flavors: r-patched-linux-x86_64, r-release-linux-x86_64