CRAN Package Check Results for Package LatticeKrig

Last updated on 2017-02-21 23:50:49.

Flavor Version Tinstall Tcheck Ttotal Status Flags
r-devel-linux-x86_64-debian-clang 6.2 2.93 289.07 292.00 NOTE
r-devel-linux-x86_64-debian-gcc 6.2 2.68 284.30 286.98 NOTE
r-devel-linux-x86_64-fedora-clang 6.2 430.92 NOTE --no-stop-on-test-error
r-devel-linux-x86_64-fedora-gcc 6.2 449.58 NOTE --no-stop-on-test-error
r-devel-macos-x86_64-clang 6.2 319.73 NOTE --no-stop-on-test-error
r-devel-windows-ix86+x86_64 6.2 20.00 130.00 150.00 OK --no-examples --no-tests --no-vignettes
r-patched-linux-x86_64 6.2 2.71 230.43 233.13 OK
r-patched-solaris-sparc 6.2 2389.30 OK
r-patched-solaris-x86 6.2 509.60 OK
r-release-linux-x86_64 6.2 2.78 222.82 225.59 OK
r-release-osx-x86_64-mavericks 6.2 OK
r-release-windows-ix86+x86_64 6.2 27.00 89.00 116.00 OK --no-examples --no-tests --no-vignettes
r-oldrel-windows-ix86+x86_64 5.5 22.00 114.00 136.00 OK --no-examples --no-tests --no-vignettes

Check Details

Version: 6.2
Check: compiled code
Result: NOTE
    File ‘LatticeKrig/libs/LatticeKrig.so’:
     Found no calls to: ‘R_registerRoutines’, ‘R_useDynamicSymbols’
    
    It is good practice to register native routines and to disable symbol
    search.
    
    See ‘Writing portable packages’ in the ‘Writing R Extensions’ manual.
Flavors: r-devel-linux-x86_64-debian-clang, r-devel-linux-x86_64-debian-gcc

Version: 6.2
Flags: --no-stop-on-test-error
Check: compiled code
Result: NOTE
    File ‘LatticeKrig/libs/LatticeKrig.so’:
     Found no calls to: ‘R_registerRoutines’, ‘R_useDynamicSymbols’
    
    It is good practice to register native routines and to disable symbol
    search.
    
    See ‘Writing portable packages’ in the ‘Writing R Extensions’ manual.
Flavors: r-devel-linux-x86_64-fedora-clang, r-devel-linux-x86_64-fedora-gcc, r-devel-macos-x86_64-clang