CRAN Package Check Results for Package LatticeKrig

Last updated on 2016-08-28 08:47:22.

Flavor Version Tinstall Tcheck Ttotal Status Flags
r-devel-linux-x86_64-debian-clang 5.5 2.88 200.77 203.65 WARN
r-devel-linux-x86_64-debian-gcc 5.5 2.80 173.02 175.82 WARN
r-devel-linux-x86_64-fedora-clang 5.5 303.35 WARN
r-devel-linux-x86_64-fedora-gcc 5.5 293.78 WARN
r-devel-osx-x86_64-clang 5.5 229.40 WARN
r-devel-windows-ix86+x86_64 5.5 14.00 111.00 125.00 OK --no-examples --no-tests --no-vignettes
r-patched-linux-x86_64 5.5 2.62 176.58 179.19 OK
r-patched-solaris-sparc 5.5 2116.50 OK
r-patched-solaris-x86 5.5 453.10 OK
r-release-linux-x86_64 5.5 3.88 174.82 178.70 OK
r-release-osx-x86_64-mavericks 5.5 OK
r-release-windows-ix86+x86_64 5.5 18.00 81.00 99.00 OK --no-examples --no-tests --no-vignettes
r-oldrel-windows-ix86+x86_64 5.5 13.00 79.00 92.00 OK --no-examples --no-tests --no-vignettes

Check Details

Version: 5.5
Check: whether package can be installed
Result: WARN
    Found the following significant warnings:
     Warning: GNU Extension: Nonstandard type declaration REAL*8 at (1)
Flavors: r-devel-linux-x86_64-debian-clang, r-devel-linux-x86_64-debian-gcc, r-devel-linux-x86_64-fedora-clang, r-devel-linux-x86_64-fedora-gcc, r-devel-osx-x86_64-clang