CRAN Package Check Results for Package LatticeKrig

Last updated on 2014-04-24 15:50:40.

Flavor Version Tinstall Tcheck Ttotal Status Flags
r-devel-linux-x86_64-debian-clang 3.1 2.84 105.62 108.46 OK
r-devel-linux-x86_64-debian-gcc 3.1 2.64 104.95 107.59 OK
r-devel-linux-x86_64-fedora-clang 3.1 207.52 OK
r-devel-linux-x86_64-fedora-gcc 3.1 205.11 OK
r-devel-osx-x86_64-clang 3.1 156.09 OK
r-devel-osx-x86_64-gcc 3.1 ERROR
r-devel-windows-ix86+x86_64 3.1 10.00 226.00 236.00 OK
r-patched-linux-x86_64 3.1 2.64 106.17 108.81 OK
r-patched-solaris-sparc 3.1 1592.20 OK
r-patched-solaris-x86 3.1 304.50 OK
r-release-linux-ix86 3.1 4.00 149.00 153.00 OK
r-release-linux-x86_64 3.1 2.65 105.27 107.92 OK
r-release-osx-x86_64-mavericks 3.1 WARN
r-release-osx-x86_64-snowleopard 3.1 OK
r-release-windows-ix86+x86_64 3.1 10.00 226.00 236.00 OK
r-oldrel-windows-ix86+x86_64 3.1 12.00 209.00 221.00 OK

Check Details

Version: 3.1
Check: package dependencies
Result: ERROR
    Packages required but not available: ‘spam’ ‘fields’
    
    See the information on DESCRIPTION files in the chapter ‘Creating R
    packages’ of the ‘Writing R Extensions’ manual.
Flavor: r-devel-osx-x86_64-gcc

Version: 3.1
Check: PDF version of manual
Result: WARNING
    LaTeX errors when creating PDF version.
    This typically indicates Rd problems.
    LaTeX errors found:
    ! LaTeX Error: File `upquote.sty' not found.
    
    Type X to quit or <RETURN> to proceed,
    or enter new name. (Default extension: sty)
    
    39e09d5e/Rd2.tex:8: ==> Fatal error occurred, no output PDF file produced!
Flavor: r-release-osx-x86_64-mavericks