CRAN Package Check Results for Package LatticeKrig

Last updated on 2017-03-29 11:49:34.

Flavor Version Tinstall Tcheck Ttotal Status Flags
r-devel-linux-x86_64-debian-clang 6.2 2.85 273.59 276.44 NOTE
r-devel-linux-x86_64-debian-gcc 6.2 2.88 258.01 260.89 NOTE
r-devel-linux-x86_64-fedora-clang 6.2 426.79 NOTE --no-stop-on-test-error
r-devel-linux-x86_64-fedora-gcc 6.2 424.22 NOTE --no-stop-on-test-error
r-devel-macos-x86_64-clang 6.2 320.13 NOTE --no-stop-on-test-error
r-devel-windows-ix86+x86_64 6.2 13.00 91.00 104.00 OK --no-examples --no-tests --no-vignettes
r-patched-linux-x86_64 6.2 2.90 274.18 277.08 NOTE
r-patched-solaris-sparc 6.2 2648.40 OK
r-patched-solaris-x86 6.2 599.10 OK
r-release-linux-x86_64 6.2 2.95 217.13 220.08 OK
r-release-osx-x86_64-mavericks 6.2 OK
r-release-windows-ix86+x86_64 6.2 17.00 117.00 134.00 OK --no-examples --no-tests --no-vignettes
r-oldrel-windows-ix86+x86_64 5.5 22.00 114.00 136.00 OK --no-examples --no-tests --no-vignettes

Check Details

Version: 6.2
Check: compiled code
Result: NOTE
    File ‘LatticeKrig/libs/LatticeKrig.so’:
     Found no calls to: ‘R_registerRoutines’, ‘R_useDynamicSymbols’
    
    It is good practice to register native routines and to disable symbol
    search.
    
    See ‘Writing portable packages’ in the ‘Writing R Extensions’ manual.
Flavors: r-devel-linux-x86_64-debian-clang, r-devel-linux-x86_64-debian-gcc, r-patched-linux-x86_64

Version: 6.2
Flags: --no-stop-on-test-error
Check: compiled code
Result: NOTE
    File ‘LatticeKrig/libs/LatticeKrig.so’:
     Found no calls to: ‘R_registerRoutines’, ‘R_useDynamicSymbols’
    
    It is good practice to register native routines and to disable symbol
    search.
    
    See ‘Writing portable packages’ in the ‘Writing R Extensions’ manual.
Flavors: r-devel-linux-x86_64-fedora-clang, r-devel-linux-x86_64-fedora-gcc, r-devel-macos-x86_64-clang