CRAN Package Check Results for Package LatticeKrig

Last updated on 2015-08-02 09:47:03.

Flavor Version Tinstall Tcheck Ttotal Status Flags
r-devel-linux-x86_64-debian-clang 3.4 2.15 93.51 95.66 NOTE
r-devel-linux-x86_64-debian-gcc 3.4 4.08 91.33 95.40 NOTE
r-devel-linux-x86_64-fedora-clang 3.4 180.86 NOTE
r-devel-linux-x86_64-fedora-gcc 3.4 182.27 NOTE
r-devel-osx-x86_64-clang 3.4 150.63 NOTE
r-devel-windows-ix86+x86_64 3.4 10.00 246.00 256.00 NOTE
r-patched-linux-x86_64 3.4 2.15 92.16 94.31 NOTE
r-patched-solaris-sparc 3.4 1629.60 NOTE
r-patched-solaris-x86 3.4 288.70 NOTE
r-release-linux-x86_64 3.4 2.22 91.01 93.22 NOTE
r-release-osx-x86_64-mavericks 3.4 OK
r-release-windows-ix86+x86_64 3.4 13.00 252.00 265.00 OK
r-oldrel-windows-ix86+x86_64 3.4 16.00 259.00 275.00 OK

Check Details

Version: 3.4
Check: S3 generic/method consistency
Result: NOTE
    Found the following apparent S3 methods exported but not registered:
     predictSE.LKrig predictSurface.LKrig print.LKinfo surface.LKrig
    See section ‘Registering S3 methods’ in the ‘Writing R Extensions’
    manual.
Flavors: r-devel-linux-x86_64-debian-clang, r-devel-linux-x86_64-debian-gcc, r-devel-linux-x86_64-fedora-clang, r-devel-linux-x86_64-fedora-gcc, r-devel-osx-x86_64-clang, r-patched-linux-x86_64, r-patched-solaris-sparc, r-patched-solaris-x86, r-release-linux-x86_64

Version: 3.4
Check: R code for possible problems
Result: NOTE
    LKrig.basis: no visible global function definition for ‘predict’
    LKrig.cov: no visible global function definition for ‘predict’
    LKrig.sim: no visible global function definition for ‘rnorm’
    LKrig.spind2spam: no visible global function definition for ‘new’
    LKrig.traceA: no visible global function definition for ‘rnorm’
    LKrig.traceA: no visible global function definition for ‘var’
    LKrigFindLambda: no visible global function definition for ‘optimize’
    predictSurface.LKrig: no visible global function definition for
     ‘predict’
    simConditionalDraw: no visible global function definition for ‘rnorm’
    Undefined global functions or variables:
     new optimize predict rnorm var
    Consider adding
     importFrom("methods", "new")
     importFrom("stats", "optimize", "predict", "rnorm", "var")
    to your NAMESPACE.
Flavors: r-devel-linux-x86_64-debian-clang, r-devel-linux-x86_64-debian-gcc, r-devel-linux-x86_64-fedora-clang, r-devel-linux-x86_64-fedora-gcc, r-devel-windows-ix86+x86_64