CRAN Package Check Results for Package LatticeKrig

Last updated on 2016-12-09 07:48:34.

Flavor Version Tinstall Tcheck Ttotal Status Flags
r-devel-linux-x86_64-debian-clang 5.5 2.65 250.52 253.17 WARN
r-devel-linux-x86_64-debian-gcc 5.5 3.14 225.81 228.96 WARN
r-devel-linux-x86_64-fedora-clang 5.5 376.00 WARN --no-stop-on-test-error
r-devel-linux-x86_64-fedora-gcc 5.5 366.32 WARN --no-stop-on-test-error
r-devel-macos-x86_64-clang 5.5 280.14 WARN --no-stop-on-test-error
r-devel-windows-ix86+x86_64 5.5 11.00 79.00 90.00 WARN --no-examples --no-tests --no-vignettes
r-patched-linux-x86_64 5.5 2.84 191.00 193.84 OK
r-patched-solaris-sparc 5.5 2103.80 OK
r-patched-solaris-x86 5.5 421.80 OK
r-release-linux-x86_64 5.5 2.68 178.36 181.04 OK
r-release-osx-x86_64-mavericks 5.5 OK
r-release-windows-ix86+x86_64 5.5 9.00 82.00 91.00 OK --no-examples --no-tests --no-vignettes
r-oldrel-windows-ix86+x86_64 5.5 17.00 61.00 78.00 OK --no-examples --no-tests --no-vignettes

Check Details

Version: 5.5
Check: whether package can be installed
Result: WARN
    Found the following significant warnings:
     Warning: GNU Extension: Nonstandard type declaration REAL*8 at (1)
Flavors: r-devel-linux-x86_64-debian-clang, r-devel-linux-x86_64-debian-gcc

Version: 5.5
Flags: --no-stop-on-test-error
Check: whether package can be installed
Result: WARN
    Found the following significant warnings:
     Warning: GNU Extension: Nonstandard type declaration REAL*8 at (1)
Flavors: r-devel-linux-x86_64-fedora-clang, r-devel-linux-x86_64-fedora-gcc, r-devel-macos-x86_64-clang

Version: 5.5
Flags: --no-examples --no-tests --no-vignettes
Check: whether package can be installed
Result: WARN
    Found the following significant warnings:
     Warning: GNU Extension: Nonstandard type declaration REAL*8 at (1)
Flavor: r-devel-windows-ix86+x86_64