CRAN Package Check Results for Package LatticeKrig

Last updated on 2015-03-01 03:48:37.

Flavor Version Tinstall Tcheck Ttotal Status Flags
r-devel-linux-x86_64-debian-clang 3.4 2.23 92.78 95.01 NOTE
r-devel-linux-x86_64-debian-gcc 3.4 2.20 92.88 95.07 NOTE
r-devel-linux-x86_64-fedora-clang 3.4 200.69 NOTE
r-devel-linux-x86_64-fedora-gcc 3.4 180.77 NOTE
r-devel-osx-x86_64-clang 3.4 157.46 NOTE
r-devel-windows-ix86+x86_64 3.4 15.00 234.00 249.00 OK
r-patched-linux-x86_64 3.4 3.04 105.24 108.28 OK
r-patched-solaris-sparc 3.4 1740.60 OK
r-patched-solaris-x86 3.4 324.10 OK
r-release-linux-ix86 3.4 3.64 118.83 122.46 OK
r-release-linux-x86_64 3.4 3.05 107.01 110.06 OK
r-release-osx-x86_64-mavericks 3.4 OK
r-release-osx-x86_64-snowleopard 3.4 OK
r-release-windows-ix86+x86_64 3.4 12.00 261.00 273.00 OK
r-oldrel-windows-ix86+x86_64 3.4 12.00 239.00 251.00 OK

Check Details

Version: 3.4
Check: S3 generic/method consistency
Result: NOTE
    Found the following apparent S3 methods exported but not registered:
     predictSE.LKrig predictSurface.LKrig print.LKinfo surface.LKrig
    See section ‘Registering S3 methods’ in the ‘Writing R Extensions’
    manual.
Flavors: r-devel-linux-x86_64-debian-clang, r-devel-linux-x86_64-debian-gcc, r-devel-linux-x86_64-fedora-clang, r-devel-linux-x86_64-fedora-gcc, r-devel-osx-x86_64-clang