CRAN Package Check Results for Package LatticeKrig

Last updated on 2016-09-28 15:48:01.

Flavor Version Tinstall Tcheck Ttotal Status Flags
r-devel-linux-x86_64-debian-clang 5.5 3.36 183.25 186.61 WARN
r-devel-linux-x86_64-debian-gcc 5.5 2.64 174.05 176.69 WARN
r-devel-linux-x86_64-fedora-clang 5.5 310.87 WARN
r-devel-linux-x86_64-fedora-gcc 5.5 306.30 WARN
r-devel-macos-x86_64-clang 5.5 224.24 WARN
r-devel-windows-ix86+x86_64 5.5 11.00 72.00 83.00 WARN --no-examples --no-tests --no-vignettes
r-patched-linux-x86_64 5.5 2.76 177.79 180.56 OK
r-patched-solaris-sparc 5.5 2103.80 OK
r-patched-solaris-x86 5.5 431.00 OK
r-release-linux-x86_64 5.5 3.17 174.58 177.75 OK
r-release-osx-x86_64-mavericks 5.5 OK
r-release-windows-ix86+x86_64 5.5 13.00 50.00 63.00 OK --no-examples --no-tests --no-vignettes
r-oldrel-windows-ix86+x86_64 5.5 17.00 59.00 76.00 OK --no-examples --no-tests --no-vignettes

Check Details

Version: 5.5
Check: whether package can be installed
Result: WARN
    Found the following significant warnings:
     Warning: GNU Extension: Nonstandard type declaration REAL*8 at (1)
Flavors: r-devel-linux-x86_64-debian-clang, r-devel-linux-x86_64-debian-gcc, r-devel-linux-x86_64-fedora-clang, r-devel-linux-x86_64-fedora-gcc, r-devel-macos-x86_64-clang

Version: 5.5
Flags: --no-examples --no-tests --no-vignettes
Check: whether package can be installed
Result: WARN
    Found the following significant warnings:
     Warning: GNU Extension: Nonstandard type declaration REAL*8 at (1)
Flavor: r-devel-windows-ix86+x86_64