CRAN Package Check Results for Package LatticeKrig

Last updated on 2022-07-01 08:52:24 CEST.

Flavor Version Tinstall Tcheck Ttotal Status Flags
r-devel-linux-x86_64-debian-clang 8.4 14.63 455.66 470.29 NOTE
r-devel-linux-x86_64-debian-gcc 8.4 11.17 381.30 392.47 NOTE
r-devel-linux-x86_64-fedora-clang 8.4 589.13 NOTE
r-devel-linux-x86_64-fedora-gcc 8.4 592.08 NOTE
r-devel-windows-x86_64 8.4 79.00 82.00 161.00 NOTE --no-examples --no-tests --no-vignettes
r-patched-linux-x86_64 8.4 20.49 432.67 453.16 OK
r-release-linux-x86_64 8.4 13.05 436.15 449.20 OK
r-release-macos-arm64 8.4 213.00 OK
r-release-macos-x86_64 8.4 337.00 OK
r-release-windows-x86_64 8.4 37.00 82.00 119.00 OK --no-examples --no-tests --no-vignettes
r-oldrel-macos-arm64 8.4 255.00 OK
r-oldrel-macos-x86_64 8.4 342.00 OK
r-oldrel-windows-ix86+x86_64 8.4 35.00 97.00 132.00 OK --no-examples --no-tests --no-vignettes

Check Details

Version: 8.4
Check: Rd files
Result: NOTE
    checkRd: (-1) LKrig.MLE.Rd:114: Escaped LaTeX specials: \$ \$
    checkRd: (-1) LKrig.MLE.Rd:115: Escaped LaTeX specials: \$
Flavors: r-devel-linux-x86_64-debian-clang, r-devel-linux-x86_64-debian-gcc, r-devel-linux-x86_64-fedora-clang, r-devel-linux-x86_64-fedora-gcc

Version: 8.4
Flags: --no-examples --no-tests --no-vignettes
Check: Rd files
Result: NOTE
    checkRd: (-1) LKrig.MLE.Rd:114: Escaped LaTeX specials: \$ \$
    checkRd: (-1) LKrig.MLE.Rd:115: Escaped LaTeX specials: \$
Flavor: r-devel-windows-x86_64