CRAN Package Check Results for Package LeArEst

Last updated on 2022-08-16 12:53:03 CEST.

Flavor Version Tinstall Tcheck Ttotal Status Flags
r-devel-linux-x86_64-debian-clang 1.0.0 3.77 35.31 39.08 NOTE
r-devel-linux-x86_64-debian-gcc 1.0.0 3.84 26.93 30.77 NOTE
r-devel-linux-x86_64-fedora-clang 1.0.0 58.59 NOTE
r-devel-linux-x86_64-fedora-gcc 1.0.0 57.19 NOTE
r-devel-windows-x86_64 1.0.0 8.00 57.00 65.00 NOTE
r-patched-linux-x86_64 1.0.0 4.13 33.35 37.48 NOTE
r-release-linux-x86_64 1.0.0 5.59 33.66 39.25 NOTE
r-release-macos-arm64 1.0.0 18.00 NOTE
r-release-macos-x86_64 1.0.0 30.00 NOTE
r-release-windows-x86_64 1.0.0 22.00 56.00 78.00 NOTE
r-oldrel-macos-arm64 1.0.0 22.00 NOTE
r-oldrel-macos-x86_64 1.0.0 29.00 NOTE
r-oldrel-windows-ix86+x86_64 1.0.0 10.00 57.00 67.00 NOTE

Check Details

Version: 1.0.0
Check: LazyData
Result: NOTE
     'LazyData' is specified without a 'data' directory
Flavors: r-devel-linux-x86_64-debian-clang, r-devel-linux-x86_64-debian-gcc, r-devel-linux-x86_64-fedora-clang, r-devel-linux-x86_64-fedora-gcc, r-devel-windows-x86_64, r-patched-linux-x86_64, r-release-linux-x86_64, r-release-macos-arm64, r-release-macos-x86_64, r-release-windows-x86_64, r-oldrel-macos-arm64, r-oldrel-macos-x86_64, r-oldrel-windows-ix86+x86_64