CRAN Package Check Results for Package LeLogicielR

Last updated on 2014-12-19 20:48:18.

Flavor Version Tinstall Tcheck Ttotal Status Flags
r-devel-linux-x86_64-debian-clang 1.2 1.26 15.64 16.90 NOTE
r-devel-linux-x86_64-debian-gcc 1.2 1.19 15.59 16.78 NOTE
r-devel-linux-x86_64-fedora-clang 1.2 32.86 NOTE
r-devel-linux-x86_64-fedora-gcc 1.2 31.05 NOTE
r-devel-osx-x86_64-clang 1.2 34.52 NOTE
r-devel-windows-ix86+x86_64 1.2 8.00 46.00 54.00 NOTE
r-patched-linux-x86_64 1.2 1.34 15.24 16.57 NOTE
r-patched-solaris-sparc 1.2 176.70 NOTE
r-patched-solaris-x86 1.2 43.80 NOTE
r-release-linux-ix86 1.2 1.76 21.34 23.09 NOTE
r-release-linux-x86_64 1.2 1.28 15.11 16.39 NOTE
r-release-osx-x86_64-mavericks 1.2 NOTE
r-release-osx-x86_64-snowleopard 1.2 WARN
r-release-windows-ix86+x86_64 1.2 8.00 35.00 43.00 NOTE
r-oldrel-windows-ix86+x86_64 1.2 9.00 38.00 47.00 NOTE

Check Details

Version: 1.2
Check: dependencies in R code
Result: NOTE
    Package in Depends field not imported from: ‘IndependenceTests’
     These packages need to be imported from (in the NAMESPACE file)
     for when this namespace is loaded but not attached.
    See the information on DESCRIPTION files in the chapter ‘Creating R
    packages’ of the ‘Writing R Extensions’ manual.
Flavors: r-devel-linux-x86_64-debian-clang, r-devel-linux-x86_64-debian-gcc, r-devel-linux-x86_64-fedora-clang, r-devel-linux-x86_64-fedora-gcc, r-devel-osx-x86_64-clang, r-devel-windows-ix86+x86_64, r-patched-linux-x86_64, r-patched-solaris-sparc, r-patched-solaris-x86, r-release-linux-ix86, r-release-linux-x86_64, r-release-osx-x86_64-mavericks, r-release-windows-ix86+x86_64, r-oldrel-windows-ix86+x86_64

Version: 1.2
Check: R code for possible problems
Result: NOTE
    File ‘LeLogicielR/R/zzz.R’:
     .onLoad calls:
     packageStartupMessage(utils::packageDescription("LeLogicielR", lib.loc = libname), appendLF = TRUE)
    
    See section ‘Good practice’ in '?.onAttach'.
Flavors: r-devel-linux-x86_64-debian-clang, r-devel-linux-x86_64-debian-gcc, r-devel-linux-x86_64-fedora-clang, r-devel-linux-x86_64-fedora-gcc, r-devel-osx-x86_64-clang, r-devel-windows-ix86+x86_64, r-patched-linux-x86_64, r-patched-solaris-sparc, r-patched-solaris-x86, r-release-linux-ix86, r-release-linux-x86_64, r-release-osx-x86_64-mavericks, r-release-osx-x86_64-snowleopard, r-release-windows-ix86+x86_64, r-oldrel-windows-ix86+x86_64

Version: 1.2
Check: dependencies in R code
Result: NOTE
    Package in Depends field not imported from: 'IndependenceTests'
     These packages need to be imported from for the case when
     this namespace is loaded but not attached.
    See the information on DESCRIPTION files in the chapter 'Creating R
    packages' of the 'Writing R Extensions' manual.
Flavor: r-release-osx-x86_64-snowleopard

Version: 1.2
Check: examples
Result: WARN
    checking a package with encoding 'latin1' in an ASCII locale
    
     OK
Flavor: r-release-osx-x86_64-snowleopard