CRAN Package Check Results for Package LeLogicielR

Last updated on 2014-07-23 09:49:51.

Flavor Version Tinstall Tcheck Ttotal Status Flags
r-devel-linux-x86_64-debian-clang 1.2 1.20 14.28 15.47 NOTE
r-devel-linux-x86_64-debian-gcc 1.2 1.18 14.08 15.25 NOTE
r-devel-linux-x86_64-fedora-clang 1.2 33.21 NOTE
r-devel-linux-x86_64-fedora-gcc 1.2 31.08 NOTE
r-devel-osx-x86_64-clang 1.2 34.35 NOTE
r-devel-windows-ix86+x86_64 1.2 7.00 34.00 41.00 NOTE
r-patched-linux-x86_64 1.2 1.22 14.32 15.54 NOTE
r-patched-solaris-sparc 1.2 169.60 NOTE
r-patched-solaris-x86 1.2 41.90 NOTE
r-release-linux-ix86 1.2 1.78 22.42 24.21 NOTE
r-release-linux-x86_64 1.2 1.24 14.62 15.85 NOTE
r-release-osx-x86_64-mavericks 1.2 NOTE
r-release-osx-x86_64-snowleopard 1.2 WARN
r-release-windows-ix86+x86_64 1.2 9.00 35.00 44.00 NOTE
r-oldrel-windows-ix86+x86_64 1.2 10.00 47.00 57.00 NOTE

Check Details

Version: 1.2
Check: dependencies in R code
Result: NOTE
    Package in Depends field not imported from: ‘IndependenceTests’
     These packages need to be imported from (in the NAMESPACE file)
     for when this namespace is loaded but not attached.
    See the information on DESCRIPTION files in the chapter ‘Creating R
    packages’ of the ‘Writing R Extensions’ manual.
Flavors: r-devel-linux-x86_64-debian-clang, r-devel-linux-x86_64-debian-gcc, r-devel-linux-x86_64-fedora-clang, r-devel-linux-x86_64-fedora-gcc, r-devel-osx-x86_64-clang, r-devel-windows-ix86+x86_64, r-patched-linux-x86_64, r-patched-solaris-sparc, r-patched-solaris-x86, r-release-linux-ix86, r-release-linux-x86_64, r-release-osx-x86_64-mavericks, r-release-windows-ix86+x86_64, r-oldrel-windows-ix86+x86_64

Version: 1.2
Check: R code for possible problems
Result: NOTE
    File ‘LeLogicielR/R/zzz.R’:
     .onLoad calls:
     packageStartupMessage(utils::packageDescription("LeLogicielR", lib.loc = libname), appendLF = TRUE)
    
    See section ‘Good practice’ in '?.onAttach'.
Flavors: r-devel-linux-x86_64-debian-clang, r-devel-linux-x86_64-debian-gcc, r-devel-linux-x86_64-fedora-clang, r-devel-linux-x86_64-fedora-gcc, r-devel-osx-x86_64-clang, r-devel-windows-ix86+x86_64, r-patched-linux-x86_64, r-patched-solaris-sparc, r-patched-solaris-x86, r-release-linux-ix86, r-release-linux-x86_64, r-release-osx-x86_64-mavericks, r-release-osx-x86_64-snowleopard, r-release-windows-ix86+x86_64, r-oldrel-windows-ix86+x86_64

Version: 1.2
Check: dependencies in R code
Result: NOTE
    Package in Depends field not imported from: 'IndependenceTests'
     These packages need to be imported from for the case when
     this namespace is loaded but not attached.
    See the information on DESCRIPTION files in the chapter 'Creating R
    packages' of the 'Writing R Extensions' manual.
Flavor: r-release-osx-x86_64-snowleopard

Version: 1.2
Check: examples
Result: WARNING
    checking a package with encoding 'latin1' in an ASCII locale
    
     OK
Flavor: r-release-osx-x86_64-snowleopard