CRAN Package Check Results for Package LeLogicielR

Last updated on 2015-05-30 21:46:36.

Flavor Version Tinstall Tcheck Ttotal Status Flags
r-devel-linux-x86_64-debian-clang 1.2 1.36 13.40 14.76 NOTE
r-devel-linux-x86_64-debian-gcc 1.2 1.35 13.45 14.80 NOTE
r-devel-linux-x86_64-fedora-clang 1.2 29.09 NOTE
r-devel-linux-x86_64-fedora-gcc 1.2 27.18 NOTE
r-devel-osx-x86_64-clang 1.2 33.20 NOTE
r-devel-windows-ix86+x86_64 1.2 7.00 31.00 38.00 NOTE
r-patched-linux-x86_64 1.2 1.27 13.45 14.72 NOTE
r-patched-solaris-sparc 1.2 158.00 NOTE
r-patched-solaris-x86 1.2 35.90 NOTE
r-release-linux-x86_64 1.2 1.29 13.56 14.85 NOTE
r-release-osx-x86_64-mavericks 1.2 NOTE
r-release-osx-x86_64-snowleopard 1.2 NOTE
r-release-windows-ix86+x86_64 1.2 7.00 30.00 37.00 NOTE
r-oldrel-windows-ix86+x86_64 1.2 10.00 39.00 49.00 NOTE

Check Details

Version: 1.2
Check: dependencies in R code
Result: NOTE
    Package in Depends field not imported from: ‘IndependenceTests’
     These packages need to be imported from (in the NAMESPACE file)
     for when this namespace is loaded but not attached.
Flavors: r-devel-linux-x86_64-debian-clang, r-devel-linux-x86_64-debian-gcc, r-devel-linux-x86_64-fedora-clang, r-devel-linux-x86_64-fedora-gcc, r-devel-osx-x86_64-clang, r-devel-windows-ix86+x86_64, r-patched-linux-x86_64, r-patched-solaris-sparc, r-patched-solaris-x86, r-release-linux-x86_64, r-release-osx-x86_64-mavericks, r-release-osx-x86_64-snowleopard, r-release-windows-ix86+x86_64, r-oldrel-windows-ix86+x86_64

Version: 1.2
Check: R code for possible problems
Result: NOTE
    File ‘LeLogicielR/R/zzz.R’:
     .onLoad calls:
     packageStartupMessage(utils::packageDescription("LeLogicielR", lib.loc = libname), appendLF = TRUE)
    
    See section ‘Good practice’ in '?.onAttach'.
Flavors: r-devel-linux-x86_64-debian-clang, r-devel-linux-x86_64-debian-gcc, r-devel-linux-x86_64-fedora-clang, r-devel-linux-x86_64-fedora-gcc, r-devel-osx-x86_64-clang, r-devel-windows-ix86+x86_64, r-patched-linux-x86_64, r-patched-solaris-sparc, r-patched-solaris-x86, r-release-linux-x86_64, r-release-osx-x86_64-mavericks, r-release-osx-x86_64-snowleopard, r-release-windows-ix86+x86_64, r-oldrel-windows-ix86+x86_64