CRAN Package Check Results for Package LeLogicielR

Last updated on 2015-04-19 19:51:52.

Flavor Version Tinstall Tcheck Ttotal Status Flags
r-devel-linux-x86_64-debian-clang 1.2 1.16 12.67 13.83 NOTE
r-devel-linux-x86_64-debian-gcc 1.2 1.12 12.20 13.32 NOTE
r-devel-linux-x86_64-fedora-clang 1.2 26.39 NOTE
r-devel-linux-x86_64-fedora-gcc 1.2 28.51 NOTE
r-devel-osx-x86_64-clang 1.2 31.55 NOTE
r-devel-windows-ix86+x86_64 1.2 10.00 38.00 48.00 NOTE
r-patched-linux-x86_64 1.2 1.10 12.74 13.84 NOTE
r-patched-solaris-sparc 1.2 158.40 NOTE
r-patched-solaris-x86 1.2 35.50 NOTE
r-release-linux-x86_64 1.2 1.12 12.35 13.46 NOTE
r-release-osx-x86_64-mavericks 1.2 NOTE
r-release-osx-x86_64-snowleopard 1.2 NOTE
r-release-windows-ix86+x86_64 1.2 5.00 32.00 37.00 NOTE
r-oldrel-windows-ix86+x86_64 1.2 10.00 39.00 49.00 NOTE

Check Details

Version: 1.2
Check: dependencies in R code
Result: NOTE
    Package in Depends field not imported from: ‘IndependenceTests’
     These packages need to be imported from (in the NAMESPACE file)
     for when this namespace is loaded but not attached.
Flavors: r-devel-linux-x86_64-debian-clang, r-devel-linux-x86_64-debian-gcc, r-devel-linux-x86_64-fedora-clang, r-devel-linux-x86_64-fedora-gcc, r-devel-osx-x86_64-clang, r-devel-windows-ix86+x86_64, r-patched-linux-x86_64, r-patched-solaris-sparc, r-patched-solaris-x86, r-release-linux-x86_64, r-release-osx-x86_64-mavericks, r-release-osx-x86_64-snowleopard, r-release-windows-ix86+x86_64, r-oldrel-windows-ix86+x86_64

Version: 1.2
Check: R code for possible problems
Result: NOTE
    File ‘LeLogicielR/R/zzz.R’:
     .onLoad calls:
     packageStartupMessage(utils::packageDescription("LeLogicielR", lib.loc = libname), appendLF = TRUE)
    
    See section ‘Good practice’ in '?.onAttach'.
Flavors: r-devel-linux-x86_64-debian-clang, r-devel-linux-x86_64-debian-gcc, r-devel-linux-x86_64-fedora-clang, r-devel-linux-x86_64-fedora-gcc, r-devel-osx-x86_64-clang, r-devel-windows-ix86+x86_64, r-patched-linux-x86_64, r-patched-solaris-sparc, r-patched-solaris-x86, r-release-linux-x86_64, r-release-osx-x86_64-mavericks, r-release-osx-x86_64-snowleopard, r-release-windows-ix86+x86_64, r-oldrel-windows-ix86+x86_64