CRAN Package Check Results for Package LeLogicielR

Last updated on 2015-08-28 19:47:18.

Flavor Version Tinstall Tcheck Ttotal Status Flags
r-devel-linux-x86_64-debian-clang 1.2 1.24 13.64 14.88 NOTE
r-devel-linux-x86_64-debian-gcc 1.2 1.25 13.68 14.93 NOTE
r-devel-linux-x86_64-fedora-clang 1.2 29.18 NOTE
r-devel-linux-x86_64-fedora-gcc 1.2 27.29 NOTE
r-devel-osx-x86_64-clang 1.2 29.37 NOTE
r-devel-windows-ix86+x86_64 1.2 12.00 37.00 49.00 NOTE
r-patched-linux-x86_64 1.2 1.30 14.65 15.94 NOTE
r-patched-solaris-sparc 1.2 170.50 NOTE
r-patched-solaris-x86 1.2 39.50 NOTE
r-release-linux-x86_64 1.2 1.35 14.13 15.48 NOTE
r-release-osx-x86_64-mavericks 1.2 NOTE
r-release-windows-ix86+x86_64 1.2 11.00 51.00 62.00 NOTE
r-oldrel-windows-ix86+x86_64 1.2 12.00 44.00 56.00 NOTE

Check Details

Version: 1.2
Check: dependencies in R code
Result: NOTE
    Package in Depends field not imported from: ‘IndependenceTests’
     These packages need to be imported from (in the NAMESPACE file)
     for when this namespace is loaded but not attached.
Flavors: r-devel-linux-x86_64-debian-clang, r-devel-linux-x86_64-debian-gcc, r-devel-linux-x86_64-fedora-clang, r-devel-linux-x86_64-fedora-gcc, r-devel-osx-x86_64-clang, r-devel-windows-ix86+x86_64, r-patched-linux-x86_64, r-patched-solaris-sparc, r-patched-solaris-x86, r-release-linux-x86_64, r-release-osx-x86_64-mavericks, r-release-windows-ix86+x86_64, r-oldrel-windows-ix86+x86_64

Version: 1.2
Check: R code for possible problems
Result: NOTE
    File ‘LeLogicielR/R/zzz.R’:
     .onLoad calls:
     packageStartupMessage(utils::packageDescription("LeLogicielR", lib.loc = libname), appendLF = TRUE)
    
    See section ‘Good practice’ in '?.onAttach'.
    
    camembert: no visible global function definition for ‘par’
    camembert: no visible global function definition for ‘plot.new’
    camembert: no visible global function definition for ‘plot.window’
    camembert: no visible global function definition for ‘abline’
    camembert: no visible global function definition for ‘pie’
    camembert: no visible global function definition for ‘title’
    camembert: no visible global function definition for ‘box’
    camembert: no visible global function definition for ‘polygon’
    camembert: no visible global function definition for ‘rgb’
    cor0.test: no visible global function definition for ‘cor’
    cor0.test: no visible global function definition for ‘pnorm’
    cor2.test.2.sample: no visible global function definition for ‘cor’
    cor2.test.2.sample: no visible global function definition for ‘pnorm’
    diagcroix: no visible global function definition for ‘plot’
    diagcroix: no visible global function definition for ‘title’
    diagcroix: no visible global function definition for ‘axis’
    flashy.plot: no visible global function definition for ‘par’
    flashy.plot: no visible global function definition for ‘plot.new’
    flashy.plot: no visible global function definition for ‘plot.window’
    flashy.plot: no visible global function definition for ‘text’
    flashy.plot: no visible global function definition for ‘axis’
    flashy.plot: no visible global function definition for ‘polygon’
    flashy.plot: no visible global function definition for ‘rgb’
    flashy.plot: no visible global function definition for ‘segments’
    flashy.plot: no visible global function definition for ‘points’
    flashy.plot: no visible global function definition for ‘abline’
    flashy.plot: no visible global function definition for ‘lsfit’
    flashy.plot: no visible global function definition for ‘title’
    flashy.plot: no visible global function definition for ‘legend’
    fleches: no visible global function definition for ‘par’
    fleches: no visible global function definition for ‘arrows’
    tuyauxorgue: no visible global function definition for ‘par’
    tuyauxorgue: no visible global function definition for ‘plot.new’
    tuyauxorgue: no visible global function definition for ‘plot.window’
    tuyauxorgue: no visible global function definition for ‘polygon’
    tuyauxorgue: no visible global function definition for ‘rgb’
    tuyauxorgue: no visible global function definition for ‘abline’
    tuyauxorgue: no visible global function definition for ‘barplot’
    tuyauxorgue: no visible global function definition for ‘axis’
    tuyauxorgue: no visible global function definition for ‘points’
    tuyauxorgue: no visible global function definition for ‘title’
    tuyauxorgue: no visible global function definition for ‘arrows’
    tuyauxorgue: no visible global function definition for ‘text’
    Undefined global functions or variables:
     abline arrows axis barplot box cor legend lsfit par pie plot plot.new
     plot.window pnorm points polygon rgb segments text title
    Consider adding
     importFrom("grDevices", "rgb")
     importFrom("graphics", "abline", "arrows", "axis", "barplot", "box",
     "legend", "par", "pie", "plot", "plot.new", "plot.window",
     "points", "polygon", "segments", "text", "title")
     importFrom("stats", "cor", "lsfit", "pnorm")
    to your NAMESPACE.
Flavors: r-devel-linux-x86_64-debian-clang, r-devel-linux-x86_64-debian-gcc, r-devel-linux-x86_64-fedora-clang, r-devel-linux-x86_64-fedora-gcc, r-devel-windows-ix86+x86_64

Version: 1.2
Check: R code for possible problems
Result: NOTE
    File ‘LeLogicielR/R/zzz.R’:
     .onLoad calls:
     packageStartupMessage(utils::packageDescription("LeLogicielR", lib.loc = libname), appendLF = TRUE)
    
    See section ‘Good practice’ in '?.onAttach'.
Flavors: r-devel-osx-x86_64-clang, r-patched-linux-x86_64, r-patched-solaris-sparc, r-patched-solaris-x86, r-release-linux-x86_64, r-release-osx-x86_64-mavericks, r-release-windows-ix86+x86_64, r-oldrel-windows-ix86+x86_64