CRAN Package Check Results for Package LeLogicielR

Last updated on 2015-03-04 03:46:50.

Flavor Version Tinstall Tcheck Ttotal Status Flags
r-devel-linux-x86_64-debian-clang 1.2 1.18 13.15 14.33 NOTE
r-devel-linux-x86_64-debian-gcc 1.2 1.12 12.31 13.42 NOTE
r-devel-linux-x86_64-fedora-clang 1.2 26.58 NOTE
r-devel-linux-x86_64-fedora-gcc 1.2 25.75 NOTE
r-devel-osx-x86_64-clang 1.2 30.39 NOTE
r-devel-windows-ix86+x86_64 1.2 6.00 32.00 38.00 NOTE
r-patched-linux-x86_64 1.2 1.31 15.45 16.76 NOTE
r-patched-solaris-sparc 1.2 184.00 NOTE
r-patched-solaris-x86 1.2 44.20 NOTE
r-release-linux-ix86 1.2 1.84 22.34 24.18 NOTE
r-release-linux-x86_64 1.2 1.28 15.20 16.48 NOTE
r-release-osx-x86_64-mavericks 1.2 NOTE
r-release-osx-x86_64-snowleopard 1.2 WARN
r-release-windows-ix86+x86_64 1.2 8.00 37.00 45.00 NOTE
r-oldrel-windows-ix86+x86_64 1.2 9.00 39.00 48.00 NOTE

Check Details

Version: 1.2
Check: dependencies in R code
Result: NOTE
    Package in Depends field not imported from: ‘IndependenceTests’
     These packages need to be imported from (in the NAMESPACE file)
     for when this namespace is loaded but not attached.
Flavors: r-devel-linux-x86_64-debian-clang, r-devel-linux-x86_64-debian-gcc, r-devel-linux-x86_64-fedora-clang, r-devel-linux-x86_64-fedora-gcc, r-devel-osx-x86_64-clang, r-devel-windows-ix86+x86_64, r-patched-linux-x86_64, r-patched-solaris-sparc, r-patched-solaris-x86

Version: 1.2
Check: R code for possible problems
Result: NOTE
    File ‘LeLogicielR/R/zzz.R’:
     .onLoad calls:
     packageStartupMessage(utils::packageDescription("LeLogicielR", lib.loc = libname), appendLF = TRUE)
    
    See section ‘Good practice’ in '?.onAttach'.
Flavors: r-devel-linux-x86_64-debian-clang, r-devel-linux-x86_64-debian-gcc, r-devel-linux-x86_64-fedora-clang, r-devel-linux-x86_64-fedora-gcc, r-devel-osx-x86_64-clang, r-devel-windows-ix86+x86_64, r-patched-linux-x86_64, r-patched-solaris-sparc, r-patched-solaris-x86, r-release-linux-ix86, r-release-linux-x86_64, r-release-osx-x86_64-mavericks, r-release-osx-x86_64-snowleopard, r-release-windows-ix86+x86_64, r-oldrel-windows-ix86+x86_64

Version: 1.2
Check: dependencies in R code
Result: NOTE
    Package in Depends field not imported from: ‘IndependenceTests’
     These packages need to be imported from (in the NAMESPACE file)
     for when this namespace is loaded but not attached.
    See the information on DESCRIPTION files in the chapter ‘Creating R
    packages’ of the ‘Writing R Extensions’ manual.
Flavors: r-release-linux-ix86, r-release-linux-x86_64, r-release-osx-x86_64-mavericks, r-release-windows-ix86+x86_64, r-oldrel-windows-ix86+x86_64

Version: 1.2
Check: dependencies in R code
Result: NOTE
    Package in Depends field not imported from: 'IndependenceTests'
     These packages need to be imported from for the case when
     this namespace is loaded but not attached.
    See the information on DESCRIPTION files in the chapter 'Creating R
    packages' of the 'Writing R Extensions' manual.
Flavor: r-release-osx-x86_64-snowleopard

Version: 1.2
Check: examples
Result: WARN
    checking a package with encoding 'latin1' in an ASCII locale
    
     OK
Flavor: r-release-osx-x86_64-snowleopard