CRAN Package Check Results for Package LearnBayes

Last updated on 2015-03-02 11:47:25.

Flavor Version Tinstall Tcheck Ttotal Status Flags
r-devel-linux-x86_64-debian-clang 2.15 1.44 28.64 30.08 NOTE
r-devel-linux-x86_64-debian-gcc 2.15 1.42 28.32 29.73 NOTE
r-devel-linux-x86_64-fedora-clang 2.15 59.29 NOTE
r-devel-linux-x86_64-fedora-gcc 2.15 52.49 NOTE
r-devel-osx-x86_64-clang 2.15 67.20 NOTE
r-devel-windows-ix86+x86_64 2.15 14.00 48.00 62.00 OK
r-patched-linux-x86_64 2.15 1.52 30.59 32.10 OK
r-patched-solaris-sparc 2.15 360.80 OK
r-patched-solaris-x86 2.15 75.10 OK
r-release-linux-ix86 2.15 2.80 46.03 48.83 OK
r-release-linux-x86_64 2.15 1.56 29.94 31.50 OK
r-release-osx-x86_64-mavericks 2.15 OK
r-release-osx-x86_64-snowleopard 2.15 OK
r-release-windows-ix86+x86_64 2.15 6.00 46.00 52.00 OK
r-oldrel-windows-ix86+x86_64 2.15 6.00 52.00 58.00 OK

Check Details

Version: 2.15
Check: S3 generic/method consistency
Result: NOTE
    Found the following apparent S3 methods exported but not registered:
     plot.bayes plot.bayes2 print.bayes summary.bayes
    See section ‘Registering S3 methods’ in the ‘Writing R Extensions’
    manual.
Flavors: r-devel-linux-x86_64-debian-clang, r-devel-linux-x86_64-debian-gcc, r-devel-linux-x86_64-fedora-clang, r-devel-linux-x86_64-fedora-gcc, r-devel-osx-x86_64-clang