CRAN Package Check Results for Package LearnBayes

Last updated on 2015-04-19 19:51:52.

Flavor Version Tinstall Tcheck Ttotal Status Flags
r-devel-linux-x86_64-debian-clang 2.15 1.47 28.92 30.39 NOTE
r-devel-linux-x86_64-debian-gcc 2.15 1.42 28.28 29.69 NOTE
r-devel-linux-x86_64-fedora-clang 2.15 60.15 NOTE
r-devel-linux-x86_64-fedora-gcc 2.15 63.91 NOTE
r-devel-osx-x86_64-clang 2.15 69.13 NOTE
r-devel-windows-ix86+x86_64 2.15 9.00 48.00 57.00 OK
r-patched-linux-x86_64 2.15 1.43 28.12 29.54 NOTE
r-patched-solaris-sparc 2.15 352.70 OK
r-patched-solaris-x86 2.15 68.60 OK
r-release-linux-x86_64 2.15 1.41 28.57 29.98 NOTE
r-release-osx-x86_64-mavericks 2.15 OK
r-release-osx-x86_64-snowleopard 2.15 OK
r-release-windows-ix86+x86_64 2.15 5.00 51.00 56.00 OK
r-oldrel-windows-ix86+x86_64 2.15 12.00 54.00 66.00 OK

Check Details

Version: 2.15
Check: S3 generic/method consistency
Result: NOTE
    Found the following apparent S3 methods exported but not registered:
     plot.bayes plot.bayes2 print.bayes summary.bayes
    See section ‘Registering S3 methods’ in the ‘Writing R Extensions’
    manual.
Flavors: r-devel-linux-x86_64-debian-clang, r-devel-linux-x86_64-debian-gcc, r-devel-linux-x86_64-fedora-clang, r-devel-linux-x86_64-fedora-gcc, r-devel-osx-x86_64-clang, r-patched-linux-x86_64, r-release-linux-x86_64