CRAN Package Check Results for Package LearnBayes

Last updated on 2015-08-30 23:47:46.

Flavor Version Tinstall Tcheck Ttotal Status Flags
r-devel-linux-x86_64-debian-clang 2.15 1.56 28.18 29.74 NOTE
r-devel-linux-x86_64-debian-gcc 2.15 1.34 27.40 28.74 NOTE
r-devel-linux-x86_64-fedora-clang 2.15 58.01 NOTE
r-devel-linux-x86_64-fedora-gcc 2.15 54.94 NOTE
r-devel-osx-x86_64-clang 2.15 56.53 NOTE
r-devel-windows-ix86+x86_64 2.15 13.00 52.00 65.00 NOTE
r-patched-linux-x86_64 2.15 1.53 28.37 29.90 NOTE
r-patched-solaris-sparc 2.15 339.80 NOTE
r-patched-solaris-x86 2.15 70.80 NOTE
r-release-linux-x86_64 2.15 1.58 28.40 29.98 NOTE
r-release-osx-x86_64-mavericks 2.15 OK
r-release-windows-ix86+x86_64 2.15 10.00 79.00 89.00 OK
r-oldrel-windows-ix86+x86_64 2.15 12.00 54.00 66.00 OK

Check Details

Version: 2.15
Check: S3 generic/method consistency
Result: NOTE
    Found the following apparent S3 methods exported but not registered:
     plot.bayes plot.bayes2 print.bayes summary.bayes
    See section ‘Registering S3 methods’ in the ‘Writing R Extensions’
    manual.
Flavors: r-devel-linux-x86_64-debian-clang, r-devel-linux-x86_64-debian-gcc, r-devel-linux-x86_64-fedora-clang, r-devel-linux-x86_64-fedora-gcc, r-devel-osx-x86_64-clang, r-patched-linux-x86_64, r-patched-solaris-sparc, r-patched-solaris-x86, r-release-linux-x86_64

Version: 2.15
Check: R code for possible problems
Result: NOTE
    bayes.influence: no visible global function definition for ‘quantile’
    bayes.model.selection : regpost.mod: no visible global function
     definition for ‘dnorm’
    bayes.model.selection: no visible global function definition for ‘lm’
    bayes.probit : rtruncated: no visible global function definition for
     ‘runif’
    bayes.probit: no visible global function definition for ‘glm’
    bayes.probit: no visible global function definition for ‘binomial’
    bayes.probit: no visible binding for global variable ‘probit’
    bayes.probit: no visible binding for global variable ‘pnorm’
    bayes.probit: no visible binding for global variable ‘qnorm’
    bayes.probit: no visible global function definition for ‘rnorm’
    bayesresiduals: no visible global function definition for ‘hat’
    bayesresiduals: no visible global function definition for
     ‘model.matrix’
    bayesresiduals: no visible global function definition for ‘pnorm’
    beta.select : betaprior1: no visible global function definition for
     ‘pbeta’
    beta.select: no visible global function definition for ‘pbeta’
    beta.select: no visible global function definition for ‘approx’
    bfindep : rdirichlet: no visible global function definition for
     ‘rgamma’
    bfindep: no visible global function definition for ‘sd’
    binomial.beta.mix: no visible global function definition for ‘dbinom’
    binomial.beta.mix: no visible global function definition for ‘dbeta’
    blinreg: no visible global function definition for ‘lm’
    blinreg: no visible global function definition for ‘vcov’
    blinreg: no visible global function definition for ‘rgamma’
    blinregpred: no visible global function definition for ‘rnorm’
    bprobit.probs: no visible global function definition for ‘pnorm’
    bradley.terry.post: no visible global function definition for ‘dnorm’
    cauchyerrorpost : logf: no visible global function definition for ‘dt’
    gibbs: no visible global function definition for ‘rnorm’
    gibbs: no visible global function definition for ‘runif’
    groupeddatapost : dj: no visible global function definition for ‘pnorm’
    hiergibbs: no visible global function definition for ‘rnorm’
    hiergibbs: no visible global function definition for ‘rgamma’
    indepmetrop: no visible global function definition for ‘rnorm’
    indepmetrop: no visible global function definition for ‘runif’
    laplace: no visible global function definition for ‘optim’
    logpoissgamma: no visible global function definition for ‘dgamma’
    logpoissnormal: no visible global function definition for ‘dgamma’
    logpoissnormal: no visible global function definition for ‘dnorm’
    mnormt.onesided: no visible global function definition for ‘pnorm’
    mycontour: no visible global function definition for ‘contour’
    normal.normal.mix: no visible global function definition for ‘dnorm’
    normal.select: no visible global function definition for ‘qnorm’
    normnormexch : logf: no visible global function definition for ‘dnorm’
    normpostpred : normalsample: no visible global function definition for
     ‘rnorm’
    normpostsim: no visible global function definition for ‘rchisq’
    normpostsim: no visible global function definition for ‘rnorm’
    ordergibbs : rnormt: no visible global function definition for ‘pnorm’
    ordergibbs : rnormt: no visible global function definition for ‘qnorm’
    ordergibbs : rnormt: no visible global function definition for ‘runif’
    pdiscp: no visible global function definition for ‘dbinom’
    plot.bayes: no visible global function definition for ‘barplot’
    plot.bayes2: no visible global function definition for ‘image’
    plot.bayes2: no visible global function definition for ‘gray’
    plot.bayes2: no visible global function definition for ‘barplot’
    poisson.gamma.mix: no visible global function definition for ‘dpois’
    poisson.gamma.mix: no visible global function definition for ‘dgamma’
    predplot: no visible global function definition for ‘plot’
    predplot: no visible global function definition for ‘points’
    predplot: no visible global function definition for ‘text’
    rdirichlet: no visible global function definition for ‘rgamma’
    reg.gprior.post: no visible global function definition for ‘dnorm’
    rejectsampling: no visible global function definition for ‘runif’
    rigamma: no visible global function definition for ‘rgamma’
    rmnorm: no visible global function definition for ‘rnorm’
    rmt: no visible global function definition for ‘rchisq’
    robustt : rigamma: no visible global function definition for ‘rgamma’
    robustt: no visible global function definition for ‘sd’
    robustt: no visible global function definition for ‘rgamma’
    robustt: no visible global function definition for ‘rnorm’
    rtruncated: no visible global function definition for ‘runif’
    rwmetrop: no visible global function definition for ‘rnorm’
    rwmetrop: no visible global function definition for ‘runif’
    simcontour: no visible global function definition for ‘runif’
    triplot: no visible global function definition for ‘dbeta’
    triplot: no visible global function definition for ‘plot’
    triplot: no visible global function definition for ‘lines’
    triplot: no visible global function definition for ‘legend’
    Undefined global functions or variables:
     approx barplot binomial contour dbeta dbinom dgamma dnorm dpois dt
     glm gray hat image legend lines lm model.matrix optim pbeta plot
     pnorm points probit qnorm quantile rchisq rgamma rnorm runif sd text
     vcov
    Consider adding
     importFrom("grDevices", "gray")
     importFrom("graphics", "barplot", "contour", "image", "legend",
     "lines", "plot", "points", "text")
     importFrom("stats", "approx", "binomial", "dbeta", "dbinom", "dgamma",
     "dnorm", "dpois", "dt", "glm", "hat", "lm", "model.matrix",
     "optim", "pbeta", "pnorm", "qnorm", "quantile", "rchisq",
     "rgamma", "rnorm", "runif", "sd", "vcov")
    to your NAMESPACE.
Flavors: r-devel-linux-x86_64-debian-clang, r-devel-linux-x86_64-debian-gcc, r-devel-linux-x86_64-fedora-clang, r-devel-linux-x86_64-fedora-gcc, r-devel-windows-ix86+x86_64