CRAN Package Check Results for Package LearnBayes

Last updated on 2015-01-31 08:49:45.

Flavor Version Tinstall Tcheck Ttotal Status Flags
r-devel-linux-x86_64-debian-clang 2.15 1.45 28.88 30.34 NOTE
r-devel-linux-x86_64-debian-gcc 2.15 1.41 27.93 29.34 NOTE
r-devel-linux-x86_64-fedora-clang 2.15 61.04 NOTE
r-devel-linux-x86_64-fedora-gcc 2.15 59.24 NOTE
r-devel-osx-x86_64-clang 2.15 66.60 NOTE
r-devel-windows-ix86+x86_64 2.15 10.00 47.00 57.00 OK
r-patched-linux-x86_64 2.15 1.56 30.62 32.18 OK
r-patched-solaris-sparc 2.15 360.80 OK
r-patched-solaris-x86 2.15 75.40 OK
r-release-linux-ix86 2.15 1.97 39.50 41.47 OK
r-release-linux-x86_64 2.15 1.51 30.14 31.65 OK
r-release-osx-x86_64-mavericks 2.15 OK
r-release-osx-x86_64-snowleopard 2.15 OK
r-release-windows-ix86+x86_64 2.15 6.00 46.00 52.00 OK
r-oldrel-windows-ix86+x86_64 2.15 6.00 52.00 58.00 OK

Check Details

Version: 2.15
Check: S3 generic/method consistency
Result: NOTE
    Found the following apparent S3 methods exported but not registered:
     print.bayes summary.bayes plot.bayes plot.bayes2
    See section ‘Registering S3 methods’ in the ‘Writing R Extensions’
    manual.
Flavors: r-devel-linux-x86_64-debian-clang, r-devel-linux-x86_64-debian-gcc, r-devel-linux-x86_64-fedora-clang, r-devel-linux-x86_64-fedora-gcc, r-devel-osx-x86_64-clang