CRAN Package Check Results for Package LearnBayes

Last updated on 2015-05-28 11:48:26.

Flavor Version Tinstall Tcheck Ttotal Status Flags
r-devel-linux-x86_64-debian-clang 2.15 1.59 28.63 30.22 NOTE
r-devel-linux-x86_64-debian-gcc 2.15 1.40 28.22 29.62 NOTE
r-devel-linux-x86_64-fedora-clang 2.15 60.85 NOTE
r-devel-linux-x86_64-fedora-gcc 2.15 57.22 NOTE
r-devel-osx-x86_64-clang 2.15 64.77 NOTE
r-devel-windows-ix86+x86_64 2.15 13.00 49.00 62.00 OK
r-patched-linux-x86_64 2.15 1.40 28.55 29.96 NOTE
r-patched-solaris-sparc 2.15 345.70 NOTE
r-patched-solaris-x86 2.15 69.60 NOTE
r-release-linux-x86_64 2.15 1.43 28.38 29.81 NOTE
r-release-osx-x86_64-mavericks 2.15 OK
r-release-osx-x86_64-snowleopard 2.15 OK
r-release-windows-ix86+x86_64 2.15 5.00 51.00 56.00 OK
r-oldrel-windows-ix86+x86_64 2.15 12.00 54.00 66.00 OK

Check Details

Version: 2.15
Check: S3 generic/method consistency
Result: NOTE
    Found the following apparent S3 methods exported but not registered:
     plot.bayes plot.bayes2 print.bayes summary.bayes
    See section ‘Registering S3 methods’ in the ‘Writing R Extensions’
    manual.
Flavors: r-devel-linux-x86_64-debian-clang, r-devel-linux-x86_64-debian-gcc, r-devel-linux-x86_64-fedora-clang, r-devel-linux-x86_64-fedora-gcc, r-devel-osx-x86_64-clang, r-patched-linux-x86_64, r-patched-solaris-sparc, r-patched-solaris-x86, r-release-linux-x86_64