CRAN Package Check Results for Package LearningRlab

Last updated on 2019-06-15 22:58:45 CEST.

Flavor Version Tinstall Tcheck Ttotal Status Flags
r-devel-linux-x86_64-debian-clang 1.3 4.19 32.16 36.35 OK
r-devel-linux-x86_64-debian-gcc 1.3 3.19 26.06 29.25 OK
r-devel-linux-x86_64-fedora-clang 1.3 45.73 NOTE
r-devel-linux-x86_64-fedora-gcc 1.3 44.29 NOTE
r-devel-windows-ix86+x86_64 1.3 13.00 94.00 107.00 OK
r-patched-linux-x86_64 1.3 3.81 32.31 36.12 OK
r-patched-solaris-x86 1.3 70.80 OK
r-release-linux-x86_64 1.3 3.76 32.27 36.03 OK
r-release-windows-ix86+x86_64 1.3 10.00 61.00 71.00 OK
r-release-osx-x86_64 1.3 OK
r-oldrel-windows-ix86+x86_64 1.3 7.00 83.00 90.00 OK
r-oldrel-osx-x86_64 1.3 OK

Check Details

Version: 1.3
Check: compiled code
Result: NOTE
    File ‘LearningRlab/libs/LearningRlab.so’:
     Found no calls to: ‘R_registerRoutines’, ‘R_useDynamicSymbols’
    
    It is good practice to register native routines and to disable symbol
    search.
    
    See ‘Writing portable packages’ in the ‘Writing R Extensions’ manual.
Flavors: r-devel-linux-x86_64-fedora-clang, r-devel-linux-x86_64-fedora-gcc