CRAN Package Check Results for Package LearningRlab

Last updated on 2019-08-19 11:49:06 CEST.

Flavor Version Tinstall Tcheck Ttotal Status Flags
r-devel-linux-x86_64-debian-clang 1.3 3.98 32.28 36.26 OK
r-devel-linux-x86_64-debian-gcc 1.3 3.61 25.98 29.59 OK
r-devel-linux-x86_64-fedora-clang 1.3 48.37 NOTE
r-devel-linux-x86_64-fedora-gcc 1.3 44.32 NOTE
r-devel-windows-ix86+x86_64 1.3 18.00 79.00 97.00 OK
r-patched-linux-x86_64 1.3 4.37 32.22 36.59 OK
r-patched-solaris-x86 1.3 77.80 OK
r-release-linux-x86_64 1.3 4.08 32.10 36.18 OK
r-release-windows-ix86+x86_64 1.3 10.00 61.00 71.00 OK
r-release-osx-x86_64 1.3 OK
r-oldrel-windows-ix86+x86_64 1.3 12.00 77.00 89.00 OK
r-oldrel-osx-x86_64 1.3 OK

Check Details

Version: 1.3
Check: compiled code
Result: NOTE
    File ‘LearningRlab/libs/LearningRlab.so’:
     Found no calls to: ‘R_registerRoutines’, ‘R_useDynamicSymbols’
    
    It is good practice to register native routines and to disable symbol
    search.
    
    See ‘Writing portable packages’ in the ‘Writing R Extensions’ manual.
Flavors: r-devel-linux-x86_64-fedora-clang, r-devel-linux-x86_64-fedora-gcc