CRAN Package Check Results for Package LearningRlab

Last updated on 2020-07-16 19:47:25 CEST.

Flavor Version Tinstall Tcheck Ttotal Status Flags
r-devel-linux-x86_64-debian-clang 1.3 5.23 34.66 39.89 OK
r-devel-linux-x86_64-debian-gcc 1.3 3.72 26.59 30.31 OK
r-devel-linux-x86_64-fedora-clang 1.3 57.84 NOTE
r-devel-linux-x86_64-fedora-gcc 1.3 49.04 NOTE
r-devel-windows-ix86+x86_64 1.3 17.00 87.00 104.00 OK
r-patched-linux-x86_64 1.3 4.84 34.17 39.01 OK
r-patched-solaris-x86 1.3 71.80 OK
r-release-linux-x86_64 1.3 5.02 33.83 38.85 OK
r-release-windows-ix86+x86_64 1.3 19.00 89.00 108.00 OK
r-oldrel-macos-x86_64 1.3 OK
r-oldrel-windows-ix86+x86_64 1.3 28.00 83.00 111.00 OK

Check Details

Version: 1.3
Check: compiled code
Result: NOTE
    File ‘LearningRlab/libs/LearningRlab.so’:
     Found no calls to: ‘R_registerRoutines’, ‘R_useDynamicSymbols’
    
    It is good practice to register native routines and to disable symbol
    search.
    
    See ‘Writing portable packages’ in the ‘Writing R Extensions’ manual.
Flavors: r-devel-linux-x86_64-fedora-clang, r-devel-linux-x86_64-fedora-gcc